{"id":425391,"date":"2024-12-23T03:11:13","date_gmt":"2024-12-23T02:11:13","guid":{"rendered":"https:\/\/dev.klimapaktfirbetriber.lu\/?post_type=cas-pratiques&#038;p=425391"},"modified":"2025-01-07T16:37:48","modified_gmt":"2025-01-07T15:37:48","slug":"employees-sustainability","status":"publish","type":"cas-pratiques","link":"https:\/\/dev.klimapaktfirbetriber.lu\/en\/case-studies\/employees-sustainability\/","title":{"rendered":"Reckinger peinture &amp; d\u00e9cors \u2013 Involving employees for greater sustainability in the company \u2013 The \u00ab \u00cbmwelt-Komit\u00e9 \u00bb"},"content":{"rendered":"\n<p>Reckinger peinture &amp; d\u00e9cors is a family-owned company founded in 1946 and currently managed by the third generation. Specialising in finishing work and decoration, the company employs 50 people today. Known for its expertise and craftsmanship, the company has earned a strong reputation in its field. At the same time, it is aware of its environmental impact and is committed to reducing it by integrating sustainable practices into its daily operations. The company\u2019s sustainability commitment is supported by management and embraced at all levels of the organisation.<\/p>\n\n\n\n<figure class=\"wp-block-embed is-type-video is-provider-youtube wp-block-embed-youtube wp-embed-aspect-16-9 wp-has-aspect-ratio\"><div class=\"wp-block-embed__wrapper\">\n<iframe title=\"Gestion durable en entreprise : Reckinger peinture &amp; d\u00e9cors\" width=\"640\" height=\"360\" src=\"https:\/\/www.youtube.com\/embed\/uOuacqrq5yc?feature=oembed\" frameborder=\"0\" allow=\"accelerometer; autoplay; clipboard-write; encrypted-media; gyroscope; picture-in-picture; web-share\" referrerpolicy=\"strict-origin-when-cross-origin\" allowfullscreen><\/iframe>\n<\/div><\/figure>\n\n\n\n<div style=\"height:100px\" aria-hidden=\"true\" class=\"wp-block-spacer\"><\/div>\n\n\n\n<div class=\"wp-block-group etape\"><div class=\"wp-block-group__inner-container is-layout-flow wp-block-group-is-layout-flow\">\n<h2 class=\"wp-block-heading special\" id=\"idee\">Idea<\/h2>\n\n\n\n<h3 class=\"wp-block-heading special\" id=\"idee\">Advancing sustainability together with employees<\/h3>\n\n\n\n<p>For Reckinger peinture &amp; d\u00e9cors, transitioning to sustainability is a collective challenge that requires the active involvement of all members of the organisation, especially the employees. Their engagement is crucial to transforming ecological intentions into concrete and sustainable actions. The goal is to adopt an inclusive and collaborative approach where every team member plays an important role. <\/p>\n\n\n\n<figure class=\"wp-block-gallery has-nested-images columns-default is-cropped wp-block-gallery-1 is-layout-flex wp-block-gallery-is-layout-flex\">\n<figure class=\"wp-block-image size-large\"><img decoding=\"async\" width=\"576\" height=\"1024\" data-id=\"493580\" src=\"https:\/\/dev.klimapaktfirbetriber.lu\/wp-content\/uploads\/2024\/12\/IMG_0544-min-576x1024.jpeg\" alt=\"Image montrant un employ\u00e9 en train de nettoyer son mat\u00e9riel apr\u00e8s un retour de chantier\" class=\"wp-image-493580\" srcset=\"https:\/\/dev.klimapaktfirbetriber.lu\/wp-content\/uploads\/2024\/12\/IMG_0544-min-576x1024.jpeg 576w, https:\/\/dev.klimapaktfirbetriber.lu\/wp-content\/uploads\/2024\/12\/IMG_0544-min-169x300.jpeg 169w, https:\/\/dev.klimapaktfirbetriber.lu\/wp-content\/uploads\/2024\/12\/IMG_0544-min-768x1365.jpeg 768w, https:\/\/dev.klimapaktfirbetriber.lu\/wp-content\/uploads\/2024\/12\/IMG_0544-min-864x1536.jpeg 864w, https:\/\/dev.klimapaktfirbetriber.lu\/wp-content\/uploads\/2024\/12\/IMG_0544-min-1152x2048.jpeg 1152w, https:\/\/dev.klimapaktfirbetriber.lu\/wp-content\/uploads\/2024\/12\/IMG_0544-min-scaled.jpeg 1440w\" sizes=\"(max-width: 576px) 100vw, 576px\" \/><\/figure>\n\n\n\n<figure class=\"wp-block-image size-large\"><img decoding=\"async\" width=\"576\" height=\"1024\" data-id=\"493576\" src=\"https:\/\/dev.klimapaktfirbetriber.lu\/wp-content\/uploads\/2024\/12\/IMG_0548-min-576x1024.jpeg\" alt=\"Image montrant le dispositif de s\u00e9paration des eaux et des polluants\" class=\"wp-image-493576\" srcset=\"https:\/\/dev.klimapaktfirbetriber.lu\/wp-content\/uploads\/2024\/12\/IMG_0548-min-576x1024.jpeg 576w, https:\/\/dev.klimapaktfirbetriber.lu\/wp-content\/uploads\/2024\/12\/IMG_0548-min-169x300.jpeg 169w, https:\/\/dev.klimapaktfirbetriber.lu\/wp-content\/uploads\/2024\/12\/IMG_0548-min-768x1365.jpeg 768w, https:\/\/dev.klimapaktfirbetriber.lu\/wp-content\/uploads\/2024\/12\/IMG_0548-min-864x1536.jpeg 864w, https:\/\/dev.klimapaktfirbetriber.lu\/wp-content\/uploads\/2024\/12\/IMG_0548-min-1152x2048.jpeg 1152w, https:\/\/dev.klimapaktfirbetriber.lu\/wp-content\/uploads\/2024\/12\/IMG_0548-min-scaled.jpeg 1440w\" sizes=\"(max-width: 576px) 100vw, 576px\" \/><\/figure>\n<\/figure>\n\n\n\n<p>The success of this transition relies on listening, training, and creating actions with employees.<\/p>\n<\/div><\/div>\n\n\n\n<div class=\"wp-block-group etape\"><div class=\"wp-block-group__inner-container is-layout-flow wp-block-group-is-layout-flow\">\n<h2 class=\"wp-block-heading special\" id=\"conception\">Design<\/h2>\n\n\n\n<h3 class=\"wp-block-heading special\" id=\"conception\"><strong>Finding the right framework for the environmental strategy<\/strong><\/h3>\n\n\n\n<p>As part of its environmental strategy, Reckinger peinture &amp; d\u00e9cors participated in the ministry of the Economy\u2019s \u201cFit 4 Sustainability\u201d programme. This programme allows companies to assess their ecological impact and develop an action plan to reduce it.<\/p>\n\n\n\n<p>One of the first actions was to establish an internal environmental committee. This committee (\u00ab \u00cbmwelt-Komit\u00e9 \u00bb), composed of members of management and volunteer employees, is tasked with defining environmental priorities, implementing concrete actions and monitoring progress.<\/p>\n\n\n\n<figure class=\"wp-block-image size-large\"><img decoding=\"async\" width=\"1024\" height=\"571\" src=\"https:\/\/dev.klimapaktfirbetriber.lu\/wp-content\/uploads\/2024\/12\/Screenshot-2025-01-06-at-12.32.51-1024x571.jpg\" alt=\"Image montrant le comit\u00e9 en charge des actions environnementales dans l\u2019entreprise en train de suivre les consommations \u00e9nerg\u00e9tiques de l\u2019entreprise\" class=\"wp-image-493616\" srcset=\"https:\/\/dev.klimapaktfirbetriber.lu\/wp-content\/uploads\/2024\/12\/Screenshot-2025-01-06-at-12.32.51-1024x571.jpg 1024w, https:\/\/dev.klimapaktfirbetriber.lu\/wp-content\/uploads\/2024\/12\/Screenshot-2025-01-06-at-12.32.51-300x167.jpg 300w, https:\/\/dev.klimapaktfirbetriber.lu\/wp-content\/uploads\/2024\/12\/Screenshot-2025-01-06-at-12.32.51-768x428.jpg 768w, https:\/\/dev.klimapaktfirbetriber.lu\/wp-content\/uploads\/2024\/12\/Screenshot-2025-01-06-at-12.32.51-1536x857.jpg 1536w, https:\/\/dev.klimapaktfirbetriber.lu\/wp-content\/uploads\/2024\/12\/Screenshot-2025-01-06-at-12.32.51-2048x1142.jpg 2048w\" sizes=\"(max-width: 1024px) 100vw, 1024px\" \/><\/figure>\n<\/div><\/div>\n\n\n\n<div class=\"wp-block-group etape\"><div class=\"wp-block-group__inner-container is-layout-flow wp-block-group-is-layout-flow\">\n<h2 class=\"wp-block-heading special\" id=\"mise-oeuvre\">Implementation<\/h2>\n\n\n\n<h3 class=\"wp-block-heading special\" id=\"mise-oeuvre\"><strong>Actions of the environmental committee &#8211; \u00ab \u00cbmwelt-Komit\u00e9 \u00bb<\/strong><\/h3>\n\n\n\n<ul class=\"wp-block-list\">\n<li>Committee formation: the company set up a mixed team bringing together different hierarchical levels, favouring a participative approach..<\/li>\n\n\n\n<li>Planning: regular meetings are held during which the committee discusses the implementation of measures to improve sustainability within the company.<\/li>\n\n\n\n<li>Responsibility allocation: committee members were assigned different areas to oversee, such as monitoring energy or resource consumption and waste management.<\/li>\n\n\n\n<li>Implementation of concrete measures, such as:\n<ul class=\"wp-block-list\">\n<li>improving waste management and sorting, both internally and on worksites.<\/li>\n\n\n\n<li>using reusable bottles to reduce plastic waste<\/li>\n<\/ul>\n<\/li>\n<\/ul>\n\n\n\n<figure class=\"wp-block-image size-large\"><img decoding=\"async\" width=\"1024\" height=\"576\" src=\"https:\/\/dev.klimapaktfirbetriber.lu\/wp-content\/uploads\/2024\/12\/IMG_0551-min-1024x576.jpeg\" alt=\"Image montrant les bennes pour le tri s\u00e9lectif dans l\u2019entreprise\" class=\"wp-image-493630\" srcset=\"https:\/\/dev.klimapaktfirbetriber.lu\/wp-content\/uploads\/2024\/12\/IMG_0551-min-1024x576.jpeg 1024w, https:\/\/dev.klimapaktfirbetriber.lu\/wp-content\/uploads\/2024\/12\/IMG_0551-min-300x169.jpeg 300w, https:\/\/dev.klimapaktfirbetriber.lu\/wp-content\/uploads\/2024\/12\/IMG_0551-min-768x432.jpeg 768w, https:\/\/dev.klimapaktfirbetriber.lu\/wp-content\/uploads\/2024\/12\/IMG_0551-min-1536x864.jpeg 1536w, https:\/\/dev.klimapaktfirbetriber.lu\/wp-content\/uploads\/2024\/12\/IMG_0551-min-2048x1152.jpeg 2048w\" sizes=\"(max-width: 1024px) 100vw, 1024px\" \/><\/figure>\n<\/div><\/div>\n\n\n\n<div class=\"wp-block-group etape\"><div class=\"wp-block-group__inner-container is-layout-flow wp-block-group-is-layout-flow\">\n<h2 class=\"wp-block-heading special\" id=\"resultat\">Result<\/h2>\n\n\n\n<h3 class=\"wp-block-heading special\" id=\"resultat\"><strong>Success of the environmental committee<\/strong><\/h3>\n\n\n\n<p>Following an initial implementation phase, the environmental committee is now a well-established team integrated into the company\u2019s daily operations. The first measures have been successfully implemented.<\/p>\n<\/div><\/div>\n\n\n\n<p><\/p>\n","protected":false},"featured_media":493672,"template":"","thematique":[100],"class_list":["post-425391","cas-pratiques","type-cas-pratiques","status-publish","has-post-thumbnail","hentry","thematique-communication-and-cooperation"],"acf":[],"_links":{"self":[{"href":"https:\/\/dev.klimapaktfirbetriber.lu\/en\/wp-json\/wp\/v2\/cas-pratiques\/425391","targetHints":{"allow":["GET"]}}],"collection":[{"href":"https:\/\/dev.klimapaktfirbetriber.lu\/en\/wp-json\/wp\/v2\/cas-pratiques"}],"about":[{"href":"https:\/\/dev.klimapaktfirbetriber.lu\/en\/wp-json\/wp\/v2\/types\/cas-pratiques"}],"version-history":[{"count":3,"href":"https:\/\/dev.klimapaktfirbetriber.lu\/en\/wp-json\/wp\/v2\/cas-pratiques\/425391\/revisions"}],"predecessor-version":[{"id":493952,"href":"https:\/\/dev.klimapaktfirbetriber.lu\/en\/wp-json\/wp\/v2\/cas-pratiques\/425391\/revisions\/493952"}],"wp:featuredmedia":[{"embeddable":true,"href":"https:\/\/dev.klimapaktfirbetriber.lu\/en\/wp-json\/wp\/v2\/media\/493672"}],"wp:attachment":[{"href":"https:\/\/dev.klimapaktfirbetriber.lu\/en\/wp-json\/wp\/v2\/media?parent=425391"}],"wp:term":[{"taxonomy":"thematique","embeddable":true,"href":"https:\/\/dev.klimapaktfirbetriber.lu\/en\/wp-json\/wp\/v2\/thematique?post=425391"}],"curies":[{"name":"wp","href":"https:\/\/api.w.org\/{rel}","templated":true}]}}

Reckinger peinture &amp; décors – Involving employees for greater sustainability in the company – The « Ëmwelt-Komité »

<p>Reckinger peinture &amp; décors is a family-owned company founded in 1946 and currently managed by the third generation. Specialising in finishing work and decoration, the company employs 50 people today. Known for its expertise and craftsmanship, the company has earned a strong reputation in its field. At the same time, it is aware of its environmental impact and is committed to reducing it by integrating sustainable practices into its daily operations. The company’s sustainability commitment is supported by management and embraced at all levels of the organisation.</p>



<figure class="wp-block-embed is-type-video is-provider-youtube wp-block-embed-youtube wp-embed-aspect-16-9 wp-has-aspect-ratio"><div class="wp-block-embed__wrapper">
<iframe title="Gestion durable en entreprise : Reckinger peinture &amp; décors" width="640" height="360" src="https://www.youtube.com/embed/uOuacqrq5yc?feature=oembed" frameborder="0" allow="accelerometer; autoplay; clipboard-write; encrypted-media; gyroscope; picture-in-picture; web-share" referrerpolicy="strict-origin-when-cross-origin" allowfullscreen></iframe>
</div></figure>



<div style="height:100px" aria-hidden="true" class="wp-block-spacer"></div>



<div class="wp-block-group etape"><div class="wp-block-group__inner-container is-layout-flow wp-block-group-is-layout-flow">
<h2 class="wp-block-heading special" id="idee">Idea</h2>



<h3 class="wp-block-heading special" id="idee">Advancing sustainability together with employees</h3>



<p>For Reckinger peinture &amp; décors, transitioning to sustainability is a collective challenge that requires the active involvement of all members of the organisation, especially the employees. Their engagement is crucial to transforming ecological intentions into concrete and sustainable actions. The goal is to adopt an inclusive and collaborative approach where every team member plays an important role. </p>



<figure class="wp-block-gallery has-nested-images columns-default is-cropped wp-block-gallery-1 is-layout-flex wp-block-gallery-is-layout-flex">
<figure class="wp-block-image size-large"><img decoding="async" width="576" height="1024" data-id="493580" src="https://dev.klimapaktfirbetriber.lu/wp-content/uploads/2024/12/IMG_0544-min-576x1024.jpeg" alt="Image montrant un employé en train de nettoyer son matériel après un retour de chantier" class="wp-image-493580" srcset="https://dev.klimapaktfirbetriber.lu/wp-content/uploads/2024/12/IMG_0544-min-576x1024.jpeg 576w, https://dev.klimapaktfirbetriber.lu/wp-content/uploads/2024/12/IMG_0544-min-169x300.jpeg 169w, https://dev.klimapaktfirbetriber.lu/wp-content/uploads/2024/12/IMG_0544-min-768x1365.jpeg 768w, https://dev.klimapaktfirbetriber.lu/wp-content/uploads/2024/12/IMG_0544-min-864x1536.jpeg 864w, https://dev.klimapaktfirbetriber.lu/wp-content/uploads/2024/12/IMG_0544-min-1152x2048.jpeg 1152w, https://dev.klimapaktfirbetriber.lu/wp-content/uploads/2024/12/IMG_0544-min-scaled.jpeg 1440w" sizes="(max-width: 576px) 100vw, 576px" /></figure>



<figure class="wp-block-image size-large"><img decoding="async" width="576" height="1024" data-id="493576" src="https://dev.klimapaktfirbetriber.lu/wp-content/uploads/2024/12/IMG_0548-min-576x1024.jpeg" alt="Image montrant le dispositif de séparation des eaux et des polluants" class="wp-image-493576" srcset="https://dev.klimapaktfirbetriber.lu/wp-content/uploads/2024/12/IMG_0548-min-576x1024.jpeg 576w, https://dev.klimapaktfirbetriber.lu/wp-content/uploads/2024/12/IMG_0548-min-169x300.jpeg 169w, https://dev.klimapaktfirbetriber.lu/wp-content/uploads/2024/12/IMG_0548-min-768x1365.jpeg 768w, https://dev.klimapaktfirbetriber.lu/wp-content/uploads/2024/12/IMG_0548-min-864x1536.jpeg 864w, https://dev.klimapaktfirbetriber.lu/wp-content/uploads/2024/12/IMG_0548-min-1152x2048.jpeg 1152w, https://dev.klimapaktfirbetriber.lu/wp-content/uploads/2024/12/IMG_0548-min-scaled.jpeg 1440w" sizes="(max-width: 576px) 100vw, 576px" /></figure>
</figure>



<p>The success of this transition relies on listening, training, and creating actions with employees.</p>
</div></div>



<div class="wp-block-group etape"><div class="wp-block-group__inner-container is-layout-flow wp-block-group-is-layout-flow">
<h2 class="wp-block-heading special" id="conception">Design</h2>



<h3 class="wp-block-heading special" id="conception"><strong>Finding the right framework for the environmental strategy</strong></h3>



<p>As part of its environmental strategy, Reckinger peinture &amp; décors participated in the ministry of the Economy’s “Fit 4 Sustainability” programme. This programme allows companies to assess their ecological impact and develop an action plan to reduce it.</p>



<p>One of the first actions was to establish an internal environmental committee. This committee (« Ëmwelt-Komité »), composed of members of management and volunteer employees, is tasked with defining environmental priorities, implementing concrete actions and monitoring progress.</p>



<figure class="wp-block-image size-large"><img decoding="async" width="1024" height="571" src="https://dev.klimapaktfirbetriber.lu/wp-content/uploads/2024/12/Screenshot-2025-01-06-at-12.32.51-1024x571.jpg" alt="Image montrant le comité en charge des actions environnementales dans l’entreprise en train de suivre les consommations énergétiques de l’entreprise" class="wp-image-493616" srcset="https://dev.klimapaktfirbetriber.lu/wp-content/uploads/2024/12/Screenshot-2025-01-06-at-12.32.51-1024x571.jpg 1024w, https://dev.klimapaktfirbetriber.lu/wp-content/uploads/2024/12/Screenshot-2025-01-06-at-12.32.51-300x167.jpg 300w, https://dev.klimapaktfirbetriber.lu/wp-content/uploads/2024/12/Screenshot-2025-01-06-at-12.32.51-768x428.jpg 768w, https://dev.klimapaktfirbetriber.lu/wp-content/uploads/2024/12/Screenshot-2025-01-06-at-12.32.51-1536x857.jpg 1536w, https://dev.klimapaktfirbetriber.lu/wp-content/uploads/2024/12/Screenshot-2025-01-06-at-12.32.51-2048x1142.jpg 2048w" sizes="(max-width: 1024px) 100vw, 1024px" /></figure>
</div></div>



<div class="wp-block-group etape"><div class="wp-block-group__inner-container is-layout-flow wp-block-group-is-layout-flow">
<h2 class="wp-block-heading special" id="mise-oeuvre">Implementation</h2>



<h3 class="wp-block-heading special" id="mise-oeuvre"><strong>Actions of the environmental committee &#8211; « Ëmwelt-Komité »</strong></h3>



<ul class="wp-block-list">
<li>Committee formation: the company set up a mixed team bringing together different hierarchical levels, favouring a participative approach..</li>



<li>Planning: regular meetings are held during which the committee discusses the implementation of measures to improve sustainability within the company.</li>



<li>Responsibility allocation: committee members were assigned different areas to oversee, such as monitoring energy or resource consumption and waste management.</li>



<li>Implementation of concrete measures, such as:
<ul class="wp-block-list">
<li>improving waste management and sorting, both internally and on worksites.</li>



<li>using reusable bottles to reduce plastic waste</li>
</ul>
</li>
</ul>



<figure class="wp-block-image size-large"><img decoding="async" width="1024" height="576" src="https://dev.klimapaktfirbetriber.lu/wp-content/uploads/2024/12/IMG_0551-min-1024x576.jpeg" alt="Image montrant les bennes pour le tri sélectif dans l’entreprise" class="wp-image-493630" srcset="https://dev.klimapaktfirbetriber.lu/wp-content/uploads/2024/12/IMG_0551-min-1024x576.jpeg 1024w, https://dev.klimapaktfirbetriber.lu/wp-content/uploads/2024/12/IMG_0551-min-300x169.jpeg 300w, https://dev.klimapaktfirbetriber.lu/wp-content/uploads/2024/12/IMG_0551-min-768x432.jpeg 768w, https://dev.klimapaktfirbetriber.lu/wp-content/uploads/2024/12/IMG_0551-min-1536x864.jpeg 1536w, https://dev.klimapaktfirbetriber.lu/wp-content/uploads/2024/12/IMG_0551-min-2048x1152.jpeg 2048w" sizes="(max-width: 1024px) 100vw, 1024px" /></figure>
</div></div>



<div class="wp-block-group etape"><div class="wp-block-group__inner-container is-layout-flow wp-block-group-is-layout-flow">
<h2 class="wp-block-heading special" id="resultat">Result</h2>



<h3 class="wp-block-heading special" id="resultat"><strong>Success of the environmental committee</strong></h3>



<p>Following an initial implementation phase, the environmental committee is now a well-established team integrated into the company’s daily operations. The first measures have been successfully implemented.</p>
</div></div>



<p></p>
