{"id":4344,"date":"2024-09-12T14:29:39","date_gmt":"2024-09-12T12:29:39","guid":{"rendered":"https:\/\/dev.klimapaktfirbetriber.lu\/my-selection\/"},"modified":"2024-09-17T14:28:16","modified_gmt":"2024-09-17T12:28:16","slug":"meine-auswahl","status":"publish","type":"page","link":"https:\/\/dev.klimapaktfirbetriber.lu\/de\/meine-auswahl\/","title":{"rendered":"Meine Ma\u00dfnahmen"},"content":{"rendered":"\n<p>Hier finden Sie die von Ihnen ausgew\u00e4hlten Ma\u00dfnahmen zur Unterst\u00fctzung Ihrer Dekarbonisierung und Energiewende. Wenn Sie Ihre Auswahl anpassen und den gesamten Katalog einsehen m\u00f6chten, klicken Sie auf &#8222;Alle Ma\u00dfnahmen anzeigen&#8220;.<\/p>\n","protected":false},"excerpt":{"rendered":"<p>Hier finden Sie die von Ihnen ausgew\u00e4hlten Ma\u00dfnahmen zur Unterst\u00fctzung Ihrer Dekarbonisierung und Energiewende. Wenn Sie Ihre Auswahl anpassen und den gesamten Katalog einsehen m\u00f6chten, klicken Sie auf &#8222;Alle Ma\u00dfnahmen anzeigen&#8220;.<\/p>\n","protected":false},"author":1,"featured_media":0,"parent":0,"menu_order":0,"comment_status":"closed","ping_status":"closed","template":"template-maselection.php","meta":{"_acf_changed":false,"footnotes":""},"class_list":["post-4344","page","type-page","status-publish","hentry"],"acf":[],"_links":{"self":[{"href":"https:\/\/dev.klimapaktfirbetriber.lu\/de\/wp-json\/wp\/v2\/pages\/4344","targetHints":{"allow":["GET"]}}],"collection":[{"href":"https:\/\/dev.klimapaktfirbetriber.lu\/de\/wp-json\/wp\/v2\/pages"}],"about":[{"href":"https:\/\/dev.klimapaktfirbetriber.lu\/de\/wp-json\/wp\/v2\/types\/page"}],"author":[{"embeddable":true,"href":"https:\/\/dev.klimapaktfirbetriber.lu\/de\/wp-json\/wp\/v2\/users\/1"}],"replies":[{"embeddable":true,"href":"https:\/\/dev.klimapaktfirbetriber.lu\/de\/wp-json\/wp\/v2\/comments?post=4344"}],"version-history":[{"count":2,"href":"https:\/\/dev.klimapaktfirbetriber.lu\/de\/wp-json\/wp\/v2\/pages\/4344\/revisions"}],"predecessor-version":[{"id":4417,"href":"https:\/\/dev.klimapaktfirbetriber.lu\/de\/wp-json\/wp\/v2\/pages\/4344\/revisions\/4417"}],"wp:attachment":[{"href":"https:\/\/dev.klimapaktfirbetriber.lu\/de\/wp-json\/wp\/v2\/media?parent=4344"}],"curies":[{"name":"wp","href":"https:\/\/api.w.org\/{rel}","templated":true}]}}

Meine Maßnahmen

<p>Hier finden Sie die von Ihnen ausgewählten Maßnahmen zur Unterstützung Ihrer Dekarbonisierung und Energiewende. Wenn Sie Ihre Auswahl anpassen und den gesamten Katalog einsehen möchten, klicken Sie auf &#8222;Alle Maßnahmen anzeigen&#8220;.</p>
