{"id":1411,"date":"2023-03-10T12:00:26","date_gmt":"2023-03-10T11:00:26","guid":{"rendered":"https:\/\/dev.klimapaktfirbetriber.lu\/accueil\/"},"modified":"2023-10-05T16:32:35","modified_gmt":"2023-10-05T14:32:35","slug":"startseite","status":"publish","type":"page","link":"https:\/\/dev.klimapaktfirbetriber.lu\/de\/","title":{"rendered":"Startseite"},"content":{"rendered":"  <div class=\"owl-carousel block-slider-content\">\n          <div class=\"block-slider-content-wrapper\">\n        <div class=\"block-slider-content-image\">\n          <figure role=\"figure\">\n\t\t\t\t\t\t<img decoding=\"async\" src=\"https:\/\/dev.klimapaktfirbetriber.lu\/wp-content\/uploads\/2023\/03\/male-warehouse-worker-pulling-a-pallet-truck-2021-08-26-12-07-49-utc-min-2048x1365.jpg\" alt=\"\">\n\t\t\t\t\t<\/figure>\n          <div class=\"block-slider-content-filter\"><\/div>\n        <\/div>\n        <div class=\"block-slider-content-content wrapper\">\n          <div class=\"row\">\n            <div class=\"col-xs-12\">\n              <div class=\"box-row\">\n                <h2>Unterst\u00fctzung der Dekarbonisierung und der Energiewende von Unternehmen<\/h2>\n                <a class=\"btn btn-green\" href=\"https:\/\/dev.klimapaktfirbetriber.lu\/de\/programme\/\" aria-label=\"Mehr erfahren\">Mehr erfahren<\/a> \n              <\/div>\n            <\/div>\n          <\/div>\n        <\/div>\n      <\/div>\n          <div class=\"block-slider-content-wrapper\">\n        <div class=\"block-slider-content-image\">\n          <figure role=\"figure\">\n\t\t\t\t\t\t<img decoding=\"async\" src=\"https:\/\/dev.klimapaktfirbetriber.lu\/wp-content\/uploads\/2023\/03\/business-people-during-business-meeting-2021-08-27-09-28-55-utc-min-2048x1367.jpg\" alt=\"\">\n\t\t\t\t\t<\/figure>\n          <div class=\"block-slider-content-filter\"><\/div>\n        <\/div>\n        <div class=\"block-slider-content-content wrapper\">\n          <div class=\"row\">\n            <div class=\"col-xs-12\">\n              <div class=\"box-row\">\n                <h2>Finden Sie heraus, welche Ma\u00dfnahmen f\u00fcr Ihre Branche oder Ihr Themengebiet geeignet sind<\/h2>\n                <a class=\"btn btn-green\" href=\"https:\/\/dev.klimapaktfirbetriber.lu\/de\/mesures\/\" aria-label=\"Mehr erfahren\">Mehr erfahren<\/a> \n              <\/div>\n            <\/div>\n          <\/div>\n        <\/div>\n      <\/div>\n      <\/div>\n\n\n\n<p class=\"has-text-align-center wrapper\">Um Sie bei Ihren Bem\u00fchungen um die Dekarbonisierung und den Energiewandel zu unterst\u00fctzen, bieten wir Ihnen diesen Katalog an, in dem alle verf\u00fcgbaren standardisierten Ma\u00dfnahmen und innovativen L\u00f6sungen aufgef\u00fchrt sind.<\/p>\n","protected":false},"excerpt":{"rendered":"<p>Um Sie bei Ihren Bem\u00fchungen um die Dekarbonisierung und den Energiewandel zu unterst\u00fctzen, bieten wir Ihnen diesen Katalog an, in dem alle verf\u00fcgbaren standardisierten Ma\u00dfnahmen und innovativen L\u00f6sungen aufgef\u00fchrt sind.<\/p>\n","protected":false},"author":3,"featured_media":0,"parent":0,"menu_order":0,"comment_status":"closed","ping_status":"closed","template":"","meta":{"_acf_changed":false,"footnotes":""},"class_list":["post-1411","page","type-page","status-publish","hentry"],"acf":[],"_links":{"self":[{"href":"https:\/\/dev.klimapaktfirbetriber.lu\/de\/wp-json\/wp\/v2\/pages\/1411","targetHints":{"allow":["GET"]}}],"collection":[{"href":"https:\/\/dev.klimapaktfirbetriber.lu\/de\/wp-json\/wp\/v2\/pages"}],"about":[{"href":"https:\/\/dev.klimapaktfirbetriber.lu\/de\/wp-json\/wp\/v2\/types\/page"}],"author":[{"embeddable":true,"href":"https:\/\/dev.klimapaktfirbetriber.lu\/de\/wp-json\/wp\/v2\/users\/3"}],"replies":[{"embeddable":true,"href":"https:\/\/dev.klimapaktfirbetriber.lu\/de\/wp-json\/wp\/v2\/comments?post=1411"}],"version-history":[{"count":8,"href":"https:\/\/dev.klimapaktfirbetriber.lu\/de\/wp-json\/wp\/v2\/pages\/1411\/revisions"}],"predecessor-version":[{"id":2074,"href":"https:\/\/dev.klimapaktfirbetriber.lu\/de\/wp-json\/wp\/v2\/pages\/1411\/revisions\/2074"}],"wp:attachment":[{"href":"https:\/\/dev.klimapaktfirbetriber.lu\/de\/wp-json\/wp\/v2\/media?parent=1411"}],"curies":[{"name":"wp","href":"https:\/\/api.w.org\/{rel}","templated":true}]}}

<div class="owl-carousel block-slider-content">
          <div class="block-slider-content-wrapper">
        <div class="block-slider-content-image">
          <figure role="figure">
						<img decoding="async" src="https://dev.klimapaktfirbetriber.lu/wp-content/uploads/2023/03/male-warehouse-worker-pulling-a-pallet-truck-2021-08-26-12-07-49-utc-min-2048x1365.jpg" alt="">
					</figure>
          <div class="block-slider-content-filter"></div>
        </div>
        <div class="block-slider-content-content wrapper">
          <div class="row">
            <div class="col-xs-12">
              <div class="box-row">
                <h2>Unterstützung der Dekarbonisierung und der Energiewende von Unternehmen</h2>
                <a class="btn btn-green" href="https://dev.klimapaktfirbetriber.lu/de/programme/" aria-label="Mehr erfahren">Mehr erfahren</a> 
              </div>
            </div>
          </div>
        </div>
      </div>
          <div class="block-slider-content-wrapper">
        <div class="block-slider-content-image">
          <figure role="figure">
						<img decoding="async" src="https://dev.klimapaktfirbetriber.lu/wp-content/uploads/2023/03/business-people-during-business-meeting-2021-08-27-09-28-55-utc-min-2048x1367.jpg" alt="">
					</figure>
          <div class="block-slider-content-filter"></div>
        </div>
        <div class="block-slider-content-content wrapper">
          <div class="row">
            <div class="col-xs-12">
              <div class="box-row">
                <h2>Finden Sie heraus, welche Maßnahmen für Ihre Branche oder Ihr Themengebiet geeignet sind</h2>
                <a class="btn btn-green" href="https://dev.klimapaktfirbetriber.lu/de/mesures/" aria-label="Mehr erfahren">Mehr erfahren</a> 
              </div>
            </div>
          </div>
        </div>
      </div>
      </div>



<p class="has-text-align-center wrapper">Um Sie bei Ihren Bemühungen um die Dekarbonisierung und den Energiewandel zu unterstützen, bieten wir Ihnen diesen Katalog an, in dem alle verfügbaren standardisierten Maßnahmen und innovativen Lösungen aufgeführt sind.</p>

<p>Um Sie bei Ihren Bemühungen um die Dekarbonisierung und den Energiewandel zu unterstützen, bieten wir Ihnen diesen Katalog an, in dem alle verfügbaren standardisierten Maßnahmen und innovativen Lösungen aufgeführt sind.</p>
