{"id":4216,"date":"2024-09-10T15:11:01","date_gmt":"2024-09-10T13:11:01","guid":{"rendered":"https:\/\/dev.klimapaktfirbetriber.lu\/mesures\/commerce-alimentaire-installation-de-sondes-co2-dans-les-centrales-de-traitement-de-lair-des-supermarches\/"},"modified":"2025-06-30T15:08:28","modified_gmt":"2025-06-30T13:08:28","slug":"commerce-alimentaire-installation-de-sondes-co2-dans-les-centrales-de-traitement-de-lair-des-supermarches","status":"publish","type":"mesures","link":"https:\/\/dev.klimapaktfirbetriber.lu\/de\/massnahmen\/commerce-alimentaire-installation-de-sondes-co2-dans-les-centrales-de-traitement-de-lair-des-supermarches\/","title":{"rendered":"Lebensmittelgesch\u00e4ft : Installation von CO2-Sonden in den L\u00fcftungsanlagen von Superm\u00e4rkten"},"content":{"rendered":"\n<h2 class=\"wp-block-heading\">Anpassung der Luftwechselraten an den tats\u00e4chlichen Bedarf mithilfe eine CO<sub>2<\/sub>-Sonde<\/h2>\n\n\n\n<p>Das Projekt zielt darauf ab, eine oder mehrere CO<sub>2<\/sub>-Sonden an der Luftr\u00fcckf\u00fchrung von L\u00fcftungsanlagen in Superm\u00e4rkten zu installieren und die Menge der in das Einkaufszentrum eingeleiteten Frischluft bedarfsgerecht anzupassen. So wird der Luftstrom w\u00e4hrend der Sto\u00dfzeiten erh\u00f6ht und in der \u00fcbrigen Zeit reduziert.<\/p>\n\n\n\n<p>L\u00fcftungsanlagen erm\u00f6glichen den Luftaustausch und das Heizen\/K\u00fchlen des Gesch\u00e4ftsbereichs. Die L\u00fcftungsanlagen laufen mit einer festen Rate \u00fcber programmierte Zeitspannen, die sich nach den \u00d6ffnungszeiten richten.<\/p>\n\n\n\n<p>Durch die Installation dieser Technologie, die seit mehr als f\u00fcnf Jahren auf dem Markt erh\u00e4ltlich ist, wird das Unternehmen erhebliche Stromeinsparungen erzielen und gleichzeitig seinen CO<sub>2<\/sub>-Aussto\u00df reduzieren k\u00f6nnen. Diese Ma\u00dfnahme ist relativ einfach umzusetzen, amortisiert sich in kurzer Zeit und kann ohne Produktionsstopp durchgef\u00fchrt werden.<\/p>\n\n\n\n<!--more-->\n\n\n\n<p><\/p>\n\n\n\n<h3 class=\"type-numerotation\"><span class=\"type-numerotation-span visually-hidden\"><\/span>Energie- und Umweltauswirkungen<\/h3>\n\n\n\n<p>Die Anpassung der Frischluftzufuhr an die Belegung erm\u00f6glicht:<\/p>\n\n\n\n<ul class=\"wp-block-list\">\n<li>den W\u00e4rmeverbrauch zum Aufheizen der Au\u00dfenluft im Winter zu reduzieren<\/li>\n\n\n\n<li>den K\u00e4lteverbrauch zur K\u00fchlung der Au\u00dfenluft im Sommer zu reduzieren<\/li>\n\n\n\n<li>den Stromverbrauch der Zu- und Abluftventilatoren zu reduzieren<\/li>\n<\/ul>\n\n\n\n<p>Der Einsatz von CO<sub>2<\/sub>-Sonden mit Klappen und einer Regelung zur Anpassung des eingeleiteten Frischluftstroms wirkt sich daher positiv auf die Gesamtenergiekosten von L\u00fcftungsanlagen aus. Dies reduziert den Verbrauch von Strom und fossilen Brennstoffen, wenn das an die Heizregister gelieferte Warmwasser von einem Heizkessel erzeugt wird. <\/p>\n\n\n\n<p>Die Energieeinsparungen werden auf 30 % f\u00fcr den Verbrauch der L\u00fcftungsanlage und 5-10 % f\u00fcr den Gesamtenergieverbrauch gesch\u00e4tzt. Diese Ma\u00dfnahme tr\u00e4gt auch zu einer Reduzierung des CO<sub>2<\/sub>-Aussto\u00dfes um einige Prozent bei.<\/p>\n\n\n\n<h3 class=\"type-numerotation\"><span class=\"type-numerotation-span visually-hidden\"><\/span>Beantragung von Beihilfen<\/h3>\n\n\n\n<div class=\"wp-block-group has-light-green-background-color has-background\"><div class=\"wp-block-group__inner-container is-layout-constrained wp-block-group-is-layout-constrained\">\n<h4 class=\"wp-block-heading\">Staatliche Beihilfen<\/h4>\n\n\n\n<p><strong>Achtung: Anreizwirkung, die bei der Beantragung von (staatlicher oder nichtstaatlicher) Beihilfe und unter der Voraussetzung, dass die F\u00f6rderkriterien erf\u00fcllt sind, eingehalten werden muss.<\/strong><br>Um die \u201eAnreizwirkung\u201c zu wahren, d\u00fcrfen keine verbindlichen Verpflichtungen (Unterzeichnung eines Kostenvoranschlags; Anzahlung) eingegangen werden, BEVOR die Antragsunterlagen eingereicht wurden oder der Staat oder der Strom- und Gasversorger aufgrund eines Antrags auf Zusch\u00fcsse eine grunds\u00e4tzliche Zustimmung erteilt hat.<\/p>\n\n\n\n<p><a href=\"https:\/\/guichet.public.lu\/fr\/entreprises\/financement-aides\/regime-sme-packages\/soutien-pme\/sme-packages-sustainability.html\" target=\"_blank\" rel=\"noreferrer noopener\"><strong>SME <\/strong><\/a><strong><a href=\"https:\/\/guichet.public.lu\/de\/entreprises\/financement-aides\/regime-sme-packages\/soutien-pme\/sme-packages-sustainability.html\" target=\"_blank\" rel=\"noreferrer noopener\">Packages <\/a><\/strong><a href=\"https:\/\/guichet.public.lu\/de\/entreprises\/financement-aides\/regime-sme-packages\/soutien-pme\/sme-packages-sustainability.html\" target=\"_blank\" rel=\"noreferrer noopener\"><strong>&#8211; Sustainability<\/strong><\/a><\/p>\n\n\n\n<ul class=\"wp-block-list\">\n<li>Finanzielle F\u00f6rderung f\u00fcr kleine und mittlere Unternehmen, welche bis zu 70 % der f\u00f6rderf\u00e4higen Kosten f\u00fcr die Umsetzung eines Projekts zur Reduzierung der Umweltbelastung deckt. Das zul\u00e4ssige Projektbudget muss zwischen 3.000 \u20ac und 25.000 \u20ac zzgl. MwSt. liegen.<\/li>\n\n\n\n<li>Bei Fragen:\n<ul class=\"wp-block-list\">\n<li><a href=\"mailto:ehandwierk@cdm.lu\" target=\"_blank\" rel=\"noreferrer noopener\">Chambre des M\u00e9tiers<\/a> f\u00fcr Handwerker<\/li>\n\n\n\n<li><a href=\"mailto:sustainability@cc.lu\" target=\"_blank\" rel=\"noreferrer noopener\">Chamber of Commerce<\/a> f\u00fcr Unternehmen im nicht-handwerklichen Bereich<\/li>\n<\/ul>\n<\/li>\n<\/ul>\n\n\n\n<p><a href=\"https:\/\/guichet.public.lu\/de\/entreprises\/financement-aides\/aides-environnement\/industrie-services\/aide-protec-environnement.html\" target=\"_blank\" rel=\"noreferrer noopener\"><strong>Umweltschutzregelung \u2013 Beihilfen f\u00fcr Investitionsvorhaben zugunsten des Umweltschutzes<\/strong><\/a><\/p>\n\n\n\n<ul class=\"wp-block-list\">\n<li>\u00dcberpr\u00fcfung der F\u00f6rderf\u00e4higkeit des Unternehmens und der Kosten: <a href=\"https:\/\/guichet.public.lu\/de\/citoyens\/organismes\/organismes_entreprises\/ministere-economie\/direction-recherche-innov.html\" target=\"_blank\" rel=\"noopener\">Generaldirektion Industrie, neue Technologien und Forschung<\/a><ul><li>Unterst\u00fctzung bei der Erstellung der Antragsunterlagen vor der Einreichung beim Wirtschaftsministerium<ul><li>F\u00fcr alle Fragen: <a href=\"mailto:aides@luxinnovation.lu\">Luxinnovation<\/a><\/li><\/ul><\/li><\/ul>\n<ul class=\"wp-block-list\">\n<li>Weitere Informationen und Empfehlungen f\u00fcr Unternehmen in Bezug auf Umweltinvestitionen befinden sich im <a href=\"https:\/\/luxinnovation.lu\/getmedia\/ef53005c-714b-47fe-9e93-4ded9ec74387\/guide-env-simplifie-meco-lxi-20221020-(2).pdf\" target=\"_blank\" rel=\"noreferrer noopener\">Guide simplifi\u00e9 pour les entreprises<\/a> (vereinfachter Leitfaden f\u00fcr Unternehmen)<\/li>\n<\/ul>\n<\/li>\n<\/ul>\n\n\n\n<p>Hinweis: Staatliche Beihilfen k\u00f6nnen f\u00fcr ein Projekt nicht miteinander kumuliert werden.<\/p>\n<\/div><\/div>\n\n\n\n<h4 class=\"wp-block-heading\">Beihilfen von Strom- und Gasversorgern<\/h4>\n\n\n\n<p>Seit 2015 sind Strom- und Gasversorger im Rahmen des Verpflichtungssystems aufgefordert, Energieeinsparungen bei den Verbrauchern zu erzielen. Seitdem bieten die Energieversorger Unterst\u00fctzung und Beratung sowie F\u00f6rderprogramme f\u00fcr Verbraucher bei der Umsetzung von Energieeffizienzma\u00dfnahmen an.<\/p>\n\n\n\n<p>Die Versorger, die diesen Service f\u00fcr Unternehmen anbieten, sind folgende:<\/p>\n\n\n\n<ul class=\"wp-block-list\">\n<li><a href=\"https:\/\/www.enoprimes.lu\/de\/unternehmen\/\" target=\"_blank\" rel=\"noreferrer noopener\">Enovos + SUDenergie<\/a><\/li>\n\n\n\n<li><a href=\"https:\/\/sudenergie.lu\/service\/energiesparen\" target=\"_blank\" rel=\"noreferrer noopener\">SUDenergie<\/a><\/li>\n\n\n\n<li><a href=\"https:\/\/www.sudstroum.lu\/de\/hauptseite-kundenservice\/energieberatung-finanzielle-unterstutzung\/\" target=\"_blank\" rel=\"noreferrer noopener\">Sudstroum<\/a><\/li>\n<\/ul>\n\n\n\n<p>Hinweis: Die Beihilfen der Versorger k\u00f6nnen mit jeder staatlichen Beihilfe f\u00fcr dasselbe Projekt kumuliert werden.<\/p>\n","protected":false},"featured_media":4188,"parent":0,"template":"","secteur":[82,139,80],"thematique":[91],"application":[112],"class_list":["post-4216","mesures","type-mesures","status-publish","has-post-thumbnail","hentry","secteur-handel","secteur-lebensmittelgeschaft","secteur-handwerk","thematique-energie-de","application-lueftung"],"acf":[],"_links":{"self":[{"href":"https:\/\/dev.klimapaktfirbetriber.lu\/de\/wp-json\/wp\/v2\/mesures\/4216","targetHints":{"allow":["GET"]}}],"collection":[{"href":"https:\/\/dev.klimapaktfirbetriber.lu\/de\/wp-json\/wp\/v2\/mesures"}],"about":[{"href":"https:\/\/dev.klimapaktfirbetriber.lu\/de\/wp-json\/wp\/v2\/types\/mesures"}],"version-history":[{"count":7,"href":"https:\/\/dev.klimapaktfirbetriber.lu\/de\/wp-json\/wp\/v2\/mesures\/4216\/revisions"}],"predecessor-version":[{"id":1391952,"href":"https:\/\/dev.klimapaktfirbetriber.lu\/de\/wp-json\/wp\/v2\/mesures\/4216\/revisions\/1391952"}],"wp:featuredmedia":[{"embeddable":true,"href":"https:\/\/dev.klimapaktfirbetriber.lu\/de\/wp-json\/wp\/v2\/media\/4188"}],"wp:attachment":[{"href":"https:\/\/dev.klimapaktfirbetriber.lu\/de\/wp-json\/wp\/v2\/media?parent=4216"}],"wp:term":[{"taxonomy":"secteur","embeddable":true,"href":"https:\/\/dev.klimapaktfirbetriber.lu\/de\/wp-json\/wp\/v2\/secteur?post=4216"},{"taxonomy":"thematique","embeddable":true,"href":"https:\/\/dev.klimapaktfirbetriber.lu\/de\/wp-json\/wp\/v2\/thematique?post=4216"},{"taxonomy":"application","embeddable":true,"href":"https:\/\/dev.klimapaktfirbetriber.lu\/de\/wp-json\/wp\/v2\/application?post=4216"}],"curies":[{"name":"wp","href":"https:\/\/api.w.org\/{rel}","templated":true}]}}

Lebensmittelgeschäft : Installation von CO2-Sonden in den Lüftungsanlagen von Supermärkten

<h2 class="wp-block-heading">Anpassung der Luftwechselraten an den tatsächlichen Bedarf mithilfe eine CO<sub>2</sub>-Sonde</h2>



<p>Das Projekt zielt darauf ab, eine oder mehrere CO<sub>2</sub>-Sonden an der Luftrückführung von Lüftungsanlagen in Supermärkten zu installieren und die Menge der in das Einkaufszentrum eingeleiteten Frischluft bedarfsgerecht anzupassen. So wird der Luftstrom während der Stoßzeiten erhöht und in der übrigen Zeit reduziert.</p>



<p>Lüftungsanlagen ermöglichen den Luftaustausch und das Heizen/Kühlen des Geschäftsbereichs. Die Lüftungsanlagen laufen mit einer festen Rate über programmierte Zeitspannen, die sich nach den Öffnungszeiten richten.</p>



<p>Durch die Installation dieser Technologie, die seit mehr als fünf Jahren auf dem Markt erhältlich ist, wird das Unternehmen erhebliche Stromeinsparungen erzielen und gleichzeitig seinen CO<sub>2</sub>-Ausstoß reduzieren können. Diese Maßnahme ist relativ einfach umzusetzen, amortisiert sich in kurzer Zeit und kann ohne Produktionsstopp durchgeführt werden.</p>



<!--more-->



<p></p>



<h3 class="type-numerotation"><span class="type-numerotation-span visually-hidden"></span>Energie- und Umweltauswirkungen</h3>



<p>Die Anpassung der Frischluftzufuhr an die Belegung ermöglicht:</p>



<ul class="wp-block-list">
<li>den Wärmeverbrauch zum Aufheizen der Außenluft im Winter zu reduzieren</li>



<li>den Kälteverbrauch zur Kühlung der Außenluft im Sommer zu reduzieren</li>



<li>den Stromverbrauch der Zu- und Abluftventilatoren zu reduzieren</li>
</ul>



<p>Der Einsatz von CO<sub>2</sub>-Sonden mit Klappen und einer Regelung zur Anpassung des eingeleiteten Frischluftstroms wirkt sich daher positiv auf die Gesamtenergiekosten von Lüftungsanlagen aus. Dies reduziert den Verbrauch von Strom und fossilen Brennstoffen, wenn das an die Heizregister gelieferte Warmwasser von einem Heizkessel erzeugt wird. </p>



<p>Die Energieeinsparungen werden auf 30 % für den Verbrauch der Lüftungsanlage und 5-10 % für den Gesamtenergieverbrauch geschätzt. Diese Maßnahme trägt auch zu einer Reduzierung des CO<sub>2</sub>-Ausstoßes um einige Prozent bei.</p>



<h3 class="type-numerotation"><span class="type-numerotation-span visually-hidden"></span>Beantragung von Beihilfen</h3>



<div class="wp-block-group has-light-green-background-color has-background"><div class="wp-block-group__inner-container is-layout-constrained wp-block-group-is-layout-constrained">
<h4 class="wp-block-heading">Staatliche Beihilfen</h4>



<p><strong>Achtung: Anreizwirkung, die bei der Beantragung von (staatlicher oder nichtstaatlicher) Beihilfe und unter der Voraussetzung, dass die Förderkriterien erfüllt sind, eingehalten werden muss.</strong><br>Um die „Anreizwirkung“ zu wahren, dürfen keine verbindlichen Verpflichtungen (Unterzeichnung eines Kostenvoranschlags; Anzahlung) eingegangen werden, BEVOR die Antragsunterlagen eingereicht wurden oder der Staat oder der Strom- und Gasversorger aufgrund eines Antrags auf Zuschüsse eine grundsätzliche Zustimmung erteilt hat.</p>



<p><a href="https://guichet.public.lu/fr/entreprises/financement-aides/regime-sme-packages/soutien-pme/sme-packages-sustainability.html" target="_blank" rel="noreferrer noopener"><strong>SME </strong></a><strong><a href="https://guichet.public.lu/de/entreprises/financement-aides/regime-sme-packages/soutien-pme/sme-packages-sustainability.html" target="_blank" rel="noreferrer noopener">Packages </a></strong><a href="https://guichet.public.lu/de/entreprises/financement-aides/regime-sme-packages/soutien-pme/sme-packages-sustainability.html" target="_blank" rel="noreferrer noopener"><strong>&#8211; Sustainability</strong></a></p>



<ul class="wp-block-list">
<li>Finanzielle Förderung für kleine und mittlere Unternehmen, welche bis zu 70 % der förderfähigen Kosten für die Umsetzung eines Projekts zur Reduzierung der Umweltbelastung deckt. Das zulässige Projektbudget muss zwischen 3.000 € und 25.000 € zzgl. MwSt. liegen.</li>



<li>Bei Fragen:
<ul class="wp-block-list">
<li><a href="mailto:ehandwierk@cdm.lu" target="_blank" rel="noreferrer noopener">Chambre des Métiers</a> für Handwerker</li>



<li><a href="mailto:sustainability@cc.lu" target="_blank" rel="noreferrer noopener">Chamber of Commerce</a> für Unternehmen im nicht-handwerklichen Bereich</li>
</ul>
</li>
</ul>



<p><a href="https://guichet.public.lu/de/entreprises/financement-aides/aides-environnement/industrie-services/aide-protec-environnement.html" target="_blank" rel="noreferrer noopener"><strong>Umweltschutzregelung – Beihilfen für Investitionsvorhaben zugunsten des Umweltschutzes</strong></a></p>



<ul class="wp-block-list">
<li>Überprüfung der Förderfähigkeit des Unternehmens und der Kosten: <a href="https://guichet.public.lu/de/citoyens/organismes/organismes_entreprises/ministere-economie/direction-recherche-innov.html" target="_blank" rel="noopener">Generaldirektion Industrie, neue Technologien und Forschung</a><ul><li>Unterstützung bei der Erstellung der Antragsunterlagen vor der Einreichung beim Wirtschaftsministerium<ul><li>Für alle Fragen: <a href="mailto:aides@luxinnovation.lu">Luxinnovation</a></li></ul></li></ul>
<ul class="wp-block-list">
<li>Weitere Informationen und Empfehlungen für Unternehmen in Bezug auf Umweltinvestitionen befinden sich im <a href="https://luxinnovation.lu/getmedia/ef53005c-714b-47fe-9e93-4ded9ec74387/guide-env-simplifie-meco-lxi-20221020-(2).pdf" target="_blank" rel="noreferrer noopener">Guide simplifié pour les entreprises</a> (vereinfachter Leitfaden für Unternehmen)</li>
</ul>
</li>
</ul>



<p>Hinweis: Staatliche Beihilfen können für ein Projekt nicht miteinander kumuliert werden.</p>
</div></div>



<h4 class="wp-block-heading">Beihilfen von Strom- und Gasversorgern</h4>



<p>Seit 2015 sind Strom- und Gasversorger im Rahmen des Verpflichtungssystems aufgefordert, Energieeinsparungen bei den Verbrauchern zu erzielen. Seitdem bieten die Energieversorger Unterstützung und Beratung sowie Förderprogramme für Verbraucher bei der Umsetzung von Energieeffizienzmaßnahmen an.</p>



<p>Die Versorger, die diesen Service für Unternehmen anbieten, sind folgende:</p>



<ul class="wp-block-list">
<li><a href="https://www.enoprimes.lu/de/unternehmen/" target="_blank" rel="noreferrer noopener">Enovos + SUDenergie</a></li>



<li><a href="https://sudenergie.lu/service/energiesparen" target="_blank" rel="noreferrer noopener">SUDenergie</a></li>



<li><a href="https://www.sudstroum.lu/de/hauptseite-kundenservice/energieberatung-finanzielle-unterstutzung/" target="_blank" rel="noreferrer noopener">Sudstroum</a></li>
</ul>



<p>Hinweis: Die Beihilfen der Versorger können mit jeder staatlichen Beihilfe für dasselbe Projekt kumuliert werden.</p>
