{"id":3591,"date":"2024-05-31T16:29:02","date_gmt":"2024-05-31T14:29:02","guid":{"rendered":"https:\/\/dev.klimapaktfirbetriber.lu\/mesures\/menuiserie-implementation-de-la-reduction-du-temps-de-cycle\/"},"modified":"2025-06-30T16:04:05","modified_gmt":"2025-06-30T14:04:05","slug":"menuiserie-implementation-de-la-reduction-du-temps-de-cycle","status":"publish","type":"mesures","link":"https:\/\/dev.klimapaktfirbetriber.lu\/de\/massnahmen\/menuiserie-implementation-de-la-reduction-du-temps-de-cycle\/","title":{"rendered":"Schreinerei: Umsetzung der Zykluszeitverk\u00fcrzung"},"content":{"rendered":"\n<h2 class=\"wp-block-heading\">Einsatz leistungsf\u00e4higer und kombinierter Werkzeuge zur Verk\u00fcrzung der Zykluszeit<\/h2>\n\n\n\n<p>Die Ma\u00dfnahme sieht vor, einfache Bearbeitungswerkzeuge zu ersetzen, die Produktionsweise zu \u00e4ndern und Stillstandszeiten f\u00fcr Wartungs- und Reinigungsarbeiten zu vermeiden.<\/p>\n\n\n\n<ul class=\"wp-block-list\">\n<li>Einsatz leistungsf\u00e4higer Bearbeitungswerkzeuge, die h\u00f6here Bearbeitungsgeschwindigkeiten erm\u00f6glichen.<\/li>\n\n\n\n<li>Einsatz von kombinierten Bearbeitungswerkzeugen, die eine Verk\u00fcrzung der Betriebszeit der Werkzeugmaschinen erm\u00f6glichen.<\/li>\n\n\n\n<li>Optimierung des Produktionswechsels durch die SMED-Methode (Single Minute Exchange of Die &#8211; schneller Werkzeugwechsel in weniger als 10 Minuten).<\/li>\n<\/ul>\n\n\n\n<p>Durch den Einsatz dieser Technologien, die seit mehr als f\u00fcnf Jahren auf dem Markt sind, kann ein Unternehmen bis zu 30 % seiner Stromkosten einsparen und seinen CO2-Fu\u00dfabdruck verringern. Diese Ma\u00dfnahme ist nicht einfach umzusetzen und kann sich mittel- bis langfristig amortisieren. Diese Ma\u00dfnahme erfordert nur eine teilweise Unterbrechung der Produktion w\u00e4hrend der Installation.<\/p>\n\n\n\n<!--more-->\n\n\n\n<h3 class=\"type-numerotation\"><span class=\"type-numerotation-span visually-hidden\"><\/span>Energie- und Umweltauswirkungen<\/h3>\n\n\n\n<p>Der Abreinigungs-Timer ist so eingestellt, dass ein Filter mit seiner maximalen Leistung betrieben werden kann. Wenn man bedenkt, dass nicht alle Produktionsmaschinen st\u00e4ndig mit maximaler Leistung laufen, \u00fcbersch\u00e4tzt die zeitgesteuerte Abreinigung den Bedarf im Vergleich zum tats\u00e4chlichen Bedarf. Die Reinigung eines Filters \u00fcber eine Druckdifferenz wird den Druckluftverbrauch erheblich reduzieren, da es den Zustand des Filters \u00fcber die Druckdifferenz messen kann. Die Erzeugung von Druckluft hat einen relativ geringen Wirkungsgrad von 15 bis 20 Prozent. Der Druckluftverbrauch wird um sch\u00e4tzungsweise 70 % gesenkt.<\/p>\n\n\n\n<p>Da die Anzahl der Strumpfreinigungen ebenfalls stark reduziert wird, kombiniert mit der Tatsache, dass die mechanische Belastung durch die Druckluft nicht mehr auf einen sauberen Strumpf wirkt, wird die Lebensdauer der Filterstr\u00fcmpfe erheblich verl\u00e4ngert.&nbsp;&nbsp;&nbsp;&nbsp;&nbsp;&nbsp;&nbsp;&nbsp;&nbsp;&nbsp;&nbsp;&nbsp;&nbsp;&nbsp;&nbsp;&nbsp;&nbsp;&nbsp;&nbsp;&nbsp;&nbsp;&nbsp;&nbsp;&nbsp;&nbsp;&nbsp;&nbsp;&nbsp;&nbsp;&nbsp;&nbsp;&nbsp;&nbsp;&nbsp;&nbsp;&nbsp;&nbsp;&nbsp;&nbsp;&nbsp;&nbsp;&nbsp;&nbsp;&nbsp;&nbsp;&nbsp;&nbsp;&nbsp;&nbsp;<\/p>\n\n\n\n<h3 class=\"type-numerotation\"><span class=\"type-numerotation-span visually-hidden\"><\/span>Beantragung von Beihilfen<\/h3>\n\n\n\n<h4 class=\"wp-block-heading\">Staatliche Beihilfen<\/h4>\n\n\n\n<div class=\"wp-block-group has-light-green-background-color has-background\"><div class=\"wp-block-group__inner-container is-layout-constrained wp-block-group-is-layout-constrained\">\n<div class=\"wp-block-group\"><div class=\"wp-block-group__inner-container is-layout-constrained wp-block-group-is-layout-constrained\">\n<p><strong><strong>Achtung: Anreizeffekt bei der Beantragung zu beachten<\/strong><\/strong><br>Um den mit der Beihilfe beabsichtigten Anreizeffekt zu wahren, d\u00fcrfen keine verbindlichen Zusagen gemacht werden (Annahme eines Kostenvoranschlags; Anzahlung)<\/p>\n<\/div><\/div>\n\n\n\n<ul class=\"wp-block-list\">\n<li><strong><a href=\"https:\/\/guichet.public.lu\/de\/entreprises\/financement-aides\/regime-sme-packages\/soutien-pme\/sme-packages-sustainability.html\" target=\"_blank\" data-type=\"link\" data-id=\"https:\/\/guichet.public.lu\/fr\/entreprises\/financement-aides\/regime-sme-packages\/soutien-pme\/sme-packages-sustainability.html\" rel=\"noreferrer noopener\">SME Packages &#8211; Sustainability<\/a><\/strong>\n<ul class=\"wp-block-list\">\n<li>Finanzielle F\u00f6rderung f\u00fcr kleine und mittlere Unternehmen, welche bis zu 70 % der f\u00f6rderf\u00e4higen Kosten f\u00fcr die Umsetzung eines Projekts zur Reduzierung der Umweltbelastung deckt. Das zul\u00e4ssige Projektbudget muss zwischen 3.000 \u20ac und 25.000 \u20ac zzgl. MwSt. liegen.<\/li>\n\n\n\n<li>Bei Fragen:\n<ul class=\"wp-block-list\">\n<li><a href=\"mailto:contact@cdm.lu\" target=\"_blank\" rel=\"noreferrer noopener\">Chambre des M\u00e9tiers<\/a> f\u00fcr Handwerker<\/li>\n\n\n\n<li><a href=\"mailto:subsides@houseofentrepreneurship.lu\" target=\"_blank\" rel=\"noreferrer noopener\">Chambre de Commerce<\/a> f\u00fcr Unternehmen im nicht-handwerklichen Bereich<\/li>\n<\/ul>\n<\/li>\n<\/ul>\n<\/li>\n<\/ul>\n\n\n\n<ul class=\"wp-block-list\">\n<li><a href=\"https:\/\/guichet.public.lu\/de\/entreprises\/financement-aides\/aides-environnement\/industrie-services\/aide-protec-environnement.html\" target=\"_blank\" rel=\"noreferrer noopener\"><strong>Umweltschutzregelung \u2013 Investitionsbeihilfen f\u00fcr den Umweltschutz<\/strong><\/a>\n<ul class=\"wp-block-list\">\n<li>\u00dcberpr\u00fcfung der F\u00f6rderf\u00e4higkeit des Unternehmens und der Kosten: <a href=\"https:\/\/guichet.public.lu\/de\/citoyens\/organismes\/organismes_entreprises\/ministere-economie\/direction-recherche-innov.html\" target=\"_blank\" rel=\"noopener\">Generaldirektion Industrie, neue Technologien und Forschung<\/a><\/li>\n\n\n\n<li>Unterst\u00fctzung bei der Erstellung der Antragsunterlagen vor der Einreichung beim Wirtschaftsministerium. F\u00fcr alle Fragen: <a href=\"mailto:aides@luxinnovation.lu\" target=\"_blank\" data-type=\"mailto\" data-id=\"mailto:aides@luxinnovation.lu\" rel=\"noreferrer noopener\">Luxinnovation<\/a><\/li>\n\n\n\n<li>Weitere Informationen f\u00fcr Investitionen zugunsten des Umweltschutzes finden Sie im <a href=\"https:\/\/luxinnovation.lu\/getmedia\/ef53005c-714b-47fe-9e93-4ded9ec74387\/guide-env-simplifie-meco-lxi-20221020-(2).pdf\" target=\"_blank\" rel=\"noreferrer noopener\">vereinfachten Leitfaden f\u00fcr Unternehmen<\/a><\/li>\n<\/ul>\n<\/li>\n<\/ul>\n\n\n\n<p>N.B. Staatliche Beihilfen sind f\u00fcr ein Projekt nicht miteinander kumulierbar (aber mit Beihilfen von Energieversorgern kumulierbar)<\/p>\n<\/div><\/div>\n\n\n\n<h4 class=\"wp-block-heading\">Beihilfen von Strom- und Gasversorgern<\/h4>\n\n\n\n<p>Seit 2015 sind Strom- und Gasversorger im Rahmen des Verpflichtungssystems aufgefordert, Energieeinsparungen bei den Verbrauchern zu erzielen. Seitdem bieten die Energieversorger Unterst\u00fctzung und Beratung sowie F\u00f6rderprogramme f\u00fcr Verbraucher bei der Umsetzung von Energieeffizienzma\u00dfnahmen an. Die H\u00f6he der Pr\u00e4mie ist proportional zur j\u00e4hrlichen Energieeinsparung (in MWh). Die Versorger, die diesen Service f\u00fcr Unternehmen anbieten, sind folgende:<\/p>\n\n\n\n<ul class=\"wp-block-list\">\n<li><a href=\"https:\/\/electris.lu\/de\/\" target=\"_blank\" data-type=\"link\" data-id=\"https:\/\/electris.lu\/fr\/\" rel=\"noreferrer noopener\">Electris<\/a><\/li>\n\n\n\n<li><a href=\"https:\/\/www.enoprimes.lu\/de\/\" target=\"_blank\" rel=\"noreferrer noopener\">Enovos + SUDenergie<\/a><\/li>\n\n\n\n<li><a href=\"https:\/\/sudenergie.lu\/service\/energiesparen\" target=\"_blank\" rel=\"noreferrer noopener\">SUDenergie<\/a><\/li>\n\n\n\n<li><a href=\"https:\/\/www.sudstroum.lu\/de\/hauptseite-kundenservice\/energieberatung-finanzielle-unterstutzung\/\" target=\"_blank\" rel=\"noreferrer noopener\">Sudstroum<\/a><\/li>\n<\/ul>\n\n\n\n<p>N.B.: Die Beihilfen der Versorger k\u00f6nnen mit einer staatlichen Beihilfe f\u00fcr dasselbe Projekt kumuliert werden.<\/p>\n","protected":false},"featured_media":3448,"parent":0,"template":"","secteur":[80,133],"thematique":[91],"application":[110],"class_list":["post-3591","mesures","type-mesures","status-publish","has-post-thumbnail","hentry","secteur-handwerk","secteur-schreinerei","thematique-energie-de","application-gebaeude"],"acf":[],"_links":{"self":[{"href":"https:\/\/dev.klimapaktfirbetriber.lu\/de\/wp-json\/wp\/v2\/mesures\/3591","targetHints":{"allow":["GET"]}}],"collection":[{"href":"https:\/\/dev.klimapaktfirbetriber.lu\/de\/wp-json\/wp\/v2\/mesures"}],"about":[{"href":"https:\/\/dev.klimapaktfirbetriber.lu\/de\/wp-json\/wp\/v2\/types\/mesures"}],"version-history":[{"count":6,"href":"https:\/\/dev.klimapaktfirbetriber.lu\/de\/wp-json\/wp\/v2\/mesures\/3591\/revisions"}],"predecessor-version":[{"id":1395229,"href":"https:\/\/dev.klimapaktfirbetriber.lu\/de\/wp-json\/wp\/v2\/mesures\/3591\/revisions\/1395229"}],"wp:featuredmedia":[{"embeddable":true,"href":"https:\/\/dev.klimapaktfirbetriber.lu\/de\/wp-json\/wp\/v2\/media\/3448"}],"wp:attachment":[{"href":"https:\/\/dev.klimapaktfirbetriber.lu\/de\/wp-json\/wp\/v2\/media?parent=3591"}],"wp:term":[{"taxonomy":"secteur","embeddable":true,"href":"https:\/\/dev.klimapaktfirbetriber.lu\/de\/wp-json\/wp\/v2\/secteur?post=3591"},{"taxonomy":"thematique","embeddable":true,"href":"https:\/\/dev.klimapaktfirbetriber.lu\/de\/wp-json\/wp\/v2\/thematique?post=3591"},{"taxonomy":"application","embeddable":true,"href":"https:\/\/dev.klimapaktfirbetriber.lu\/de\/wp-json\/wp\/v2\/application?post=3591"}],"curies":[{"name":"wp","href":"https:\/\/api.w.org\/{rel}","templated":true}]}}

Schreinerei: Umsetzung der Zykluszeitverkürzung

<h2 class="wp-block-heading">Einsatz leistungsfähiger und kombinierter Werkzeuge zur Verkürzung der Zykluszeit</h2>



<p>Die Maßnahme sieht vor, einfache Bearbeitungswerkzeuge zu ersetzen, die Produktionsweise zu ändern und Stillstandszeiten für Wartungs- und Reinigungsarbeiten zu vermeiden.</p>



<ul class="wp-block-list">
<li>Einsatz leistungsfähiger Bearbeitungswerkzeuge, die höhere Bearbeitungsgeschwindigkeiten ermöglichen.</li>



<li>Einsatz von kombinierten Bearbeitungswerkzeugen, die eine Verkürzung der Betriebszeit der Werkzeugmaschinen ermöglichen.</li>



<li>Optimierung des Produktionswechsels durch die SMED-Methode (Single Minute Exchange of Die &#8211; schneller Werkzeugwechsel in weniger als 10 Minuten).</li>
</ul>



<p>Durch den Einsatz dieser Technologien, die seit mehr als fünf Jahren auf dem Markt sind, kann ein Unternehmen bis zu 30 % seiner Stromkosten einsparen und seinen CO2-Fußabdruck verringern. Diese Maßnahme ist nicht einfach umzusetzen und kann sich mittel- bis langfristig amortisieren. Diese Maßnahme erfordert nur eine teilweise Unterbrechung der Produktion während der Installation.</p>



<!--more-->



<h3 class="type-numerotation"><span class="type-numerotation-span visually-hidden"></span>Energie- und Umweltauswirkungen</h3>



<p>Der Abreinigungs-Timer ist so eingestellt, dass ein Filter mit seiner maximalen Leistung betrieben werden kann. Wenn man bedenkt, dass nicht alle Produktionsmaschinen ständig mit maximaler Leistung laufen, überschätzt die zeitgesteuerte Abreinigung den Bedarf im Vergleich zum tatsächlichen Bedarf. Die Reinigung eines Filters über eine Druckdifferenz wird den Druckluftverbrauch erheblich reduzieren, da es den Zustand des Filters über die Druckdifferenz messen kann. Die Erzeugung von Druckluft hat einen relativ geringen Wirkungsgrad von 15 bis 20 Prozent. Der Druckluftverbrauch wird um schätzungsweise 70 % gesenkt.</p>



<p>Da die Anzahl der Strumpfreinigungen ebenfalls stark reduziert wird, kombiniert mit der Tatsache, dass die mechanische Belastung durch die Druckluft nicht mehr auf einen sauberen Strumpf wirkt, wird die Lebensdauer der Filterstrümpfe erheblich verlängert.&nbsp;&nbsp;&nbsp;&nbsp;&nbsp;&nbsp;&nbsp;&nbsp;&nbsp;&nbsp;&nbsp;&nbsp;&nbsp;&nbsp;&nbsp;&nbsp;&nbsp;&nbsp;&nbsp;&nbsp;&nbsp;&nbsp;&nbsp;&nbsp;&nbsp;&nbsp;&nbsp;&nbsp;&nbsp;&nbsp;&nbsp;&nbsp;&nbsp;&nbsp;&nbsp;&nbsp;&nbsp;&nbsp;&nbsp;&nbsp;&nbsp;&nbsp;&nbsp;&nbsp;&nbsp;&nbsp;&nbsp;&nbsp;&nbsp;</p>



<h3 class="type-numerotation"><span class="type-numerotation-span visually-hidden"></span>Beantragung von Beihilfen</h3>



<h4 class="wp-block-heading">Staatliche Beihilfen</h4>



<div class="wp-block-group has-light-green-background-color has-background"><div class="wp-block-group__inner-container is-layout-constrained wp-block-group-is-layout-constrained">
<div class="wp-block-group"><div class="wp-block-group__inner-container is-layout-constrained wp-block-group-is-layout-constrained">
<p><strong><strong>Achtung: Anreizeffekt bei der Beantragung zu beachten</strong></strong><br>Um den mit der Beihilfe beabsichtigten Anreizeffekt zu wahren, dürfen keine verbindlichen Zusagen gemacht werden (Annahme eines Kostenvoranschlags; Anzahlung)</p>
</div></div>



<ul class="wp-block-list">
<li><strong><a href="https://guichet.public.lu/de/entreprises/financement-aides/regime-sme-packages/soutien-pme/sme-packages-sustainability.html" target="_blank" data-type="link" data-id="https://guichet.public.lu/fr/entreprises/financement-aides/regime-sme-packages/soutien-pme/sme-packages-sustainability.html" rel="noreferrer noopener">SME Packages &#8211; Sustainability</a></strong>
<ul class="wp-block-list">
<li>Finanzielle Förderung für kleine und mittlere Unternehmen, welche bis zu 70 % der förderfähigen Kosten für die Umsetzung eines Projekts zur Reduzierung der Umweltbelastung deckt. Das zulässige Projektbudget muss zwischen 3.000 € und 25.000 € zzgl. MwSt. liegen.</li>



<li>Bei Fragen:
<ul class="wp-block-list">
<li><a href="mailto:contact@cdm.lu" target="_blank" rel="noreferrer noopener">Chambre des Métiers</a> für Handwerker</li>



<li><a href="mailto:subsides@houseofentrepreneurship.lu" target="_blank" rel="noreferrer noopener">Chambre de Commerce</a> für Unternehmen im nicht-handwerklichen Bereich</li>
</ul>
</li>
</ul>
</li>
</ul>



<ul class="wp-block-list">
<li><a href="https://guichet.public.lu/de/entreprises/financement-aides/aides-environnement/industrie-services/aide-protec-environnement.html" target="_blank" rel="noreferrer noopener"><strong>Umweltschutzregelung – Investitionsbeihilfen für den Umweltschutz</strong></a>
<ul class="wp-block-list">
<li>Überprüfung der Förderfähigkeit des Unternehmens und der Kosten: <a href="https://guichet.public.lu/de/citoyens/organismes/organismes_entreprises/ministere-economie/direction-recherche-innov.html" target="_blank" rel="noopener">Generaldirektion Industrie, neue Technologien und Forschung</a></li>



<li>Unterstützung bei der Erstellung der Antragsunterlagen vor der Einreichung beim Wirtschaftsministerium. Für alle Fragen: <a href="mailto:aides@luxinnovation.lu" target="_blank" data-type="mailto" data-id="mailto:aides@luxinnovation.lu" rel="noreferrer noopener">Luxinnovation</a></li>



<li>Weitere Informationen für Investitionen zugunsten des Umweltschutzes finden Sie im <a href="https://luxinnovation.lu/getmedia/ef53005c-714b-47fe-9e93-4ded9ec74387/guide-env-simplifie-meco-lxi-20221020-(2).pdf" target="_blank" rel="noreferrer noopener">vereinfachten Leitfaden für Unternehmen</a></li>
</ul>
</li>
</ul>



<p>N.B. Staatliche Beihilfen sind für ein Projekt nicht miteinander kumulierbar (aber mit Beihilfen von Energieversorgern kumulierbar)</p>
</div></div>



<h4 class="wp-block-heading">Beihilfen von Strom- und Gasversorgern</h4>



<p>Seit 2015 sind Strom- und Gasversorger im Rahmen des Verpflichtungssystems aufgefordert, Energieeinsparungen bei den Verbrauchern zu erzielen. Seitdem bieten die Energieversorger Unterstützung und Beratung sowie Förderprogramme für Verbraucher bei der Umsetzung von Energieeffizienzmaßnahmen an. Die Höhe der Prämie ist proportional zur jährlichen Energieeinsparung (in MWh). Die Versorger, die diesen Service für Unternehmen anbieten, sind folgende:</p>



<ul class="wp-block-list">
<li><a href="https://electris.lu/de/" target="_blank" data-type="link" data-id="https://electris.lu/fr/" rel="noreferrer noopener">Electris</a></li>



<li><a href="https://www.enoprimes.lu/de/" target="_blank" rel="noreferrer noopener">Enovos + SUDenergie</a></li>



<li><a href="https://sudenergie.lu/service/energiesparen" target="_blank" rel="noreferrer noopener">SUDenergie</a></li>



<li><a href="https://www.sudstroum.lu/de/hauptseite-kundenservice/energieberatung-finanzielle-unterstutzung/" target="_blank" rel="noreferrer noopener">Sudstroum</a></li>
</ul>



<p>N.B.: Die Beihilfen der Versorger können mit einer staatlichen Beihilfe für dasselbe Projekt kumuliert werden.</p>
