{"id":3531,"date":"2024-05-30T15:06:21","date_gmt":"2024-05-30T13:06:21","guid":{"rendered":"https:\/\/dev.klimapaktfirbetriber.lu\/mesures\/boulangerie-fours-a-infrarouges\/"},"modified":"2025-06-30T15:57:30","modified_gmt":"2025-06-30T13:57:30","slug":"boulangerie-fours-a-infrarouges","status":"publish","type":"mesures","link":"https:\/\/dev.klimapaktfirbetriber.lu\/de\/massnahmen\/boulangerie-fours-a-infrarouges\/","title":{"rendered":"B\u00e4ckerei: Infrarot\u00f6fen"},"content":{"rendered":"\n<h2 class=\"wp-block-heading\">Ersetzen eines Gas- oder \u00d6lofens durch einen Elektroofen (Back\u00f6fen)<\/h2>\n\n\n\n<p>Das Projekt besteht darin, einen vorhandenen gas- oder \u00f6lbetriebenen Ofen durch einen elektrischen Ofen zu ersetzen, der Infrarotstrahlung zum Backen der Produkte verwendet.<\/p>\n\n\n\n<p>Durch die Installation dieser Technologie, die seit mehr als f\u00fcnf Jahren auf dem Markt ist, kann ein Unternehmen bis zu 80 % des Energieverbrauchs eines Ofens einsparen und durch den Wechsel des Energietr\u00e4gers (von Gas\/\u00d6l zu Strom) den CO2-Fu\u00dfabdruck erheblich reduzieren. Diese Ma\u00dfnahme ist jedoch relativ schwierig umzusetzen, kann sich mittel- bis langfristig amortisieren und erfordert eine Unterbrechung der Produktion w\u00e4hrend der Installation.<\/p>\n\n\n\n<!--more-->\n\n\n\n<h3 class=\"type-numerotation\"><span class=\"type-numerotation-span visually-hidden\"><\/span>Energie- und Umweltauswirkungen<\/h3>\n\n\n\n<p>Die \u00d6fen erzeugen mit Hilfe elektrischer Spulen W\u00e4rme- oder Infrarotenergie und \u00fcbertragen diese auf die Oberfl\u00e4che der zu backenden Produkte, ohne dabei die Umgebungsluft zu erw\u00e4rmen. Diese \u00d6fen sind 50-80 % effizienter als herk\u00f6mmliche \u00d6fen, da beim Backprozess keine gro\u00dfen Luftmengen erhitzt werden.<\/p>\n\n\n\n<p>Au\u00dferdem verk\u00fcrzen sie die Backzeit um fast die H\u00e4lfte. Ein Infrarotofen backt beispielsweise Brot in knapp sechs Minuten, ein herk\u00f6mmlicher Ofen dagegen in 17 Minuten. Dar\u00fcber hinaus kann die anf\u00e4nglich auf 100 % festgelegte Leistungsstufe w\u00e4hrend der zweiten und dritten Backstufe auf 30 bis 50 % reduziert werden.<\/p>\n\n\n\n<p>So reduziert der Einsatz von Infrarot\u00f6fen sowohl den Gesamtenergieverbrauch als auch die Backzeit und steigert damit die Effizienz einer B\u00e4ckerei.<\/p>\n\n\n\n<h3 class=\"type-numerotation\"><span class=\"type-numerotation-span visually-hidden\"><\/span>Beantragung von Beihilfen<\/h3>\n\n\n\n<h4 class=\"wp-block-heading\">Staatliche Beihilfen<\/h4>\n\n\n\n<div class=\"wp-block-group has-light-green-background-color has-background\"><div class=\"wp-block-group__inner-container is-layout-constrained wp-block-group-is-layout-constrained\">\n<div class=\"wp-block-group\"><div class=\"wp-block-group__inner-container is-layout-constrained wp-block-group-is-layout-constrained\">\n<p><strong><strong>Achtung: Anreizeffekt bei der Beantragung zu beachten<\/strong><\/strong><br>Um den mit der Beihilfe beabsichtigten Anreizeffekt zu wahren, d\u00fcrfen keine verbindlichen Zusagen gemacht werden (Annahme eines Kostenvoranschlags; Anzahlung)<\/p>\n<\/div><\/div>\n\n\n\n<ul class=\"wp-block-list\">\n<li><strong><a href=\"https:\/\/guichet.public.lu\/de\/entreprises\/financement-aides\/regime-sme-packages\/soutien-pme\/sme-packages-sustainability.html\" target=\"_blank\" data-type=\"link\" data-id=\"https:\/\/guichet.public.lu\/fr\/entreprises\/financement-aides\/regime-sme-packages\/soutien-pme\/sme-packages-sustainability.html\" rel=\"noreferrer noopener\">SME Packages &#8211; Sustainability<\/a><\/strong>\n<ul class=\"wp-block-list\">\n<li>Finanzielle F\u00f6rderung f\u00fcr kleine und mittlere Unternehmen, welche bis zu 70 % der f\u00f6rderf\u00e4higen Kosten f\u00fcr die Umsetzung eines Projekts zur Reduzierung der Umweltbelastung deckt. Das zul\u00e4ssige Projektbudget muss zwischen 3.000 \u20ac und 25.000 \u20ac zzgl. MwSt. liegen.<\/li>\n\n\n\n<li>Bei Fragen:\n<ul class=\"wp-block-list\">\n<li><a href=\"mailto:contact@cdm.lu\" target=\"_blank\" rel=\"noreferrer noopener\">Chambre des M\u00e9tiers<\/a> f\u00fcr Handwerker<\/li>\n\n\n\n<li><a href=\"mailto:subsides@houseofentrepreneurship.lu\" target=\"_blank\" rel=\"noreferrer noopener\">Chambre de Commerce<\/a> f\u00fcr Unternehmen im nicht-handwerklichen Bereich<\/li>\n<\/ul>\n<\/li>\n<\/ul>\n<\/li>\n<\/ul>\n\n\n\n<ul class=\"wp-block-list\">\n<li><a href=\"https:\/\/guichet.public.lu\/de\/entreprises\/financement-aides\/aides-environnement\/industrie-services\/aide-protec-environnement.html\" target=\"_blank\" rel=\"noreferrer noopener\"><strong>Umweltschutzregelung \u2013 Investitionsbeihilfen f\u00fcr den Umweltschutz<\/strong><\/a>\n<ul class=\"wp-block-list\">\n<li>\u00dcberpr\u00fcfung der F\u00f6rderf\u00e4higkeit des Unternehmens und der Kosten: <a href=\"https:\/\/guichet.public.lu\/de\/citoyens\/organismes\/organismes_entreprises\/ministere-economie\/direction-recherche-innov.html\" target=\"_blank\" rel=\"noreferrer noopener\">Generaldirektion Industrie, neue Technologien und Forschung<\/a><\/li>\n\n\n\n<li>Unterst\u00fctzung bei der Erstellung der Antragsunterlagen vor der Einreichung beim Wirtschaftsministerium. F\u00fcr alle Fragen: <a href=\"mailto:aides@luxinnovation.lu\" target=\"_blank\" data-type=\"mailto\" data-id=\"mailto:aides@luxinnovation.lu\" rel=\"noreferrer noopener\">Luxinnovation<\/a><\/li>\n\n\n\n<li>Weitere Informationen f\u00fcr Investitionen zugunsten des Umweltschutzes finden Sie im <a href=\"https:\/\/luxinnovation.lu\/getmedia\/ef53005c-714b-47fe-9e93-4ded9ec74387\/guide-env-simplifie-meco-lxi-20221020-(2).pdf\" target=\"_blank\" rel=\"noreferrer noopener\">vereinfachten Leitfaden f\u00fcr Unternehmen<\/a><\/li>\n<\/ul>\n<\/li>\n<\/ul>\n\n\n\n<p>N.B. Staatliche Beihilfen sind f\u00fcr ein Projekt nicht miteinander kumulierbar (aber mit Beihilfen von Energieversorgern kumulierbar)<\/p>\n<\/div><\/div>\n\n\n\n<h4 class=\"wp-block-heading\">Beihilfen von Strom- und Gasversorgern<\/h4>\n\n\n\n<p>Seit 2015 sind Strom- und Gasversorger im Rahmen des Verpflichtungssystems aufgefordert, Energieeinsparungen bei den Verbrauchern zu erzielen. Seitdem bieten die Energieversorger Unterst\u00fctzung und Beratung sowie F\u00f6rderprogramme f\u00fcr Verbraucher bei der Umsetzung von Energieeffizienzma\u00dfnahmen an. Die H\u00f6he der Pr\u00e4mie ist proportional zur j\u00e4hrlichen Energieeinsparung (in MWh). Die Versorger, die diesen Service f\u00fcr Unternehmen anbieten, sind folgende:<\/p>\n\n\n\n<ul class=\"wp-block-list\">\n<li><a href=\"https:\/\/www.enoprimes.lu\/de\/\" target=\"_blank\" rel=\"noreferrer noopener\">Enovos + SUDenergie<\/a><\/li>\n\n\n\n<li><a href=\"https:\/\/sudenergie.lu\/service\/energiesparen\" target=\"_blank\" rel=\"noreferrer noopener\">SUDenergie<\/a><\/li>\n\n\n\n<li><a href=\"https:\/\/www.sudstroum.lu\/de\/hauptseite-kundenservice\/energieberatung-finanzielle-unterstutzung\/\" target=\"_blank\" rel=\"noreferrer noopener\">Sudstroum<\/a><\/li>\n<\/ul>\n\n\n\n<p>N.B.: Die Beihilfen der Versorger k\u00f6nnen mit einer staatlichen Beihilfe f\u00fcr dasselbe Projekt kumuliert werden.<\/p>\n","protected":false},"featured_media":3451,"parent":0,"template":"","secteur":[130,80],"thematique":[91],"application":[92],"class_list":["post-3531","mesures","type-mesures","status-publish","has-post-thumbnail","hentry","secteur-boulanger-de","secteur-handwerk","thematique-energie-de","application-heizung"],"acf":[],"_links":{"self":[{"href":"https:\/\/dev.klimapaktfirbetriber.lu\/de\/wp-json\/wp\/v2\/mesures\/3531","targetHints":{"allow":["GET"]}}],"collection":[{"href":"https:\/\/dev.klimapaktfirbetriber.lu\/de\/wp-json\/wp\/v2\/mesures"}],"about":[{"href":"https:\/\/dev.klimapaktfirbetriber.lu\/de\/wp-json\/wp\/v2\/types\/mesures"}],"version-history":[{"count":8,"href":"https:\/\/dev.klimapaktfirbetriber.lu\/de\/wp-json\/wp\/v2\/mesures\/3531\/revisions"}],"predecessor-version":[{"id":1394706,"href":"https:\/\/dev.klimapaktfirbetriber.lu\/de\/wp-json\/wp\/v2\/mesures\/3531\/revisions\/1394706"}],"wp:featuredmedia":[{"embeddable":true,"href":"https:\/\/dev.klimapaktfirbetriber.lu\/de\/wp-json\/wp\/v2\/media\/3451"}],"wp:attachment":[{"href":"https:\/\/dev.klimapaktfirbetriber.lu\/de\/wp-json\/wp\/v2\/media?parent=3531"}],"wp:term":[{"taxonomy":"secteur","embeddable":true,"href":"https:\/\/dev.klimapaktfirbetriber.lu\/de\/wp-json\/wp\/v2\/secteur?post=3531"},{"taxonomy":"thematique","embeddable":true,"href":"https:\/\/dev.klimapaktfirbetriber.lu\/de\/wp-json\/wp\/v2\/thematique?post=3531"},{"taxonomy":"application","embeddable":true,"href":"https:\/\/dev.klimapaktfirbetriber.lu\/de\/wp-json\/wp\/v2\/application?post=3531"}],"curies":[{"name":"wp","href":"https:\/\/api.w.org\/{rel}","templated":true}]}}

Bäckerei: Infrarotöfen

<h2 class="wp-block-heading">Ersetzen eines Gas- oder Ölofens durch einen Elektroofen (Backöfen)</h2>



<p>Das Projekt besteht darin, einen vorhandenen gas- oder ölbetriebenen Ofen durch einen elektrischen Ofen zu ersetzen, der Infrarotstrahlung zum Backen der Produkte verwendet.</p>



<p>Durch die Installation dieser Technologie, die seit mehr als fünf Jahren auf dem Markt ist, kann ein Unternehmen bis zu 80 % des Energieverbrauchs eines Ofens einsparen und durch den Wechsel des Energieträgers (von Gas/Öl zu Strom) den CO2-Fußabdruck erheblich reduzieren. Diese Maßnahme ist jedoch relativ schwierig umzusetzen, kann sich mittel- bis langfristig amortisieren und erfordert eine Unterbrechung der Produktion während der Installation.</p>



<!--more-->



<h3 class="type-numerotation"><span class="type-numerotation-span visually-hidden"></span>Energie- und Umweltauswirkungen</h3>



<p>Die Öfen erzeugen mit Hilfe elektrischer Spulen Wärme- oder Infrarotenergie und übertragen diese auf die Oberfläche der zu backenden Produkte, ohne dabei die Umgebungsluft zu erwärmen. Diese Öfen sind 50-80 % effizienter als herkömmliche Öfen, da beim Backprozess keine großen Luftmengen erhitzt werden.</p>



<p>Außerdem verkürzen sie die Backzeit um fast die Hälfte. Ein Infrarotofen backt beispielsweise Brot in knapp sechs Minuten, ein herkömmlicher Ofen dagegen in 17 Minuten. Darüber hinaus kann die anfänglich auf 100 % festgelegte Leistungsstufe während der zweiten und dritten Backstufe auf 30 bis 50 % reduziert werden.</p>



<p>So reduziert der Einsatz von Infrarotöfen sowohl den Gesamtenergieverbrauch als auch die Backzeit und steigert damit die Effizienz einer Bäckerei.</p>



<h3 class="type-numerotation"><span class="type-numerotation-span visually-hidden"></span>Beantragung von Beihilfen</h3>



<h4 class="wp-block-heading">Staatliche Beihilfen</h4>



<div class="wp-block-group has-light-green-background-color has-background"><div class="wp-block-group__inner-container is-layout-constrained wp-block-group-is-layout-constrained">
<div class="wp-block-group"><div class="wp-block-group__inner-container is-layout-constrained wp-block-group-is-layout-constrained">
<p><strong><strong>Achtung: Anreizeffekt bei der Beantragung zu beachten</strong></strong><br>Um den mit der Beihilfe beabsichtigten Anreizeffekt zu wahren, dürfen keine verbindlichen Zusagen gemacht werden (Annahme eines Kostenvoranschlags; Anzahlung)</p>
</div></div>



<ul class="wp-block-list">
<li><strong><a href="https://guichet.public.lu/de/entreprises/financement-aides/regime-sme-packages/soutien-pme/sme-packages-sustainability.html" target="_blank" data-type="link" data-id="https://guichet.public.lu/fr/entreprises/financement-aides/regime-sme-packages/soutien-pme/sme-packages-sustainability.html" rel="noreferrer noopener">SME Packages &#8211; Sustainability</a></strong>
<ul class="wp-block-list">
<li>Finanzielle Förderung für kleine und mittlere Unternehmen, welche bis zu 70 % der förderfähigen Kosten für die Umsetzung eines Projekts zur Reduzierung der Umweltbelastung deckt. Das zulässige Projektbudget muss zwischen 3.000 € und 25.000 € zzgl. MwSt. liegen.</li>



<li>Bei Fragen:
<ul class="wp-block-list">
<li><a href="mailto:contact@cdm.lu" target="_blank" rel="noreferrer noopener">Chambre des Métiers</a> für Handwerker</li>



<li><a href="mailto:subsides@houseofentrepreneurship.lu" target="_blank" rel="noreferrer noopener">Chambre de Commerce</a> für Unternehmen im nicht-handwerklichen Bereich</li>
</ul>
</li>
</ul>
</li>
</ul>



<ul class="wp-block-list">
<li><a href="https://guichet.public.lu/de/entreprises/financement-aides/aides-environnement/industrie-services/aide-protec-environnement.html" target="_blank" rel="noreferrer noopener"><strong>Umweltschutzregelung – Investitionsbeihilfen für den Umweltschutz</strong></a>
<ul class="wp-block-list">
<li>Überprüfung der Förderfähigkeit des Unternehmens und der Kosten: <a href="https://guichet.public.lu/de/citoyens/organismes/organismes_entreprises/ministere-economie/direction-recherche-innov.html" target="_blank" rel="noreferrer noopener">Generaldirektion Industrie, neue Technologien und Forschung</a></li>



<li>Unterstützung bei der Erstellung der Antragsunterlagen vor der Einreichung beim Wirtschaftsministerium. Für alle Fragen: <a href="mailto:aides@luxinnovation.lu" target="_blank" data-type="mailto" data-id="mailto:aides@luxinnovation.lu" rel="noreferrer noopener">Luxinnovation</a></li>



<li>Weitere Informationen für Investitionen zugunsten des Umweltschutzes finden Sie im <a href="https://luxinnovation.lu/getmedia/ef53005c-714b-47fe-9e93-4ded9ec74387/guide-env-simplifie-meco-lxi-20221020-(2).pdf" target="_blank" rel="noreferrer noopener">vereinfachten Leitfaden für Unternehmen</a></li>
</ul>
</li>
</ul>



<p>N.B. Staatliche Beihilfen sind für ein Projekt nicht miteinander kumulierbar (aber mit Beihilfen von Energieversorgern kumulierbar)</p>
</div></div>



<h4 class="wp-block-heading">Beihilfen von Strom- und Gasversorgern</h4>



<p>Seit 2015 sind Strom- und Gasversorger im Rahmen des Verpflichtungssystems aufgefordert, Energieeinsparungen bei den Verbrauchern zu erzielen. Seitdem bieten die Energieversorger Unterstützung und Beratung sowie Förderprogramme für Verbraucher bei der Umsetzung von Energieeffizienzmaßnahmen an. Die Höhe der Prämie ist proportional zur jährlichen Energieeinsparung (in MWh). Die Versorger, die diesen Service für Unternehmen anbieten, sind folgende:</p>



<ul class="wp-block-list">
<li><a href="https://www.enoprimes.lu/de/" target="_blank" rel="noreferrer noopener">Enovos + SUDenergie</a></li>



<li><a href="https://sudenergie.lu/service/energiesparen" target="_blank" rel="noreferrer noopener">SUDenergie</a></li>



<li><a href="https://www.sudstroum.lu/de/hauptseite-kundenservice/energieberatung-finanzielle-unterstutzung/" target="_blank" rel="noreferrer noopener">Sudstroum</a></li>
</ul>



<p>N.B.: Die Beihilfen der Versorger können mit einer staatlichen Beihilfe für dasselbe Projekt kumuliert werden.</p>
