{"id":3460,"date":"2024-05-28T15:43:22","date_gmt":"2024-05-28T13:43:22","guid":{"rendered":"https:\/\/dev.klimapaktfirbetriber.lu\/mesures\/boulangerie-installation-dun-four-de-cuisson-multiniveaux\/"},"modified":"2025-06-30T15:48:36","modified_gmt":"2025-06-30T13:48:36","slug":"boulangerie-installation-dun-four-de-cuisson-multiniveaux","status":"publish","type":"mesures","link":"https:\/\/dev.klimapaktfirbetriber.lu\/de\/massnahmen\/boulangerie-installation-dun-four-de-cuisson-multiniveaux\/","title":{"rendered":"B\u00e4ckerei: Installation eines Mehretagen-Backofens"},"content":{"rendered":"\n<h2 class=\"wp-block-heading\">Ersetzen eines herk\u00f6mmlichen Ofens durch einen Mehretagen-Ofen (Back\u00f6fen)<\/h2>\n\n\n\n<p>Das Projekt besteht darin, einen herk\u00f6mmlichen Ofen, der nicht f\u00fcr die gleichzeitige Herstellung verschiedener Produkte geeignet ist, durch einen Ofen mit mehreren Etagen zu ersetzen, der es erm\u00f6glicht, die Kapazit\u00e4t des Ofens zu optimieren und somit die Betriebszeit f\u00fcr die gleiche Produktion zu verk\u00fcrzen.<\/p>\n\n\n\n<p>Durch die Installation dieser Technologie, die seit mehr als f\u00fcnf Jahren auf dem Markt ist, kann das Unternehmen bis zu 10 % des Stromverbrauchs einsparen und seinen CO2-Fu\u00dfabdruck ein wenig verringern. Diese Ma\u00dfnahme amortisiert sich kaum allein durch die Energiekosten, erm\u00f6glicht aber eine gr\u00f6\u00dfere Flexibilit\u00e4t und m\u00f6glicherweise eine Optimierung der Backzeit und damit eine Steigerung des Ertrags. Diese Ma\u00dfnahme ist nicht einfach umzusetzen und erfordert eine Unterbrechung der Produktion w\u00e4hrend der Installation.<\/p>\n\n\n\n<!--more-->\n\n\n\n<h3 class=\"type-numerotation\"><span class=\"type-numerotation-span visually-hidden\"><\/span>Energie- und Umweltauswirkungen<\/h3>\n\n\n\n<p>Diese \u00d6fen k\u00f6nnen den Ertrag von B\u00e4ckereien steigern. Die verschiedenen Etagen der \u00d6fen k\u00f6nnen auf unterschiedliche Temperaturen, Feuchtigkeitsniveaus und Luftstr\u00f6me eingestellt werden. Sie bieten daher eine gr\u00f6\u00dfere Flexibilit\u00e4t bei den Produktionsprozessen und tragen auch dazu bei, Energieverluste zu verringern, indem sie eine bessere Kontrolle \u00fcber die Energienutzung erm\u00f6glichen.<\/p>\n\n\n\n<h3 class=\"type-numerotation\"><span class=\"type-numerotation-span visually-hidden\"><\/span>Beantragung von Beihilfen<\/h3>\n\n\n\n<h4 class=\"wp-block-heading\">Staatliche Beihilfen<\/h4>\n\n\n\n<div class=\"wp-block-group has-light-green-background-color has-background\"><div class=\"wp-block-group__inner-container is-layout-constrained wp-block-group-is-layout-constrained\">\n<div class=\"wp-block-group\"><div class=\"wp-block-group__inner-container is-layout-constrained wp-block-group-is-layout-constrained\">\n<p><strong><strong>Achtung: Anreizeffekt bei der Beantragung zu beachten<\/strong><\/strong><br>Um den mit der Beihilfe beabsichtigten Anreizeffekt zu wahren, d\u00fcrfen keine verbindlichen Zusagen gemacht werden (Annahme eines Kostenvoranschlags; Anzahlung)<\/p>\n<\/div><\/div>\n\n\n\n<ul class=\"wp-block-list\">\n<li><strong><a href=\"https:\/\/guichet.public.lu\/de\/entreprises\/financement-aides\/regime-sme-packages\/soutien-pme\/sme-packages-sustainability.html\" target=\"_blank\" data-type=\"link\" data-id=\"https:\/\/guichet.public.lu\/fr\/entreprises\/financement-aides\/regime-sme-packages\/soutien-pme\/sme-packages-sustainability.html\" rel=\"noreferrer noopener\">SME Packages &#8211; Sustainability<\/a><\/strong>\n<ul class=\"wp-block-list\">\n<li>Finanzielle F\u00f6rderung f\u00fcr kleine und mittlere Unternehmen, welche bis zu 70 % der f\u00f6rderf\u00e4higen Kosten f\u00fcr die Umsetzung eines Projekts zur Reduzierung der Umweltbelastung deckt. Das zul\u00e4ssige Projektbudget muss zwischen 3.000 \u20ac und 25.000 \u20ac zzgl. MwSt. liegen.<\/li>\n\n\n\n<li>Bei Fragen:\n<ul class=\"wp-block-list\">\n<li><a href=\"mailto:contact@cdm.lu\" target=\"_blank\" rel=\"noreferrer noopener\">Chambre des M\u00e9tiers<\/a> f\u00fcr Handwerker<\/li>\n\n\n\n<li><a href=\"mailto:subsides@houseofentrepreneurship.lu\" target=\"_blank\" rel=\"noreferrer noopener\">Chambre de Commerce<\/a> f\u00fcr Unternehmen im nicht-handwerklichen Bereich<\/li>\n<\/ul>\n<\/li>\n<\/ul>\n<\/li>\n<\/ul>\n\n\n\n<ul class=\"wp-block-list\">\n<li><a href=\"https:\/\/guichet.public.lu\/de\/entreprises\/financement-aides\/aides-environnement\/industrie-services\/aide-protec-environnement.html\" target=\"_blank\" rel=\"noreferrer noopener\"><strong>Umweltschutzregelung \u2013 Investitionsbeihilfen f\u00fcr den Umweltschutz<\/strong><\/a>\n<ul class=\"wp-block-list\">\n<li>\u00dcberpr\u00fcfung der F\u00f6rderf\u00e4higkeit des Unternehmens und der Kosten: <a href=\"https:\/\/guichet.public.lu\/de\/citoyens\/organismes\/organismes_entreprises\/ministere-economie\/direction-recherche-innov.html\" target=\"_blank\" rel=\"noreferrer noopener\">Generaldirektion Industrie, neue Technologien und Forschung<\/a><\/li>\n\n\n\n<li>Unterst\u00fctzung bei der Erstellung der Antragsunterlagen vor der Einreichung beim Wirtschaftsministerium. F\u00fcr alle Fragen: <a href=\"mailto:aides@luxinnovation.lu\" target=\"_blank\" data-type=\"mailto\" data-id=\"mailto:aides@luxinnovation.lu\" rel=\"noreferrer noopener\">Luxinnovation<\/a><\/li>\n\n\n\n<li>Weitere Informationen f\u00fcr Investitionen zugunsten des Umweltschutzes finden Sie im <a href=\"https:\/\/luxinnovation.lu\/getmedia\/ef53005c-714b-47fe-9e93-4ded9ec74387\/guide-env-simplifie-meco-lxi-20221020-(2).pdf\" target=\"_blank\" rel=\"noreferrer noopener\">vereinfachten Leitfaden f\u00fcr Unternehmen<\/a><\/li>\n<\/ul>\n<\/li>\n<\/ul>\n\n\n\n<p>N.B. Staatliche Beihilfen sind f\u00fcr ein Projekt nicht miteinander kumulierbar (aber mit Beihilfen von Energieversorgern kumulierbar)<\/p>\n<\/div><\/div>\n\n\n\n<h4 class=\"wp-block-heading\">Beihilfen von Strom- und Gasversorgern<\/h4>\n\n\n\n<p>Seit 2015 sind Strom- und Gasversorger im Rahmen des Verpflichtungssystems aufgefordert, Energieeinsparungen bei den Verbrauchern zu erzielen. Seitdem bieten die Energieversorger Unterst\u00fctzung und Beratung sowie F\u00f6rderprogramme f\u00fcr Verbraucher bei der Umsetzung von Energieeffizienzma\u00dfnahmen an. Die H\u00f6he der Pr\u00e4mie ist proportional zur j\u00e4hrlichen Energieeinsparung (in MWh). Die Versorger, die diesen Service f\u00fcr Unternehmen anbieten, sind folgende:<\/p>\n\n\n\n<ul class=\"wp-block-list\">\n<li><a href=\"https:\/\/www.enoprimes.lu\/de\/\" target=\"_blank\" rel=\"noreferrer noopener\">Enovos + SUDenergie<\/a><\/li>\n\n\n\n<li><a href=\"https:\/\/sudenergie.lu\/service\/energiesparen\" target=\"_blank\" rel=\"noreferrer noopener\">SUDenergie<\/a><\/li>\n\n\n\n<li><a href=\"https:\/\/www.sudstroum.lu\/de\/hauptseite-kundenservice\/energieberatung-finanzielle-unterstutzung\/\" target=\"_blank\" rel=\"noreferrer noopener\">Sudstroum<\/a><\/li>\n<\/ul>\n\n\n\n<p>N.B.: Die Beihilfen der Versorger k\u00f6nnen mit einer staatlichen Beihilfe f\u00fcr dasselbe Projekt kumuliert werden.<\/p>\n","protected":false},"featured_media":3451,"parent":0,"template":"","secteur":[130,80],"thematique":[91],"application":[109,92,112],"class_list":["post-3460","mesures","type-mesures","status-publish","has-post-thumbnail","hentry","secteur-boulanger-de","secteur-handwerk","thematique-energie-de","application-analyse-de","application-heizung","application-lueftung"],"acf":[],"_links":{"self":[{"href":"https:\/\/dev.klimapaktfirbetriber.lu\/de\/wp-json\/wp\/v2\/mesures\/3460","targetHints":{"allow":["GET"]}}],"collection":[{"href":"https:\/\/dev.klimapaktfirbetriber.lu\/de\/wp-json\/wp\/v2\/mesures"}],"about":[{"href":"https:\/\/dev.klimapaktfirbetriber.lu\/de\/wp-json\/wp\/v2\/types\/mesures"}],"version-history":[{"count":12,"href":"https:\/\/dev.klimapaktfirbetriber.lu\/de\/wp-json\/wp\/v2\/mesures\/3460\/revisions"}],"predecessor-version":[{"id":1393619,"href":"https:\/\/dev.klimapaktfirbetriber.lu\/de\/wp-json\/wp\/v2\/mesures\/3460\/revisions\/1393619"}],"wp:featuredmedia":[{"embeddable":true,"href":"https:\/\/dev.klimapaktfirbetriber.lu\/de\/wp-json\/wp\/v2\/media\/3451"}],"wp:attachment":[{"href":"https:\/\/dev.klimapaktfirbetriber.lu\/de\/wp-json\/wp\/v2\/media?parent=3460"}],"wp:term":[{"taxonomy":"secteur","embeddable":true,"href":"https:\/\/dev.klimapaktfirbetriber.lu\/de\/wp-json\/wp\/v2\/secteur?post=3460"},{"taxonomy":"thematique","embeddable":true,"href":"https:\/\/dev.klimapaktfirbetriber.lu\/de\/wp-json\/wp\/v2\/thematique?post=3460"},{"taxonomy":"application","embeddable":true,"href":"https:\/\/dev.klimapaktfirbetriber.lu\/de\/wp-json\/wp\/v2\/application?post=3460"}],"curies":[{"name":"wp","href":"https:\/\/api.w.org\/{rel}","templated":true}]}}

Bäckerei: Installation eines Mehretagen-Backofens

<h2 class="wp-block-heading">Ersetzen eines herkömmlichen Ofens durch einen Mehretagen-Ofen (Backöfen)</h2>



<p>Das Projekt besteht darin, einen herkömmlichen Ofen, der nicht für die gleichzeitige Herstellung verschiedener Produkte geeignet ist, durch einen Ofen mit mehreren Etagen zu ersetzen, der es ermöglicht, die Kapazität des Ofens zu optimieren und somit die Betriebszeit für die gleiche Produktion zu verkürzen.</p>



<p>Durch die Installation dieser Technologie, die seit mehr als fünf Jahren auf dem Markt ist, kann das Unternehmen bis zu 10 % des Stromverbrauchs einsparen und seinen CO2-Fußabdruck ein wenig verringern. Diese Maßnahme amortisiert sich kaum allein durch die Energiekosten, ermöglicht aber eine größere Flexibilität und möglicherweise eine Optimierung der Backzeit und damit eine Steigerung des Ertrags. Diese Maßnahme ist nicht einfach umzusetzen und erfordert eine Unterbrechung der Produktion während der Installation.</p>



<!--more-->



<h3 class="type-numerotation"><span class="type-numerotation-span visually-hidden"></span>Energie- und Umweltauswirkungen</h3>



<p>Diese Öfen können den Ertrag von Bäckereien steigern. Die verschiedenen Etagen der Öfen können auf unterschiedliche Temperaturen, Feuchtigkeitsniveaus und Luftströme eingestellt werden. Sie bieten daher eine größere Flexibilität bei den Produktionsprozessen und tragen auch dazu bei, Energieverluste zu verringern, indem sie eine bessere Kontrolle über die Energienutzung ermöglichen.</p>



<h3 class="type-numerotation"><span class="type-numerotation-span visually-hidden"></span>Beantragung von Beihilfen</h3>



<h4 class="wp-block-heading">Staatliche Beihilfen</h4>



<div class="wp-block-group has-light-green-background-color has-background"><div class="wp-block-group__inner-container is-layout-constrained wp-block-group-is-layout-constrained">
<div class="wp-block-group"><div class="wp-block-group__inner-container is-layout-constrained wp-block-group-is-layout-constrained">
<p><strong><strong>Achtung: Anreizeffekt bei der Beantragung zu beachten</strong></strong><br>Um den mit der Beihilfe beabsichtigten Anreizeffekt zu wahren, dürfen keine verbindlichen Zusagen gemacht werden (Annahme eines Kostenvoranschlags; Anzahlung)</p>
</div></div>



<ul class="wp-block-list">
<li><strong><a href="https://guichet.public.lu/de/entreprises/financement-aides/regime-sme-packages/soutien-pme/sme-packages-sustainability.html" target="_blank" data-type="link" data-id="https://guichet.public.lu/fr/entreprises/financement-aides/regime-sme-packages/soutien-pme/sme-packages-sustainability.html" rel="noreferrer noopener">SME Packages &#8211; Sustainability</a></strong>
<ul class="wp-block-list">
<li>Finanzielle Förderung für kleine und mittlere Unternehmen, welche bis zu 70 % der förderfähigen Kosten für die Umsetzung eines Projekts zur Reduzierung der Umweltbelastung deckt. Das zulässige Projektbudget muss zwischen 3.000 € und 25.000 € zzgl. MwSt. liegen.</li>



<li>Bei Fragen:
<ul class="wp-block-list">
<li><a href="mailto:contact@cdm.lu" target="_blank" rel="noreferrer noopener">Chambre des Métiers</a> für Handwerker</li>



<li><a href="mailto:subsides@houseofentrepreneurship.lu" target="_blank" rel="noreferrer noopener">Chambre de Commerce</a> für Unternehmen im nicht-handwerklichen Bereich</li>
</ul>
</li>
</ul>
</li>
</ul>



<ul class="wp-block-list">
<li><a href="https://guichet.public.lu/de/entreprises/financement-aides/aides-environnement/industrie-services/aide-protec-environnement.html" target="_blank" rel="noreferrer noopener"><strong>Umweltschutzregelung – Investitionsbeihilfen für den Umweltschutz</strong></a>
<ul class="wp-block-list">
<li>Überprüfung der Förderfähigkeit des Unternehmens und der Kosten: <a href="https://guichet.public.lu/de/citoyens/organismes/organismes_entreprises/ministere-economie/direction-recherche-innov.html" target="_blank" rel="noreferrer noopener">Generaldirektion Industrie, neue Technologien und Forschung</a></li>



<li>Unterstützung bei der Erstellung der Antragsunterlagen vor der Einreichung beim Wirtschaftsministerium. Für alle Fragen: <a href="mailto:aides@luxinnovation.lu" target="_blank" data-type="mailto" data-id="mailto:aides@luxinnovation.lu" rel="noreferrer noopener">Luxinnovation</a></li>



<li>Weitere Informationen für Investitionen zugunsten des Umweltschutzes finden Sie im <a href="https://luxinnovation.lu/getmedia/ef53005c-714b-47fe-9e93-4ded9ec74387/guide-env-simplifie-meco-lxi-20221020-(2).pdf" target="_blank" rel="noreferrer noopener">vereinfachten Leitfaden für Unternehmen</a></li>
</ul>
</li>
</ul>



<p>N.B. Staatliche Beihilfen sind für ein Projekt nicht miteinander kumulierbar (aber mit Beihilfen von Energieversorgern kumulierbar)</p>
</div></div>



<h4 class="wp-block-heading">Beihilfen von Strom- und Gasversorgern</h4>



<p>Seit 2015 sind Strom- und Gasversorger im Rahmen des Verpflichtungssystems aufgefordert, Energieeinsparungen bei den Verbrauchern zu erzielen. Seitdem bieten die Energieversorger Unterstützung und Beratung sowie Förderprogramme für Verbraucher bei der Umsetzung von Energieeffizienzmaßnahmen an. Die Höhe der Prämie ist proportional zur jährlichen Energieeinsparung (in MWh). Die Versorger, die diesen Service für Unternehmen anbieten, sind folgende:</p>



<ul class="wp-block-list">
<li><a href="https://www.enoprimes.lu/de/" target="_blank" rel="noreferrer noopener">Enovos + SUDenergie</a></li>



<li><a href="https://sudenergie.lu/service/energiesparen" target="_blank" rel="noreferrer noopener">SUDenergie</a></li>



<li><a href="https://www.sudstroum.lu/de/hauptseite-kundenservice/energieberatung-finanzielle-unterstutzung/" target="_blank" rel="noreferrer noopener">Sudstroum</a></li>
</ul>



<p>N.B.: Die Beihilfen der Versorger können mit einer staatlichen Beihilfe für dasselbe Projekt kumuliert werden.</p>
