{"id":1613444,"date":"2025-07-24T08:18:18","date_gmt":"2025-07-24T06:18:18","guid":{"rendered":"https:\/\/dev.klimapaktfirbetriber.lu\/?post_type=mesures&#038;p=1613444"},"modified":"2025-08-25T09:35:53","modified_gmt":"2025-08-25T07:35:53","slug":"portes-garage","status":"publish","type":"mesures","link":"https:\/\/dev.klimapaktfirbetriber.lu\/de\/massnahmen\/portes-garage\/","title":{"rendered":"Mechanische Werkstatt : Einbau von Schnelllauftoren"},"content":{"rendered":"\n<h2 class=\"wp-block-heading\">Einbau von Schnelllauftoren<\/h2>\n\n\n\n<p>Der Einsatz herk\u00f6mmlicher Sektionaltore im Industrie- und Automobilbereich f\u00fchrt h\u00e4ufig zu erheblichen W\u00e4rmeverlusten und Unbehagen f\u00fcr das Personal. Ursache sind haupts\u00e4chlich ihre hohe Verwendungsh\u00e4ufigkeit und ihre \u00d6ffnungsdauer. Oft bleiben sie der Einfachheit halber und wegen Zeitersparnis dauerhaft ge\u00f6ffnet.<\/p>\n\n\n\n<p>Dank der automatischen \u00d6ffnung durch Anwesenheitserkennung und der Begrenzung der \u00d6ffnungs- und Schlie\u00dfzeiten tragen die Tore zu einer Verbesserung der Raumtemperaturstabilit\u00e4t und zur Begrenzung von Temperaturschwankungen bei. Durch die Verringerung starker Temperaturschwankungen lassen sich auch Start-Stopp-Sequenzen von Heizungs- und Klimaanlagen vermeiden, die h\u00e4ufig zu Funktionsst\u00f6rungen und Zuverl\u00e4ssigkeitsverlusten f\u00fchren.<\/p>\n\n\n\n<p>Die Ma\u00dfnahme kann den j\u00e4hrlichen Heizenergieverbrauch um \u00fcber 30\u202f% senken und damit auch die Treibhausgasemissionen deutlich reduzieren. Die Installation dieser einfach integrierbaren Technologie erfordert keine Produktionsunterbrechung und amortisiert sich in kurzer Zeit.<\/p>\n\n\n\n<!--more-->\n\n\n\n<h3 class=\"type-numerotation\"><span class=\"type-numerotation-span visually-hidden\"><\/span>Diverse Gewinne<\/h3>\n\n\n\n<ul class=\"wp-block-list\">\n<li>Die finanziellen Einsparungen werden insbesondere durch die drastische Reduzierung der \u00d6ffnungszeiten der Geb\u00e4udetoren erzielt, wodurch unn\u00f6tiges Heizen gro\u00dfer Luftmengen vermieden wird.<\/li>\n\n\n\n<li>Der thermische Komfort der Mitarbeiter wird erh\u00f6ht, indem die Zeit, in der Au\u00dfenluft eindringen kann, begrenzt wird und die Wartezeiten f\u00fcr Fahrzeuge\/Flurf\u00f6rderzeuge verk\u00fcrzt werden.<\/li>\n\n\n\n<li>Der \u00f6kologische Nutzen ist erheblich: Durch die Reduzierung von W\u00e4rmeverlusten kann der Verbrauch fossiler Brennstoffe gesenkt und somit die mit der Heizung verbundenen Treibhausgasemissionen reduziert werden<\/li>\n<\/ul>\n\n\n\n<h3 class=\"type-numerotation\"><span class=\"type-numerotation-span visually-hidden\"><\/span>Beantragung von Beihilfen<\/h3>\n\n\n\n<h4 class=\"wp-block-heading\"><strong><strong>Aides \u00e9tatiques<\/strong><\/strong><\/h4>\n\n\n\n<div class=\"wp-block-group has-light-green-background-color has-background\"><div class=\"wp-block-group__inner-container is-layout-constrained wp-block-group-is-layout-constrained\">\n<p><strong>Achtung : Anreizeffekt bei der Beantragung zu beachten<\/strong><br>Um den mit der Beihilfe beabsichtigten Anreizeffekt zu wahren, d\u00fcrfen keine verbindlichen Zusagen gemacht werden (Annahme eines Kostenvoranschlags; Anzahlung)<\/p>\n\n\n\n<ul class=\"wp-block-list\">\n<li><a href=\"https:\/\/guichet.public.lu\/de\/entreprises\/financement-aides\/regime-sme-packages\/soutien-pme\/sme-packages-sustainability.html\" target=\"_blank\" rel=\"noopener\"><strong>SME Packages &#8211; Sustainability<\/strong><\/a>\n<ul class=\"wp-block-list\">\n<li>Beihilfe f\u00fcr kleine und mittlere Unternehmen, die bis zu 70 % der f\u00f6rderf\u00e4higen Kosten f\u00fcr die Durchf\u00fchrung eines Projekts zur Verringerung ihrer Umweltbelastung abdeckt. Der Gesamtbetrag des Projekts muss zwischen 3.000 \u20ac und 25.000 \u20ac ohne MwSt. liegen.<\/li>\n<\/ul>\n<\/li>\n\n\n\n<li>F\u00fcr alle Fragen :\n<ul class=\"wp-block-list\">\n<li><a href=\"mailto:ehandwierk@cdm.lu\">Chambre des M\u00e9tiers<\/a> (Handwerkskammer) f\u00fcr Handwerker<\/li>\n\n\n\n<li><a href=\"mailto:sustainability@cc.lu\">Chamber of Commerce<\/a> (Handelskammer) f\u00fcr Unternehmen im nicht-handwerklichen Bereich<\/li>\n<\/ul>\n<\/li>\n\n\n\n<li><a href=\"https:\/\/guichet.public.lu\/de\/entreprises\/financement-aides\/aides-environnement\/industrie-services\/aide-protec-environnement.html\" target=\"_blank\" rel=\"noopener\">Umweltschutzregelung \u2013 Beihilfen f\u00fcr Investitionsvorhaben zugunsten des Umweltschutzes<\/a>\n<ul class=\"wp-block-list\">\n<li>\u00dcberpr\u00fcfung der F\u00f6rderf\u00e4higkeit des Unternehmens und der Kosten: Generaldirektion \u2013 Industrie, neue Technologien und Forschung<\/li>\n\n\n\n<li>Unterst\u00fctzung bei der Erstellung des Beihilfeantrags vor der Einreichung beim Ministerium f\u00fcr Wirtschaft<\/li>\n\n\n\n<li>Bei Fragen\u00a0: <a href=\"mailto:aides@luxinnovation.lu\">Luxinnovation<\/a><\/li>\n\n\n\n<li>Weitere Informationen und Empfehlungen f\u00fcr Unternehmen in Bezug auf Investitionen zugunsten des Umweltschutzes befinden sich im <a href=\"https:\/\/luxinnovation.lu\/de-lu\/ressourcen\/hilfe-fur-den-umweltschutz\" target=\"_blank\" rel=\"noopener\">Vereinfachten Leitfaden f\u00fcr Unternehmen<\/a><\/li>\n<\/ul>\n<\/li>\n<\/ul>\n\n\n\n<p>N.B. Staatliche Beihilfen sind f\u00fcr ein Projekt nicht miteinander kumulierbar (aber mit Beihilfen von Versorgern kumulierbar).<\/p>\n<\/div><\/div>\n\n\n\n<h4 class=\"wp-block-heading\"><strong><strong><strong>Beihilfen von Strom- und Gasversorgern<\/strong><\/strong><\/strong><\/h4>\n\n\n\n<p>Seit 2015 sind Strom- und Gasversorger im Rahmen des Verpflichtungssystems aufgefordert, Energieeinsparungen bei den Verbrauchern zu erzielen. Seitdem bieten die Energieversorger Unterst\u00fctzung und Beratung sowie F\u00f6rderprogramme f\u00fcr Verbraucher bei der Umsetzung von Energieeffizienzma\u00dfnahmen an. Die H\u00f6he der Pr\u00e4mie ist proportional zur j\u00e4hrlichen Energieeinsparung. Die Versorger, die diesen Service f\u00fcr Unternehmen anbieten, sind folgende:<\/p>\n\n\n\n<ul class=\"wp-block-list\">\n<li><a href=\"https:\/\/enoprimes.lu\/de\/\" target=\"_blank\" rel=\"noopener\">Enovos + SUDenergie<\/a><\/li>\n\n\n\n<li><a href=\"https:\/\/www.sudstroum.lu\/de\/hauptseite-kundenservice\/energieberatung-finanzielle-unterstutzung\/\" target=\"_blank\" rel=\"noopener\">Sudstroum<\/a><\/li>\n<\/ul>\n\n\n\n<p>Hinweis: Die Beihilfen der Versorger k\u00f6nnen mit einer staatlichen Beihilfe f\u00fcr dasselbe Projekt kumuliert werden.<\/p>\n\n\n\n<p><\/p>\n","protected":false},"featured_media":1667144,"parent":0,"template":"","secteur":[80,84,133,85],"thematique":[91],"application":[110,92,111,112],"class_list":["post-1613444","mesures","type-mesures","status-publish","has-post-thumbnail","hentry","secteur-handwerk","secteur-industrie","secteur-schreinerei","secteur-werkstatt","thematique-energie-de","application-gebaeude","application-heizung","application-kuehlung","application-lueftung"],"acf":[],"_links":{"self":[{"href":"https:\/\/dev.klimapaktfirbetriber.lu\/de\/wp-json\/wp\/v2\/mesures\/1613444","targetHints":{"allow":["GET"]}}],"collection":[{"href":"https:\/\/dev.klimapaktfirbetriber.lu\/de\/wp-json\/wp\/v2\/mesures"}],"about":[{"href":"https:\/\/dev.klimapaktfirbetriber.lu\/de\/wp-json\/wp\/v2\/types\/mesures"}],"version-history":[{"count":4,"href":"https:\/\/dev.klimapaktfirbetriber.lu\/de\/wp-json\/wp\/v2\/mesures\/1613444\/revisions"}],"predecessor-version":[{"id":1709346,"href":"https:\/\/dev.klimapaktfirbetriber.lu\/de\/wp-json\/wp\/v2\/mesures\/1613444\/revisions\/1709346"}],"wp:featuredmedia":[{"embeddable":true,"href":"https:\/\/dev.klimapaktfirbetriber.lu\/de\/wp-json\/wp\/v2\/media\/1667144"}],"wp:attachment":[{"href":"https:\/\/dev.klimapaktfirbetriber.lu\/de\/wp-json\/wp\/v2\/media?parent=1613444"}],"wp:term":[{"taxonomy":"secteur","embeddable":true,"href":"https:\/\/dev.klimapaktfirbetriber.lu\/de\/wp-json\/wp\/v2\/secteur?post=1613444"},{"taxonomy":"thematique","embeddable":true,"href":"https:\/\/dev.klimapaktfirbetriber.lu\/de\/wp-json\/wp\/v2\/thematique?post=1613444"},{"taxonomy":"application","embeddable":true,"href":"https:\/\/dev.klimapaktfirbetriber.lu\/de\/wp-json\/wp\/v2\/application?post=1613444"}],"curies":[{"name":"wp","href":"https:\/\/api.w.org\/{rel}","templated":true}]}}

<h2 class="wp-block-heading">Einbau von Schnelllauftoren</h2>



<p>Der Einsatz herkömmlicher Sektionaltore im Industrie- und Automobilbereich führt häufig zu erheblichen Wärmeverlusten und Unbehagen für das Personal. Ursache sind hauptsächlich ihre hohe Verwendungshäufigkeit und ihre Öffnungsdauer. Oft bleiben sie der Einfachheit halber und wegen Zeitersparnis dauerhaft geöffnet.</p>



<p>Dank der automatischen Öffnung durch Anwesenheitserkennung und der Begrenzung der Öffnungs- und Schließzeiten tragen die Tore zu einer Verbesserung der Raumtemperaturstabilität und zur Begrenzung von Temperaturschwankungen bei. Durch die Verringerung starker Temperaturschwankungen lassen sich auch Start-Stopp-Sequenzen von Heizungs- und Klimaanlagen vermeiden, die häufig zu Funktionsstörungen und Zuverlässigkeitsverlusten führen.</p>



<p>Die Maßnahme kann den jährlichen Heizenergieverbrauch um über 30 % senken und damit auch die Treibhausgasemissionen deutlich reduzieren. Die Installation dieser einfach integrierbaren Technologie erfordert keine Produktionsunterbrechung und amortisiert sich in kurzer Zeit.</p>



<!--more-->



<h3 class="type-numerotation"><span class="type-numerotation-span visually-hidden"></span>Diverse Gewinne</h3>



<ul class="wp-block-list">
<li>Die finanziellen Einsparungen werden insbesondere durch die drastische Reduzierung der Öffnungszeiten der Gebäudetoren erzielt, wodurch unnötiges Heizen großer Luftmengen vermieden wird.</li>



<li>Der thermische Komfort der Mitarbeiter wird erhöht, indem die Zeit, in der Außenluft eindringen kann, begrenzt wird und die Wartezeiten für Fahrzeuge/Flurförderzeuge verkürzt werden.</li>



<li>Der ökologische Nutzen ist erheblich: Durch die Reduzierung von Wärmeverlusten kann der Verbrauch fossiler Brennstoffe gesenkt und somit die mit der Heizung verbundenen Treibhausgasemissionen reduziert werden</li>
</ul>



<h3 class="type-numerotation"><span class="type-numerotation-span visually-hidden"></span>Beantragung von Beihilfen</h3>



<h4 class="wp-block-heading"><strong><strong>Aides étatiques</strong></strong></h4>



<div class="wp-block-group has-light-green-background-color has-background"><div class="wp-block-group__inner-container is-layout-constrained wp-block-group-is-layout-constrained">
<p><strong>Achtung : Anreizeffekt bei der Beantragung zu beachten</strong><br>Um den mit der Beihilfe beabsichtigten Anreizeffekt zu wahren, dürfen keine verbindlichen Zusagen gemacht werden (Annahme eines Kostenvoranschlags; Anzahlung)</p>



<ul class="wp-block-list">
<li><a href="https://guichet.public.lu/de/entreprises/financement-aides/regime-sme-packages/soutien-pme/sme-packages-sustainability.html" target="_blank" rel="noopener"><strong>SME Packages &#8211; Sustainability</strong></a>
<ul class="wp-block-list">
<li>Beihilfe für kleine und mittlere Unternehmen, die bis zu 70 % der förderfähigen Kosten für die Durchführung eines Projekts zur Verringerung ihrer Umweltbelastung abdeckt. Der Gesamtbetrag des Projekts muss zwischen 3.000 € und 25.000 € ohne MwSt. liegen.</li>
</ul>
</li>



<li>Für alle Fragen :
<ul class="wp-block-list">
<li><a href="mailto:ehandwierk@cdm.lu">Chambre des Métiers</a> (Handwerkskammer) für Handwerker</li>



<li><a href="mailto:sustainability@cc.lu">Chamber of Commerce</a> (Handelskammer) für Unternehmen im nicht-handwerklichen Bereich</li>
</ul>
</li>



<li><a href="https://guichet.public.lu/de/entreprises/financement-aides/aides-environnement/industrie-services/aide-protec-environnement.html" target="_blank" rel="noopener">Umweltschutzregelung – Beihilfen für Investitionsvorhaben zugunsten des Umweltschutzes</a>
<ul class="wp-block-list">
<li>Überprüfung der Förderfähigkeit des Unternehmens und der Kosten: Generaldirektion – Industrie, neue Technologien und Forschung</li>



<li>Unterstützung bei der Erstellung des Beihilfeantrags vor der Einreichung beim Ministerium für Wirtschaft</li>



<li>Bei Fragen : <a href="mailto:aides@luxinnovation.lu">Luxinnovation</a></li>



<li>Weitere Informationen und Empfehlungen für Unternehmen in Bezug auf Investitionen zugunsten des Umweltschutzes befinden sich im <a href="https://luxinnovation.lu/de-lu/ressourcen/hilfe-fur-den-umweltschutz" target="_blank" rel="noopener">Vereinfachten Leitfaden für Unternehmen</a></li>
</ul>
</li>
</ul>



<p>N.B. Staatliche Beihilfen sind für ein Projekt nicht miteinander kumulierbar (aber mit Beihilfen von Versorgern kumulierbar).</p>
</div></div>



<h4 class="wp-block-heading"><strong><strong><strong>Beihilfen von Strom- und Gasversorgern</strong></strong></strong></h4>



<p>Seit 2015 sind Strom- und Gasversorger im Rahmen des Verpflichtungssystems aufgefordert, Energieeinsparungen bei den Verbrauchern zu erzielen. Seitdem bieten die Energieversorger Unterstützung und Beratung sowie Förderprogramme für Verbraucher bei der Umsetzung von Energieeffizienzmaßnahmen an. Die Höhe der Prämie ist proportional zur jährlichen Energieeinsparung. Die Versorger, die diesen Service für Unternehmen anbieten, sind folgende:</p>



<ul class="wp-block-list">
<li><a href="https://enoprimes.lu/de/" target="_blank" rel="noopener">Enovos + SUDenergie</a></li>



<li><a href="https://www.sudstroum.lu/de/hauptseite-kundenservice/energieberatung-finanzielle-unterstutzung/" target="_blank" rel="noopener">Sudstroum</a></li>
</ul>



<p>Hinweis: Die Beihilfen der Versorger können mit einer staatlichen Beihilfe für dasselbe Projekt kumuliert werden.</p>



<p></p>
