{"id":1608489,"date":"2025-07-22T12:13:54","date_gmt":"2025-07-22T10:13:54","guid":{"rendered":"https:\/\/dev.klimapaktfirbetriber.lu\/?post_type=mesures&#038;p=1608489"},"modified":"2025-08-25T09:28:35","modified_gmt":"2025-08-25T07:28:35","slug":"decoupe-laser-fibre-optique","status":"publish","type":"mesures","link":"https:\/\/dev.klimapaktfirbetriber.lu\/de\/massnahmen\/decoupe-laser-fibre-optique\/","title":{"rendered":"Mechanische Werkstatt : Laserschneiden mit Glasfaser"},"content":{"rendered":"\n<h2 class=\"wp-block-heading\">Ersatz einer CO2-Laserschneidanlage durch eine Faserlaserschneidanlage<\/h2>\n\n\n\n<p>Die Ma\u00dfnahme zielt darauf ab, eine CO<sub>2<\/sub>-Laserschneidemaschine, die ein Gasgemisch (in der Regel Kohlendioxid, Stickstoff und Helium) zur Erzeugung eines Laserstrahls verwendet, durch eine Laserschneidemaschine zu ersetzen, die ein Glasfaserkabel als aktives Medium zur Erzeugung eines Laserstrahls verwendet.<\/p>\n\n\n\n<p>Die Ma\u00dfnahme kann zu einer Verbrauchsreduzierung von mehr als 30 % f\u00fchren und den Einsatz von Gas vermeiden. Diese Ma\u00dfnahme ist relativ einfach umzusetzen, erfordert jedoch eine teilweise Unterbrechung der Produktion w\u00e4hrend der Installation. Trotz ihrer hohen technologischen Reife ist sie allein \u00fcber die Energiekosten nur schwer amortisierbar.<\/p>\n\n\n\n<!--more-->\n\n\n\n<p>Das Laserlicht der Faserlaserschneidemaschine wird durch einen Prozess verst\u00e4rkt, der als optische Pumpen bezeichnet wird. Dabei wird das Licht einer Laserdiode in die Faser eingeleitet, wodurch deren Kern angeregt wird, den Laserstrahl zu emittieren<\/p>\n\n\n\n<h3 class=\"type-numerotation\"><span class=\"type-numerotation-span visually-hidden\"><\/span>Diverse Gewinne<\/h3>\n\n\n\n<p>Die finanziellen Vorteile des Faserlasers liegen vor allem im Stromverbrauch der Maschine, der bis zu dreimal geringer ist als der eines CO<sub>2<\/sub>-Lasers mit gleicher Leistung, da diese Technologie einen h\u00f6heren Prozentsatz der Energie in einen f\u00fcr den Schneidvorgang nutzbaren Laserstrahl umwandelt, anstatt ihn in Form von W\u00e4rme abzugeben.<\/p>\n\n\n\n<p>Neben der Energieeinsparung bieten Faserlaser noch weitere Vorteile:<\/p>\n\n\n\n<ul class=\"wp-block-list\">\n<li>Sie eignen sich besser zum Schneiden von Metall, insbesondere f\u00fcr die Industrie, da sie pr\u00e4zise, schnell und energieeffizient sind.<\/li>\n\n\n\n<li>Sie eignen sich hervorragend zum Schneiden von d\u00fcnnen bis mittelstarken Blechen, einschlie\u00dflich stark reflektierender Materialien wie Aluminium und Kupfer.<\/li>\n<\/ul>\n\n\n\n<h3 class=\"type-numerotation\"><span class=\"type-numerotation-span visually-hidden\"><\/span>Beantragung von Beihilfen<\/h3>\n\n\n\n<h4 class=\"wp-block-heading\"><strong>Staatliche Beihilfen<\/strong><\/h4>\n\n\n\n<div class=\"wp-block-group has-light-green-background-color has-background\"><div class=\"wp-block-group__inner-container is-layout-constrained wp-block-group-is-layout-constrained\">\n<p><strong><strong>Achtung: Anreizeffekt bei der Beantragung zu beachten<\/strong><\/strong><br>Um den mit der Beihilfe beabsichtigten Anreizeffekt zu wahren, d\u00fcrfen keine verbindlichen Zusagen gemacht werden (Annahme eines Kostenvoranschlags; Anzahlung)<\/p>\n\n\n\n<ul class=\"wp-block-list\">\n<li><a href=\"https:\/\/guichet.public.lu\/de\/entreprises\/financement-aides\/regime-sme-packages\/soutien-pme\/sme-packages-sustainability.html\" target=\"_blank\" rel=\"noopener\"><strong>SME Packages &#8211; Sustainability<\/strong><\/a>\n<ul class=\"wp-block-list\">\n<li>Beihilfe f\u00fcr kleine und mittlere Unternehmen, die bis zu 70 % der f\u00f6rderf\u00e4higen Kosten f\u00fcr die Durchf\u00fchrung eines Projekts zur Verringerung ihrer Umweltbelastung abdeckt. Der Gesamtbetrag des Projekts muss zwischen 3.000 \u20ac und 25.000 \u20ac ohne MwSt. liegen.<\/li>\n<\/ul>\n<\/li>\n\n\n\n<li>F\u00fcr alle Fragen:\n<ul class=\"wp-block-list\">\n<li><a href=\"mailto:ehandwierk@cdm.lu\">Chambre des M\u00e9tiers<\/a> (Handwerkskammer) f\u00fcr Handwerker<\/li>\n\n\n\n<li><a href=\"mailto:sustainability@cc.lu\">Chamber of Commerce<\/a> (Handelskammer) f\u00fcr Unternehmen im nicht-handwerklichen Bereich<\/li>\n<\/ul>\n<\/li>\n\n\n\n<li><strong><a href=\"https:\/\/guichet.public.lu\/de\/entreprises\/financement-aides\/aides-environnement\/industrie-services\/aide-protec-environnement.html\" data-type=\"link\" data-id=\"https:\/\/guichet.public.lu\/fr\/entreprises\/financement-aides\/aides-environnement\/industrie-services\/aide-protec-environnement.html\" target=\"_blank\" rel=\"noopener\"><a href=\"https:\/\/guichet.public.lu\/de\/entreprises\/financement-aides\/aides-environnement\/industrie-services\/aide-protec-environnement.html\" target=\"_blank\" rel=\"noopener\"><strong>Umweltschutzregelung \u2013 Beihilfen f\u00fcr Investitionsvorhaben zugunsten des Umweltschutzes<\/strong><\/a><\/a><\/strong>\n<ul class=\"wp-block-list\">\n<li>\u00dcberpr\u00fcfung der F\u00f6rderf\u00e4higkeit des Unternehmens und der Kosten: Generaldirektion \u2013 Industrie, neue Technologien und Forschung<\/li>\n\n\n\n<li>Unterst\u00fctzung bei der Erstellung des Beihilfeantrags vor der Einreichung beim Ministerium f\u00fcr Wirtschaft<\/li>\n\n\n\n<li>Bei Fragen: <a href=\"mailto:aides@luxinnovation.lu\">Luxinnovation<\/a><\/li>\n\n\n\n<li>Weitere Informationen und Empfehlungen f\u00fcr Unternehmen in Bezug auf Investitionen zugunsten des Umweltschutzes befinden sich im <a href=\"https:\/\/luxinnovation.lu\/de-lu\/ressourcen\/hilfe-fur-den-umweltschutz\" target=\"_blank\" rel=\"noopener\">Vereinfachten Leitfaden f\u00fcr Unternehmen<\/a><\/li>\n<\/ul>\n<\/li>\n<\/ul>\n\n\n\n<p>N.B. Staatliche Beihilfen sind f\u00fcr ein Projekt nicht miteinander kumulierbar (aber mit Beihilfen von Versorgern kumulierbar).<\/p>\n<\/div><\/div>\n\n\n\n<h4 class=\"wp-block-heading\"><strong>Beihilfen von Strom- und Gasversorgern<\/strong><\/h4>\n\n\n\n<p>DSeit 2015 sind Strom- und Gasversorger im Rahmen des Verpflichtungssystems aufgefordert, Energieeinsparungen bei den Verbrauchern zu erzielen. Seitdem bieten die Energieversorger Unterst\u00fctzung und Beratung sowie F\u00f6rderprogramme f\u00fcr Verbraucher bei der Umsetzung von Energieeffizienzma\u00dfnahmen an. Die H\u00f6he der Pr\u00e4mie ist proportional zur j\u00e4hrlichen Energieeinsparung. Die Versorger, die diesen Service f\u00fcr Unternehmen anbieten, sind folgende:<\/p>\n\n\n\n<ul class=\"wp-block-list\">\n<li><a href=\"https:\/\/enoprimes.lu\/de\" target=\"_blank\" rel=\"noopener\">Enovos + SUDenergie<\/a><\/li>\n\n\n\n<li><a href=\"https:\/\/www.sudstroum.lu\/de\/hauptseite-kundenservice\/energieberatung-finanzielle-unterstutzung\/\" target=\"_blank\" rel=\"noopener\">Sudstroum<\/a><\/li>\n<\/ul>\n\n\n\n<p>Hinweis: Die Beihilfen der Versorger k\u00f6nnen mit einer staatlichen Beihilfe f\u00fcr dasselbe Projekt kumuliert werden.<\/p>\n\n\n\n<p><\/p>\n","protected":false},"featured_media":1667144,"parent":0,"template":"","secteur":[80,84,85],"thematique":[91],"application":[147,127],"class_list":["post-1608489","mesures","type-mesures","status-publish","has-post-thumbnail","hentry","secteur-handwerk","secteur-industrie","secteur-werkstatt","thematique-energie-de","application-processus-de","application-strom"],"acf":[],"_links":{"self":[{"href":"https:\/\/dev.klimapaktfirbetriber.lu\/de\/wp-json\/wp\/v2\/mesures\/1608489","targetHints":{"allow":["GET"]}}],"collection":[{"href":"https:\/\/dev.klimapaktfirbetriber.lu\/de\/wp-json\/wp\/v2\/mesures"}],"about":[{"href":"https:\/\/dev.klimapaktfirbetriber.lu\/de\/wp-json\/wp\/v2\/types\/mesures"}],"version-history":[{"count":4,"href":"https:\/\/dev.klimapaktfirbetriber.lu\/de\/wp-json\/wp\/v2\/mesures\/1608489\/revisions"}],"predecessor-version":[{"id":1708949,"href":"https:\/\/dev.klimapaktfirbetriber.lu\/de\/wp-json\/wp\/v2\/mesures\/1608489\/revisions\/1708949"}],"wp:featuredmedia":[{"embeddable":true,"href":"https:\/\/dev.klimapaktfirbetriber.lu\/de\/wp-json\/wp\/v2\/media\/1667144"}],"wp:attachment":[{"href":"https:\/\/dev.klimapaktfirbetriber.lu\/de\/wp-json\/wp\/v2\/media?parent=1608489"}],"wp:term":[{"taxonomy":"secteur","embeddable":true,"href":"https:\/\/dev.klimapaktfirbetriber.lu\/de\/wp-json\/wp\/v2\/secteur?post=1608489"},{"taxonomy":"thematique","embeddable":true,"href":"https:\/\/dev.klimapaktfirbetriber.lu\/de\/wp-json\/wp\/v2\/thematique?post=1608489"},{"taxonomy":"application","embeddable":true,"href":"https:\/\/dev.klimapaktfirbetriber.lu\/de\/wp-json\/wp\/v2\/application?post=1608489"}],"curies":[{"name":"wp","href":"https:\/\/api.w.org\/{rel}","templated":true}]}}

<h2 class="wp-block-heading">Ersatz einer CO2-Laserschneidanlage durch eine Faserlaserschneidanlage</h2>



<p>Die Maßnahme zielt darauf ab, eine CO<sub>2</sub>-Laserschneidemaschine, die ein Gasgemisch (in der Regel Kohlendioxid, Stickstoff und Helium) zur Erzeugung eines Laserstrahls verwendet, durch eine Laserschneidemaschine zu ersetzen, die ein Glasfaserkabel als aktives Medium zur Erzeugung eines Laserstrahls verwendet.</p>



<p>Die Maßnahme kann zu einer Verbrauchsreduzierung von mehr als 30 % führen und den Einsatz von Gas vermeiden. Diese Maßnahme ist relativ einfach umzusetzen, erfordert jedoch eine teilweise Unterbrechung der Produktion während der Installation. Trotz ihrer hohen technologischen Reife ist sie allein über die Energiekosten nur schwer amortisierbar.</p>



<!--more-->



<p>Das Laserlicht der Faserlaserschneidemaschine wird durch einen Prozess verstärkt, der als optische Pumpen bezeichnet wird. Dabei wird das Licht einer Laserdiode in die Faser eingeleitet, wodurch deren Kern angeregt wird, den Laserstrahl zu emittieren</p>



<h3 class="type-numerotation"><span class="type-numerotation-span visually-hidden"></span>Diverse Gewinne</h3>



<p>Die finanziellen Vorteile des Faserlasers liegen vor allem im Stromverbrauch der Maschine, der bis zu dreimal geringer ist als der eines CO<sub>2</sub>-Lasers mit gleicher Leistung, da diese Technologie einen höheren Prozentsatz der Energie in einen für den Schneidvorgang nutzbaren Laserstrahl umwandelt, anstatt ihn in Form von Wärme abzugeben.</p>



<p>Neben der Energieeinsparung bieten Faserlaser noch weitere Vorteile:</p>



<ul class="wp-block-list">
<li>Sie eignen sich besser zum Schneiden von Metall, insbesondere für die Industrie, da sie präzise, schnell und energieeffizient sind.</li>



<li>Sie eignen sich hervorragend zum Schneiden von dünnen bis mittelstarken Blechen, einschließlich stark reflektierender Materialien wie Aluminium und Kupfer.</li>
</ul>



<h3 class="type-numerotation"><span class="type-numerotation-span visually-hidden"></span>Beantragung von Beihilfen</h3>



<h4 class="wp-block-heading"><strong>Staatliche Beihilfen</strong></h4>



<div class="wp-block-group has-light-green-background-color has-background"><div class="wp-block-group__inner-container is-layout-constrained wp-block-group-is-layout-constrained">
<p><strong><strong>Achtung: Anreizeffekt bei der Beantragung zu beachten</strong></strong><br>Um den mit der Beihilfe beabsichtigten Anreizeffekt zu wahren, dürfen keine verbindlichen Zusagen gemacht werden (Annahme eines Kostenvoranschlags; Anzahlung)</p>



<ul class="wp-block-list">
<li><a href="https://guichet.public.lu/de/entreprises/financement-aides/regime-sme-packages/soutien-pme/sme-packages-sustainability.html" target="_blank" rel="noopener"><strong>SME Packages &#8211; Sustainability</strong></a>
<ul class="wp-block-list">
<li>Beihilfe für kleine und mittlere Unternehmen, die bis zu 70 % der förderfähigen Kosten für die Durchführung eines Projekts zur Verringerung ihrer Umweltbelastung abdeckt. Der Gesamtbetrag des Projekts muss zwischen 3.000 € und 25.000 € ohne MwSt. liegen.</li>
</ul>
</li>



<li>Für alle Fragen:
<ul class="wp-block-list">
<li><a href="mailto:ehandwierk@cdm.lu">Chambre des Métiers</a> (Handwerkskammer) für Handwerker</li>



<li><a href="mailto:sustainability@cc.lu">Chamber of Commerce</a> (Handelskammer) für Unternehmen im nicht-handwerklichen Bereich</li>
</ul>
</li>



<li><strong><a href="https://guichet.public.lu/de/entreprises/financement-aides/aides-environnement/industrie-services/aide-protec-environnement.html" data-type="link" data-id="https://guichet.public.lu/fr/entreprises/financement-aides/aides-environnement/industrie-services/aide-protec-environnement.html" target="_blank" rel="noopener"><a href="https://guichet.public.lu/de/entreprises/financement-aides/aides-environnement/industrie-services/aide-protec-environnement.html" target="_blank" rel="noopener"><strong>Umweltschutzregelung – Beihilfen für Investitionsvorhaben zugunsten des Umweltschutzes</strong></a></a></strong>
<ul class="wp-block-list">
<li>Überprüfung der Förderfähigkeit des Unternehmens und der Kosten: Generaldirektion – Industrie, neue Technologien und Forschung</li>



<li>Unterstützung bei der Erstellung des Beihilfeantrags vor der Einreichung beim Ministerium für Wirtschaft</li>



<li>Bei Fragen: <a href="mailto:aides@luxinnovation.lu">Luxinnovation</a></li>



<li>Weitere Informationen und Empfehlungen für Unternehmen in Bezug auf Investitionen zugunsten des Umweltschutzes befinden sich im <a href="https://luxinnovation.lu/de-lu/ressourcen/hilfe-fur-den-umweltschutz" target="_blank" rel="noopener">Vereinfachten Leitfaden für Unternehmen</a></li>
</ul>
</li>
</ul>



<p>N.B. Staatliche Beihilfen sind für ein Projekt nicht miteinander kumulierbar (aber mit Beihilfen von Versorgern kumulierbar).</p>
</div></div>



<h4 class="wp-block-heading"><strong>Beihilfen von Strom- und Gasversorgern</strong></h4>



<p>DSeit 2015 sind Strom- und Gasversorger im Rahmen des Verpflichtungssystems aufgefordert, Energieeinsparungen bei den Verbrauchern zu erzielen. Seitdem bieten die Energieversorger Unterstützung und Beratung sowie Förderprogramme für Verbraucher bei der Umsetzung von Energieeffizienzmaßnahmen an. Die Höhe der Prämie ist proportional zur jährlichen Energieeinsparung. Die Versorger, die diesen Service für Unternehmen anbieten, sind folgende:</p>



<ul class="wp-block-list">
<li><a href="https://enoprimes.lu/de" target="_blank" rel="noopener">Enovos + SUDenergie</a></li>



<li><a href="https://www.sudstroum.lu/de/hauptseite-kundenservice/energieberatung-finanzielle-unterstutzung/" target="_blank" rel="noopener">Sudstroum</a></li>
</ul>



<p>Hinweis: Die Beihilfen der Versorger können mit einer staatlichen Beihilfe für dasselbe Projekt kumuliert werden.</p>



<p></p>
