{"id":1607397,"date":"2025-07-22T12:26:08","date_gmt":"2025-07-22T10:26:08","guid":{"rendered":"https:\/\/dev.klimapaktfirbetriber.lu\/?post_type=mesures&#038;p=1607397"},"modified":"2025-08-25T09:31:14","modified_gmt":"2025-08-25T07:31:14","slug":"decoupes-metalliques-photochimiques","status":"publish","type":"mesures","link":"https:\/\/dev.klimapaktfirbetriber.lu\/de\/massnahmen\/decoupes-metalliques-photochimiques\/","title":{"rendered":"Mechanische Werkstatt : Photochemische Bearbeitung von Metallen"},"content":{"rendered":"\n<h2 class=\"wp-block-heading\">Fertigung von feinen mechanischen Formteilen mit komplexen Formen<\/h2>\n\n\n\n<p>Die Ma\u00dfnahme zielt darauf ab, das Schneiden und Lasergravieren von mechanischen Teilen durch das chemische Schneideverfahren (Foto\u00e4tzverfahren) zu ersetzen, bei dem die Zeichnung eines Bauteils auf einen lichtempfindlichen Kunststoff laminiert wird, der auf eine Metallfolie aufgebracht ist. Die nicht bedruckten Bereiche des lichtempfindlichen Harzes werden entfernt, wodurch das Metall freigelegt wird, das anschlie\u00dfend chemisch entfernt wird.<\/p>\n\n\n\n<p>Das chemische Schneiden, auch photochemische Bearbeitung, chemisches Fr\u00e4sen oder Foto\u00e4tzen genannt, erm\u00f6glicht die Herstellung komplexer und unglaublich pr\u00e4ziser Bauteile aus fast allen Metallen.<\/p>\n\n\n\n<p>Die Ma\u00dfnahme kann zu einer erheblichen Senkung des Stromverbrauchs f\u00fchren. Die Installation dieser neuartigen Technologie erfordert eine teilweise Unterbrechung der Produktion und w\u00fcrde sich mittel- bis langfristig amortisieren.<\/p>\n\n\n\n<!--more-->\n\n\n\n<p>Die Wahl der Technologie h\u00e4ngt von zahlreichen Faktoren ab, darunter vor allem: Die Dicke und Komplexit\u00e4t der Teile sowie die Anzahl der zu produzierenden Teile.<\/p>\n\n\n\n<h3 class=\"type-numerotation\"><span class=\"type-numerotation-span visually-hidden\"><\/span>Diverse Gewinne<\/h3>\n\n\n\n<p>Die finanziellen Vorteile der photochemischen Bearbeitung von Metallen liegen vor allem in der Senkung des Stromverbrauchs der Maschine, die bis zu 80 % betragen kann. Die photochemische Bearbeitung erfordert das Waschen der Metallteile mit 20 \u00b0C warmem Wasser, einen Drucker (Tintenstrahldrucker), eine UV-Beleuchtung und eine Pumpe zum Aufspr\u00fchen des Metallabtragungsmittels, wobei alle diese Verfahren und Systeme sehr energieeffizient sind.<\/p>\n\n\n\n<p>Neben Energieeinsparungen und einer h\u00f6heren Schnittgenauigkeit reduziert die photochemische Bearbeitung auch die Materialbelastung. Da beim \u00c4tz- und Schneidprozess weder W\u00e4rme noch physikalische Einfl\u00fcsse zum Tragen kommen, werden Probleme wie thermische Spannungen und Bruchstellen beim photochemischen \u00c4tzen vollst\u00e4ndig vermieden. Das Gleiche gilt f\u00fcr das Entgraten, da an den Werkst\u00fcckkanten keine Grate entstehen.<\/p>\n\n\n\n<h3 class=\"type-numerotation\"><span class=\"type-numerotation-span visually-hidden\"><\/span>Beantragung von Beihilfen<\/h3>\n\n\n\n<h4 class=\"wp-block-heading\"><strong>Staatliche Beihilfen<\/strong><\/h4>\n\n\n\n<div class=\"wp-block-group has-light-green-background-color has-background\"><div class=\"wp-block-group__inner-container is-layout-constrained wp-block-group-is-layout-constrained\">\n<p><strong>Achtung: Anreizeffekt bei der Beantragung zu beachten<\/strong><br>Um den mit der Beihilfe beabsichtigten Anreizeffekt zu wahren, d\u00fcrfen keine verbindlichen Zusagen gemacht werden (Annahme eines Kostenvoranschlags; Anzahlung)<\/p>\n\n\n\n<ul class=\"wp-block-list\">\n<li><a href=\"https:\/\/guichet.public.lu\/de\/entreprises\/financement-aides\/regime-sme-packages\/soutien-pme\/sme-packages-sustainability.html\" target=\"_blank\" rel=\"noopener\"><strong>SME Packages &#8211; Sustainability<\/strong><\/a>\n<ul class=\"wp-block-list\">\n<li>Beihilfe f\u00fcr kleine und mittlere Unternehmen, die bis zu 70 % der f\u00f6rderf\u00e4higen Kosten f\u00fcr die Durchf\u00fchrung eines Projekts zur Verringerung ihrer Umweltbelastung abdeckt. Der Gesamtbetrag des Projekts muss zwischen 3.000 \u20ac und 25.000 \u20ac ohne MwSt. liegen.<\/li>\n<\/ul>\n<\/li>\n\n\n\n<li>F\u00fcr alle Fragen:\n<ul class=\"wp-block-list\">\n<li><a href=\"mailto:ehandwierk@cdm.lu\">Chambre des M\u00e9tiers<\/a> (Handwerkskammer) f\u00fcr Handwerker<\/li>\n\n\n\n<li><a href=\"mailto:sustainability@cc.lu\">Chamber of Commerce<\/a> (Handelskammer) f\u00fcr Unternehmen im nicht-handwerklichen Bereich<\/li>\n<\/ul>\n<\/li>\n\n\n\n<li><a href=\"https:\/\/guichet.public.lu\/de\/entreprises\/financement-aides\/aides-environnement\/industrie-services\/aide-protec-environnement.html\" target=\"_blank\" rel=\"noopener\"><strong><a href=\"https:\/\/guichet.public.lu\/de\/entreprises\/financement-aides\/aides-environnement\/industrie-services\/aide-protec-environnement.html\" target=\"_blank\" rel=\"noopener\"><strong>Umweltschutzregelung \u2013 Beihilfen f\u00fcr Investitionsvorhaben zugunsten des Umweltschutzes<\/strong><\/a><\/strong><\/a>\n<ul class=\"wp-block-list\">\n<li>\u00dcberpr\u00fcfung der F\u00f6rderf\u00e4higkeit des Unternehmens und der Kosten: Generaldirektion \u2013 Industrie, neue Technologien und Forschung<\/li>\n\n\n\n<li>Unterst\u00fctzung bei der Erstellung des Beihilfeantrags vor der Einreichung beim Ministerium f\u00fcr Wirtschaft<\/li>\n\n\n\n<li>Bei Fragen: <a href=\"mailto:aides@luxinnovation.lu\">Luxinnovation<\/a><\/li>\n\n\n\n<li>Weitere Informationen und Empfehlungen f\u00fcr Unternehmen in Bezug auf Investitionen zugunsten des Umweltschutzes befinden sich im <a href=\"https:\/\/luxinnovation.lu\/de-lu\/ressourcen\/hilfe-fur-den-umweltschutz\" target=\"_blank\" rel=\"noopener\">Vereinfachten Leitfaden f\u00fcr Unternehmen<\/a><\/li>\n<\/ul>\n<\/li>\n<\/ul>\n\n\n\n<p>N.B. Staatliche Beihilfen sind f\u00fcr ein Projekt nicht miteinander kumulierbar (aber mit Beihilfen von Versorgern kumulierbar).<\/p>\n<\/div><\/div>\n\n\n\n<h4 class=\"wp-block-heading\"><strong>Beihilfen von Strom- und Gasversorgern<\/strong><\/h4>\n\n\n\n<p>Seit 2015 sind Strom- und Gasversorger im Rahmen des Verpflichtungssystems aufgefordert, Energieeinsparungen bei den Verbrauchern zu erzielen. Seitdem bieten die Energieversorger Unterst\u00fctzung und Beratung sowie F\u00f6rderprogramme f\u00fcr Verbraucher bei der Umsetzung von Energieeffizienzma\u00dfnahmen an. Die H\u00f6he der Pr\u00e4mie ist proportional zur j\u00e4hrlichen Energieeinsparung. Die Versorger, die diesen Service f\u00fcr Unternehmen anbieten, sind folgende:<\/p>\n\n\n\n<ul class=\"wp-block-list\">\n<li><a href=\"https:\/\/enoprimes.lu\/de\" data-type=\"link\" data-id=\"https:\/\/enoprimes.lu\/de\" target=\"_blank\" rel=\"noopener\">Enovos + SUDenergie<\/a><\/li>\n\n\n\n<li><a href=\"https:\/\/www.sudstroum.lu\/de\/hauptseite-kundenservice\/energieberatung-finanzielle-unterstutzung\/\" target=\"_blank\" rel=\"noopener\">Sudstroum<\/a><\/li>\n<\/ul>\n\n\n\n<p>Hinweis: Die Beihilfen der Versorger k\u00f6nnen mit einer staatlichen Beihilfe f\u00fcr dasselbe Projekt kumuliert werden.<\/p>\n\n\n\n<p><\/p>\n","protected":false},"featured_media":1667144,"parent":0,"template":"","secteur":[80,84,85],"thematique":[91],"application":[147,127],"class_list":["post-1607397","mesures","type-mesures","status-publish","has-post-thumbnail","hentry","secteur-handwerk","secteur-industrie","secteur-werkstatt","thematique-energie-de","application-processus-de","application-strom"],"acf":[],"_links":{"self":[{"href":"https:\/\/dev.klimapaktfirbetriber.lu\/de\/wp-json\/wp\/v2\/mesures\/1607397","targetHints":{"allow":["GET"]}}],"collection":[{"href":"https:\/\/dev.klimapaktfirbetriber.lu\/de\/wp-json\/wp\/v2\/mesures"}],"about":[{"href":"https:\/\/dev.klimapaktfirbetriber.lu\/de\/wp-json\/wp\/v2\/types\/mesures"}],"version-history":[{"count":6,"href":"https:\/\/dev.klimapaktfirbetriber.lu\/de\/wp-json\/wp\/v2\/mesures\/1607397\/revisions"}],"predecessor-version":[{"id":1709124,"href":"https:\/\/dev.klimapaktfirbetriber.lu\/de\/wp-json\/wp\/v2\/mesures\/1607397\/revisions\/1709124"}],"wp:featuredmedia":[{"embeddable":true,"href":"https:\/\/dev.klimapaktfirbetriber.lu\/de\/wp-json\/wp\/v2\/media\/1667144"}],"wp:attachment":[{"href":"https:\/\/dev.klimapaktfirbetriber.lu\/de\/wp-json\/wp\/v2\/media?parent=1607397"}],"wp:term":[{"taxonomy":"secteur","embeddable":true,"href":"https:\/\/dev.klimapaktfirbetriber.lu\/de\/wp-json\/wp\/v2\/secteur?post=1607397"},{"taxonomy":"thematique","embeddable":true,"href":"https:\/\/dev.klimapaktfirbetriber.lu\/de\/wp-json\/wp\/v2\/thematique?post=1607397"},{"taxonomy":"application","embeddable":true,"href":"https:\/\/dev.klimapaktfirbetriber.lu\/de\/wp-json\/wp\/v2\/application?post=1607397"}],"curies":[{"name":"wp","href":"https:\/\/api.w.org\/{rel}","templated":true}]}}

<h2 class="wp-block-heading">Fertigung von feinen mechanischen Formteilen mit komplexen Formen</h2>



<p>Die Maßnahme zielt darauf ab, das Schneiden und Lasergravieren von mechanischen Teilen durch das chemische Schneideverfahren (Fotoätzverfahren) zu ersetzen, bei dem die Zeichnung eines Bauteils auf einen lichtempfindlichen Kunststoff laminiert wird, der auf eine Metallfolie aufgebracht ist. Die nicht bedruckten Bereiche des lichtempfindlichen Harzes werden entfernt, wodurch das Metall freigelegt wird, das anschließend chemisch entfernt wird.</p>



<p>Das chemische Schneiden, auch photochemische Bearbeitung, chemisches Fräsen oder Fotoätzen genannt, ermöglicht die Herstellung komplexer und unglaublich präziser Bauteile aus fast allen Metallen.</p>



<p>Die Maßnahme kann zu einer erheblichen Senkung des Stromverbrauchs führen. Die Installation dieser neuartigen Technologie erfordert eine teilweise Unterbrechung der Produktion und würde sich mittel- bis langfristig amortisieren.</p>



<!--more-->



<p>Die Wahl der Technologie hängt von zahlreichen Faktoren ab, darunter vor allem: Die Dicke und Komplexität der Teile sowie die Anzahl der zu produzierenden Teile.</p>



<h3 class="type-numerotation"><span class="type-numerotation-span visually-hidden"></span>Diverse Gewinne</h3>



<p>Die finanziellen Vorteile der photochemischen Bearbeitung von Metallen liegen vor allem in der Senkung des Stromverbrauchs der Maschine, die bis zu 80 % betragen kann. Die photochemische Bearbeitung erfordert das Waschen der Metallteile mit 20 °C warmem Wasser, einen Drucker (Tintenstrahldrucker), eine UV-Beleuchtung und eine Pumpe zum Aufsprühen des Metallabtragungsmittels, wobei alle diese Verfahren und Systeme sehr energieeffizient sind.</p>



<p>Neben Energieeinsparungen und einer höheren Schnittgenauigkeit reduziert die photochemische Bearbeitung auch die Materialbelastung. Da beim Ätz- und Schneidprozess weder Wärme noch physikalische Einflüsse zum Tragen kommen, werden Probleme wie thermische Spannungen und Bruchstellen beim photochemischen Ätzen vollständig vermieden. Das Gleiche gilt für das Entgraten, da an den Werkstückkanten keine Grate entstehen.</p>



<h3 class="type-numerotation"><span class="type-numerotation-span visually-hidden"></span>Beantragung von Beihilfen</h3>



<h4 class="wp-block-heading"><strong>Staatliche Beihilfen</strong></h4>



<div class="wp-block-group has-light-green-background-color has-background"><div class="wp-block-group__inner-container is-layout-constrained wp-block-group-is-layout-constrained">
<p><strong>Achtung: Anreizeffekt bei der Beantragung zu beachten</strong><br>Um den mit der Beihilfe beabsichtigten Anreizeffekt zu wahren, dürfen keine verbindlichen Zusagen gemacht werden (Annahme eines Kostenvoranschlags; Anzahlung)</p>



<ul class="wp-block-list">
<li><a href="https://guichet.public.lu/de/entreprises/financement-aides/regime-sme-packages/soutien-pme/sme-packages-sustainability.html" target="_blank" rel="noopener"><strong>SME Packages &#8211; Sustainability</strong></a>
<ul class="wp-block-list">
<li>Beihilfe für kleine und mittlere Unternehmen, die bis zu 70 % der förderfähigen Kosten für die Durchführung eines Projekts zur Verringerung ihrer Umweltbelastung abdeckt. Der Gesamtbetrag des Projekts muss zwischen 3.000 € und 25.000 € ohne MwSt. liegen.</li>
</ul>
</li>



<li>Für alle Fragen:
<ul class="wp-block-list">
<li><a href="mailto:ehandwierk@cdm.lu">Chambre des Métiers</a> (Handwerkskammer) für Handwerker</li>



<li><a href="mailto:sustainability@cc.lu">Chamber of Commerce</a> (Handelskammer) für Unternehmen im nicht-handwerklichen Bereich</li>
</ul>
</li>



<li><a href="https://guichet.public.lu/de/entreprises/financement-aides/aides-environnement/industrie-services/aide-protec-environnement.html" target="_blank" rel="noopener"><strong><a href="https://guichet.public.lu/de/entreprises/financement-aides/aides-environnement/industrie-services/aide-protec-environnement.html" target="_blank" rel="noopener"><strong>Umweltschutzregelung – Beihilfen für Investitionsvorhaben zugunsten des Umweltschutzes</strong></a></strong></a>
<ul class="wp-block-list">
<li>Überprüfung der Förderfähigkeit des Unternehmens und der Kosten: Generaldirektion – Industrie, neue Technologien und Forschung</li>



<li>Unterstützung bei der Erstellung des Beihilfeantrags vor der Einreichung beim Ministerium für Wirtschaft</li>



<li>Bei Fragen: <a href="mailto:aides@luxinnovation.lu">Luxinnovation</a></li>



<li>Weitere Informationen und Empfehlungen für Unternehmen in Bezug auf Investitionen zugunsten des Umweltschutzes befinden sich im <a href="https://luxinnovation.lu/de-lu/ressourcen/hilfe-fur-den-umweltschutz" target="_blank" rel="noopener">Vereinfachten Leitfaden für Unternehmen</a></li>
</ul>
</li>
</ul>



<p>N.B. Staatliche Beihilfen sind für ein Projekt nicht miteinander kumulierbar (aber mit Beihilfen von Versorgern kumulierbar).</p>
</div></div>



<h4 class="wp-block-heading"><strong>Beihilfen von Strom- und Gasversorgern</strong></h4>



<p>Seit 2015 sind Strom- und Gasversorger im Rahmen des Verpflichtungssystems aufgefordert, Energieeinsparungen bei den Verbrauchern zu erzielen. Seitdem bieten die Energieversorger Unterstützung und Beratung sowie Förderprogramme für Verbraucher bei der Umsetzung von Energieeffizienzmaßnahmen an. Die Höhe der Prämie ist proportional zur jährlichen Energieeinsparung. Die Versorger, die diesen Service für Unternehmen anbieten, sind folgende:</p>



<ul class="wp-block-list">
<li><a href="https://enoprimes.lu/de" data-type="link" data-id="https://enoprimes.lu/de" target="_blank" rel="noopener">Enovos + SUDenergie</a></li>



<li><a href="https://www.sudstroum.lu/de/hauptseite-kundenservice/energieberatung-finanzielle-unterstutzung/" target="_blank" rel="noopener">Sudstroum</a></li>
</ul>



<p>Hinweis: Die Beihilfen der Versorger können mit einer staatlichen Beihilfe für dasselbe Projekt kumuliert werden.</p>



<p></p>
