{"id":1592,"date":"2023-04-27T11:30:28","date_gmt":"2023-04-27T09:30:28","guid":{"rendered":"https:\/\/dev.klimapaktfirbetriber.lu\/mesures\/installer-une-infrastructure-de-charge-pour-vehicules-electriques-en-entreprise\/"},"modified":"2025-08-12T09:12:39","modified_gmt":"2025-08-12T07:12:39","slug":"ladeinfrastruktur-fuer-elektrofahrzeuge-in-unternehmen-einrichten","status":"publish","type":"mesures","link":"https:\/\/dev.klimapaktfirbetriber.lu\/de\/massnahmen\/ladeinfrastruktur-fuer-elektrofahrzeuge-in-unternehmen-einrichten\/","title":{"rendered":"Ladeinfrastruktur f\u00fcr Elektrofahrzeuge in Unternehmen einrichten"},"content":{"rendered":"\n<h2 class=\"wp-block-heading\">Elektromobilit\u00e4t als Schl\u00fcsselelement f\u00fcr die Dekarbonisierung Ihres Unternehmens<\/h2>\n\n\n\n<p>Elektroautos sind ein wichtiger Teil der L\u00f6sung f\u00fcr eine erfolgreiche Dekarbonisierung der Fahrzeugflotte eines Unternehmens. Entscheidend ist ebenfalls der Aufbau einer geeigneten Ladeinfrastruktur im Unternehmen, um die logistische Verwaltung des Ladens intern abwickeln zu k\u00f6nnen.<\/p>\n\n\n\n<p>F\u00fcr eine gr\u00f6\u00dfere Autonomie kann man die gesamte Anlage auch mit der Erzeugung von Solarstrom kombinieren.<\/p>\n\n\n\n<!--more-->\n\n\n\n<h3 class=\"type-numerotation\"><span class=\"type-numerotation-span visually-hidden\"><\/span>Den Mobilit\u00e4tsbedarf f\u00fcr das Unternehmen festlegen <\/h3>\n\n\n\n<h4 class=\"wp-block-heading\">Analyse der Bed\u00fcrfnisse<\/h4>\n\n\n\n<ul class=\"wp-block-list\">\n<li>Gesamtzahl der Elektroautos (aktueller und zuk\u00fcnftiger Bedarf)<\/li>\n\n\n\n<li>Typische Parkzeit und ben\u00f6tigte Ladedauer w\u00e4hrend dieser Zeit<\/li>\n\n\n\n<li>Menge der Fahrzeuge, die gleichzeitig laden m\u00fcssen (Lastmanagement)<\/li>\n\n\n\n<li>Ladekapazit\u00e4t (beschleunigtes Laden (&lt; 22kW) und\/oder ultraschnelles Laden (DC))<\/li>\n\n\n\n<li>Technische Anforderungen an Ladestationen (<a href=\"https:\/\/bornes.klima-agence.lu\/de\/ladestationen\" target=\"_blank\" data-type=\"link\" data-id=\"https:\/\/bornes.klima-agence.lu\/de\/ladestationen\" rel=\"noreferrer noopener\">Vergleichsplattform f\u00fcr Ladestationen<\/a>)<\/li>\n\n\n\n<li>Abrechnungssystem und \u00dcberwachung des Verbrauchs<\/li>\n\n\n\n<li><a href=\"https:\/\/www.klima-agence.lu\/de\/praktische-beispiele-fuer-die-planung-einer-ladeinfrastruktur\" target=\"_blank\" data-type=\"link\" data-id=\"https:\/\/www.klima-agence.lu\/de\/praktische-beispiele-fuer-die-planung-einer-ladeinfrastruktur\" rel=\"noreferrer noopener\">Praktische Beispiele f\u00fcr die Planung einer Ladeinfrastruktur<\/a><\/li>\n\n\n\n<li><a href=\"https:\/\/sia2060online.ch\/\" target=\"_blank\" data-type=\"link\" data-id=\"https:\/\/sia2060online.ch\/\" rel=\"noreferrer noopener\">Hilfe bei der Bedarfsanalyse: Rechner f\u00fcr vereinfachte Planung<\/a><\/li>\n\n\n\n<li><a href=\"https:\/\/www.consilium.europa.eu\/de\/infographics\/fit-for-55-afir-alternative-fuels-infrastructure-regulation\/\" target=\"_blank\" data-type=\"link\" data-id=\"https:\/\/www.consilium.europa.eu\/de\/infographics\/fit-for-55-afir-alternative-fuels-infrastructure-regulation\/\" rel=\"noreferrer noopener\">Einhaltung der AFIR-Vorschriften<\/a><\/li>\n<\/ul>\n\n\n\n<p class=\"has-light-green-background-color has-background\"><em>Seit dem 13. April 2024 gelten die neuen AFIR-Vorschriften (Alternative Fuels Infrastructure Regulation). Diese schreiben unter anderem vor, dass alle neuen Ladestationen die Zahlung per Kreditkarte oder anderen elektronischen Zahlungsmethoden akzeptieren m\u00fcssen, damit die Nutzer ihr Auto aufladen k\u00f6nnen, ohne die spezifische Ladekarte des Anbieters zu ben\u00f6tigen. Dar\u00fcber hinaus m\u00fcssen die Nutzer transparent \u00fcber den Preis informiert werden. Dies gilt auch f\u00fcr Stationen, die von Unternehmen ihren Besuchern zur Verf\u00fcgung gestellt werden. <a href=\"https:\/\/www.consilium.europa.eu\/de\/infographics\/fit-for-55-afir-alternative-fuels-infrastructure-regulation\/\" target=\"_blank\" data-type=\"link\" data-id=\"https:\/\/www.consilium.europa.eu\/de\/infographics\/fit-for-55-afir-alternative-fuels-infrastructure-regulation\/\" rel=\"noreferrer noopener\">N\u00e4here Informationen zu den Vorschriften finden Sie hier.<\/a><\/em><\/p>\n\n\n\n<h3 class=\"type-numerotation\"><span class=\"type-numerotation-span visually-hidden\"><\/span>Identifizierung der L\u00f6sung und \u00dcberpr\u00fcfung der Durchf\u00fchrbarkeit des Ladeinfrastrukturprojekts<\/h3>\n\n\n\n<ul class=\"wp-block-list\">\n<li>Ggf. Suche nach einem Investor f\u00fcr die Durchf\u00fchrung des Projekts\n<ul class=\"wp-block-list\">\n<li>Vermittlungs-Tool f\u00fcr Grundst\u00fcckseigent\u00fcmer und Investoren: <a href=\"https:\/\/pro-charging.lu\/\" data-type=\"URL\" data-id=\"https:\/\/pro-charging.lu\/\" target=\"_blank\" rel=\"noreferrer noopener\">pro-charging.lu<\/a><\/li>\n<\/ul>\n<\/li>\n<\/ul>\n\n\n\n<div class=\"wp-block-group has-light-green-background-color has-background\"><div class=\"wp-block-group__inner-container is-layout-constrained wp-block-group-is-layout-constrained\">\n<p><strong>\u00dcberpr\u00fcfung der Machbarkeit im Vorfeld des Projekts<\/strong><\/p>\n\n\n\n<ul class=\"wp-block-list\">\n<li>Ermitteln Sie die verf\u00fcgbare Leistung beim <a href=\"http:\/\/www.ilr.lu\/secteurs-activites\/energie\/electricite\/fourniture-gestionnaires-reseau\/gestionnaires-de-reseau\/gestionnaires\/\" target=\"_blank\" rel=\"noreferrer noopener\">Netzbetreiber<\/a><\/li>\n\n\n\n<li>Untersuchung der vorhandenen elektrischen Anlage durch einen <a href=\"https:\/\/www.fgt.lu\/de\/unsere-mitglieder\/\" target=\"_blank\" rel=\"noopener\">qualifizierten Handwerker (zugelassener Elektriker)<\/a><\/li>\n\n\n\n<li>Einholen von Kostenvoranschl\u00e4gen bei <a href=\"https:\/\/www.fgt.lu\/de\/unsere-mitglieder\/\" target=\"_blank\" rel=\"noopener\">qualifizierten Handwerkern (zugelassene Elektriker)<\/a> oder bei <a href=\"https:\/\/pro-charging.lu\/investors\" target=\"_blank\" rel=\"noopener\">Projektentwicklern<\/a> Ladeinfrastruktur<\/li>\n<\/ul>\n<\/div><\/div>\n\n\n\n<h3 class=\"type-numerotation\"><span class=\"type-numerotation-span visually-hidden\"><\/span>Beantragung der Beihilfen<\/h3>\n\n\n\n<h4 class=\"wp-block-heading\"><a href=\"https:\/\/guichet.public.lu\/de\/entreprises\/financement-aides\/infrastr-vehic-electriques\/aide-infrastructures-charges-portees-pme.html\" target=\"_blank\" data-type=\"link\" data-id=\"https:\/\/guichet.public.lu\/de\/entreprises\/financement-aides\/infrastr-vehic-electriques\/aide-infrastructures-charges-portees-pme.html\" rel=\"noreferrer noopener\">Beihilfe zugunsten von Ladeinfrastrukturen, deren Tr\u00e4ger KMU sind<\/a><\/h4>\n\n\n\n<p>Kleine und mittlere Unternehmen (KMU), die Projekte zur Errichtung privater Ladeinfrastrukturen umsetzen, k\u00f6nnen eine Investitionsbeihilfe f\u00fcr ihre wirtschaftlichen T\u00e4tigkeiten erhalten. Die maximale F\u00f6rderintensit\u00e4t betr\u00e4gt <strong>40\u202f%<\/strong> f\u00fcr mittlere Unternehmen und <strong>50\u202f%<\/strong> f\u00fcr kleine Unternehmen, mit einem absoluten H\u00f6chstbetrag von <strong>100.000\u202f\u20ac<\/strong> pro Unternehmen.<\/p>\n\n\n\n<p><strong>Bei Fragen:<\/strong><\/p>\n\n\n\n<ul class=\"wp-block-list\">\n<li>Begleitung bei der Erstellung des F\u00f6rderantrags: <a href=\"mailto:aides@luxinnovation.lu\" target=\"_blank\" data-type=\"mailto\" data-id=\"mailto:aides@luxinnovation.lu\" rel=\"noreferrer noopener\">Luxinnovation<\/a><\/li>\n\n\n\n<li>Technische Projektunterst\u00fctzung: <a href=\"mailto:entreprises@klima-agence.lu\" target=\"_blank\" data-type=\"mailto\" data-id=\"mailto:e-mobility@klima-agence.lu\" rel=\"noreferrer noopener\">Klima-Agence<\/a><\/li>\n<\/ul>\n\n\n\n<h4 class=\"wp-block-heading\">Ausschreibung<\/h4>\n\n\n\n<p>Derzeit gibt es keine offenen Projektaufrufe im Rahmen der F\u00f6rderregelung f\u00fcr Ladeinfrastruktur.<\/p>\n\n\n\n<p>Der sechste Projektaufruf, der auf den Aufbau \u00f6ffentlich zug\u00e4nglicher oder privater Ladeinfrastruktur abzielte, wurde am 3. Juni 2025 abgeschlossen.<\/p>\n\n\n\n<p>Die n\u00e4chsten Termine f\u00fcr Projektaufrufe werden zu einem sp\u00e4teren Zeitpunkt bekannt gegeben.<\/p>\n\n\n\n<p><strong>Bei Fragen:<\/strong><\/p>\n\n\n\n<ul class=\"wp-block-list\">\n<li>Unterst\u00fctzung bei der Ausarbeitung des F\u00f6rderantrags: <a href=\"mailto:aides@luxinnovation.lu\">Luxinnovation<\/a><\/li>\n\n\n\n<li>Unterst\u00fctzung bei der technischen Projektentwicklung: <a href=\"mailto:entreprises@klima-agence.lu\">Klima-Agence<\/a><\/li>\n<\/ul>\n\n\n\n<h3 class=\"type-numerotation\"><span class=\"type-numerotation-span visually-hidden\"><\/span>Umsetzung des Projekts zur Schaffung von Ladeinfrastruktur f\u00fcr Elektrofahrzeuge<\/h3>\n\n\n\n<ul class=\"wp-block-list\">\n<li><strong>Einreichen eines Antrags auf Installation bei <\/strong><a href=\"http:\/\/www.ilr.lu\/secteurs-activites\/energie\/electricite\/fourniture-gestionnaires-reseau\/gestionnaires-de-reseau\/gestionnaires\/\" target=\"_blank\" rel=\"noreferrer noopener\"><strong>Netzbetreiber<\/strong><\/a><br>Antrag erforderlich f\u00fcr jede Installation einer Ladestation mit einer Leistung von mindestens 7 kW (10A) bei dreiphasigem Betrieb oder mehr als 4,6 kW bei einphasigem Betrieb (20A).<\/li>\n<\/ul>\n\n\n\n<ul class=\"wp-block-list\">\n<li><strong>Ausf\u00fchrung der Arbeiten gem\u00e4\u00df den technischen und normativen Anforderungen<\/strong>\n<ul class=\"wp-block-list\">\n<li>Anschlussvorschriften &#8211; TAB \/ Niederspannungsnetz (NS): <a href=\"https:\/\/www.creos-net.lu\/de\/pro-seite\/strom\/anschluss\/tab\" target=\"_blank\" rel=\"noreferrer noopener\">TAB BT<\/a>.<\/li>\n\n\n\n<li><a href=\"https:\/\/itm.public.lu\/dam-assets\/fr\/securite-sante\/conditions-types\/itm-cl-1100-2000\/ITM-SST-1506-3.pdf\" target=\"_blank\" rel=\"noopener\">Anforderungen an den Brandschutz (ITM-SST 1506.3)<\/a><\/li>\n\n\n\n<li><a href=\"https:\/\/www.klima-agence.lu\/sites\/default\/files\/2022-08\/Fiche_Borne_Artisan_6P_NewBrand_DE.pdf\" target=\"_blank\" rel=\"noopener\">Handwerksblatt<\/a> und <a href=\"https:\/\/www.klima-agence.lu\/sites\/default\/files\/2023-01\/_2022_Planungsgrundlagen_Ladeinfrastruktur_0.pdf\" target=\"_blank\" rel=\"noopener\">Planungsleitfaden<\/a>: Ladeinfrastruktur.<\/li>\n<\/ul>\n<\/li>\n<\/ul>\n\n\n\n<ul class=\"wp-block-list\">\n<li><strong>\u00dcberpr\u00fcfung der Einhaltung durch den Netzbetreiber<\/strong><br>Das Ende der Arbeiten wird dem Netzbetreiber von dem mit den Arbeiten beauftragten Unternehmen gemeldet.<\/li>\n<\/ul>\n","protected":false},"featured_media":655,"parent":0,"template":"","secteur":[130,141,79,90,139,81,82,122,80,133,84,85,89,86,87],"thematique":[96],"application":[127],"class_list":["post-1592","mesures","type-mesures","status-publish","has-post-thumbnail","hentry","secteur-boulanger-de","secteur-lebensmittelhandel","secteur-horeca-de","secteur-gesundheits-und-pflegesektor","secteur-lebensmittelgeschaft","secteur-baubranche","secteur-handel","secteur-metzgerei","secteur-handwerk","secteur-schreinerei","secteur-industrie","secteur-werkstatt","secteur-landwirtschaft-weinbau","secteur-transport","secteur-verwaltung","thematique-mobilitaet-und-transport","application-strom"],"acf":[],"_links":{"self":[{"href":"https:\/\/dev.klimapaktfirbetriber.lu\/de\/wp-json\/wp\/v2\/mesures\/1592","targetHints":{"allow":["GET"]}}],"collection":[{"href":"https:\/\/dev.klimapaktfirbetriber.lu\/de\/wp-json\/wp\/v2\/mesures"}],"about":[{"href":"https:\/\/dev.klimapaktfirbetriber.lu\/de\/wp-json\/wp\/v2\/types\/mesures"}],"version-history":[{"count":32,"href":"https:\/\/dev.klimapaktfirbetriber.lu\/de\/wp-json\/wp\/v2\/mesures\/1592\/revisions"}],"predecessor-version":[{"id":1633644,"href":"https:\/\/dev.klimapaktfirbetriber.lu\/de\/wp-json\/wp\/v2\/mesures\/1592\/revisions\/1633644"}],"wp:featuredmedia":[{"embeddable":true,"href":"https:\/\/dev.klimapaktfirbetriber.lu\/de\/wp-json\/wp\/v2\/media\/655"}],"wp:attachment":[{"href":"https:\/\/dev.klimapaktfirbetriber.lu\/de\/wp-json\/wp\/v2\/media?parent=1592"}],"wp:term":[{"taxonomy":"secteur","embeddable":true,"href":"https:\/\/dev.klimapaktfirbetriber.lu\/de\/wp-json\/wp\/v2\/secteur?post=1592"},{"taxonomy":"thematique","embeddable":true,"href":"https:\/\/dev.klimapaktfirbetriber.lu\/de\/wp-json\/wp\/v2\/thematique?post=1592"},{"taxonomy":"application","embeddable":true,"href":"https:\/\/dev.klimapaktfirbetriber.lu\/de\/wp-json\/wp\/v2\/application?post=1592"}],"curies":[{"name":"wp","href":"https:\/\/api.w.org\/{rel}","templated":true}]}}

Ladeinfrastruktur für Elektrofahrzeuge in Unternehmen einrichten

<h2 class="wp-block-heading">Elektromobilität als Schlüsselelement für die Dekarbonisierung Ihres Unternehmens</h2>



<p>Elektroautos sind ein wichtiger Teil der Lösung für eine erfolgreiche Dekarbonisierung der Fahrzeugflotte eines Unternehmens. Entscheidend ist ebenfalls der Aufbau einer geeigneten Ladeinfrastruktur im Unternehmen, um die logistische Verwaltung des Ladens intern abwickeln zu können.</p>



<p>Für eine größere Autonomie kann man die gesamte Anlage auch mit der Erzeugung von Solarstrom kombinieren.</p>



<!--more-->



<h3 class="type-numerotation"><span class="type-numerotation-span visually-hidden"></span>Den Mobilitätsbedarf für das Unternehmen festlegen </h3>



<h4 class="wp-block-heading">Analyse der Bedürfnisse</h4>



<ul class="wp-block-list">
<li>Gesamtzahl der Elektroautos (aktueller und zukünftiger Bedarf)</li>



<li>Typische Parkzeit und benötigte Ladedauer während dieser Zeit</li>



<li>Menge der Fahrzeuge, die gleichzeitig laden müssen (Lastmanagement)</li>



<li>Ladekapazität (beschleunigtes Laden (&lt; 22kW) und/oder ultraschnelles Laden (DC))</li>



<li>Technische Anforderungen an Ladestationen (<a href="https://bornes.klima-agence.lu/de/ladestationen" target="_blank" data-type="link" data-id="https://bornes.klima-agence.lu/de/ladestationen" rel="noreferrer noopener">Vergleichsplattform für Ladestationen</a>)</li>



<li>Abrechnungssystem und Überwachung des Verbrauchs</li>



<li><a href="https://www.klima-agence.lu/de/praktische-beispiele-fuer-die-planung-einer-ladeinfrastruktur" target="_blank" data-type="link" data-id="https://www.klima-agence.lu/de/praktische-beispiele-fuer-die-planung-einer-ladeinfrastruktur" rel="noreferrer noopener">Praktische Beispiele für die Planung einer Ladeinfrastruktur</a></li>



<li><a href="https://sia2060online.ch/" target="_blank" data-type="link" data-id="https://sia2060online.ch/" rel="noreferrer noopener">Hilfe bei der Bedarfsanalyse: Rechner für vereinfachte Planung</a></li>



<li><a href="https://www.consilium.europa.eu/de/infographics/fit-for-55-afir-alternative-fuels-infrastructure-regulation/" target="_blank" data-type="link" data-id="https://www.consilium.europa.eu/de/infographics/fit-for-55-afir-alternative-fuels-infrastructure-regulation/" rel="noreferrer noopener">Einhaltung der AFIR-Vorschriften</a></li>
</ul>



<p class="has-light-green-background-color has-background"><em>Seit dem 13. April 2024 gelten die neuen AFIR-Vorschriften (Alternative Fuels Infrastructure Regulation). Diese schreiben unter anderem vor, dass alle neuen Ladestationen die Zahlung per Kreditkarte oder anderen elektronischen Zahlungsmethoden akzeptieren müssen, damit die Nutzer ihr Auto aufladen können, ohne die spezifische Ladekarte des Anbieters zu benötigen. Darüber hinaus müssen die Nutzer transparent über den Preis informiert werden. Dies gilt auch für Stationen, die von Unternehmen ihren Besuchern zur Verfügung gestellt werden. <a href="https://www.consilium.europa.eu/de/infographics/fit-for-55-afir-alternative-fuels-infrastructure-regulation/" target="_blank" data-type="link" data-id="https://www.consilium.europa.eu/de/infographics/fit-for-55-afir-alternative-fuels-infrastructure-regulation/" rel="noreferrer noopener">Nähere Informationen zu den Vorschriften finden Sie hier.</a></em></p>



<h3 class="type-numerotation"><span class="type-numerotation-span visually-hidden"></span>Identifizierung der Lösung und Überprüfung der Durchführbarkeit des Ladeinfrastrukturprojekts</h3>



<ul class="wp-block-list">
<li>Ggf. Suche nach einem Investor für die Durchführung des Projekts
<ul class="wp-block-list">
<li>Vermittlungs-Tool für Grundstückseigentümer und Investoren: <a href="https://pro-charging.lu/" data-type="URL" data-id="https://pro-charging.lu/" target="_blank" rel="noreferrer noopener">pro-charging.lu</a></li>
</ul>
</li>
</ul>



<div class="wp-block-group has-light-green-background-color has-background"><div class="wp-block-group__inner-container is-layout-constrained wp-block-group-is-layout-constrained">
<p><strong>Überprüfung der Machbarkeit im Vorfeld des Projekts</strong></p>



<ul class="wp-block-list">
<li>Ermitteln Sie die verfügbare Leistung beim <a href="http://www.ilr.lu/secteurs-activites/energie/electricite/fourniture-gestionnaires-reseau/gestionnaires-de-reseau/gestionnaires/" target="_blank" rel="noreferrer noopener">Netzbetreiber</a></li>



<li>Untersuchung der vorhandenen elektrischen Anlage durch einen <a href="https://www.fgt.lu/de/unsere-mitglieder/" target="_blank" rel="noopener">qualifizierten Handwerker (zugelassener Elektriker)</a></li>



<li>Einholen von Kostenvoranschlägen bei <a href="https://www.fgt.lu/de/unsere-mitglieder/" target="_blank" rel="noopener">qualifizierten Handwerkern (zugelassene Elektriker)</a> oder bei <a href="https://pro-charging.lu/investors" target="_blank" rel="noopener">Projektentwicklern</a> Ladeinfrastruktur</li>
</ul>
</div></div>



<h3 class="type-numerotation"><span class="type-numerotation-span visually-hidden"></span>Beantragung der Beihilfen</h3>



<h4 class="wp-block-heading"><a href="https://guichet.public.lu/de/entreprises/financement-aides/infrastr-vehic-electriques/aide-infrastructures-charges-portees-pme.html" target="_blank" data-type="link" data-id="https://guichet.public.lu/de/entreprises/financement-aides/infrastr-vehic-electriques/aide-infrastructures-charges-portees-pme.html" rel="noreferrer noopener">Beihilfe zugunsten von Ladeinfrastrukturen, deren Träger KMU sind</a></h4>



<p>Kleine und mittlere Unternehmen (KMU), die Projekte zur Errichtung privater Ladeinfrastrukturen umsetzen, können eine Investitionsbeihilfe für ihre wirtschaftlichen Tätigkeiten erhalten. Die maximale Förderintensität beträgt <strong>40 %</strong> für mittlere Unternehmen und <strong>50 %</strong> für kleine Unternehmen, mit einem absoluten Höchstbetrag von <strong>100.000 €</strong> pro Unternehmen.</p>



<p><strong>Bei Fragen:</strong></p>



<ul class="wp-block-list">
<li>Begleitung bei der Erstellung des Förderantrags: <a href="mailto:aides@luxinnovation.lu" target="_blank" data-type="mailto" data-id="mailto:aides@luxinnovation.lu" rel="noreferrer noopener">Luxinnovation</a></li>



<li>Technische Projektunterstützung: <a href="mailto:entreprises@klima-agence.lu" target="_blank" data-type="mailto" data-id="mailto:e-mobility@klima-agence.lu" rel="noreferrer noopener">Klima-Agence</a></li>
</ul>



<h4 class="wp-block-heading">Ausschreibung</h4>



<p>Derzeit gibt es keine offenen Projektaufrufe im Rahmen der Förderregelung für Ladeinfrastruktur.</p>



<p>Der sechste Projektaufruf, der auf den Aufbau öffentlich zugänglicher oder privater Ladeinfrastruktur abzielte, wurde am 3. Juni 2025 abgeschlossen.</p>



<p>Die nächsten Termine für Projektaufrufe werden zu einem späteren Zeitpunkt bekannt gegeben.</p>



<p><strong>Bei Fragen:</strong></p>



<ul class="wp-block-list">
<li>Unterstützung bei der Ausarbeitung des Förderantrags: <a href="mailto:aides@luxinnovation.lu">Luxinnovation</a></li>



<li>Unterstützung bei der technischen Projektentwicklung: <a href="mailto:entreprises@klima-agence.lu">Klima-Agence</a></li>
</ul>



<h3 class="type-numerotation"><span class="type-numerotation-span visually-hidden"></span>Umsetzung des Projekts zur Schaffung von Ladeinfrastruktur für Elektrofahrzeuge</h3>



<ul class="wp-block-list">
<li><strong>Einreichen eines Antrags auf Installation bei </strong><a href="http://www.ilr.lu/secteurs-activites/energie/electricite/fourniture-gestionnaires-reseau/gestionnaires-de-reseau/gestionnaires/" target="_blank" rel="noreferrer noopener"><strong>Netzbetreiber</strong></a><br>Antrag erforderlich für jede Installation einer Ladestation mit einer Leistung von mindestens 7 kW (10A) bei dreiphasigem Betrieb oder mehr als 4,6 kW bei einphasigem Betrieb (20A).</li>
</ul>



<ul class="wp-block-list">
<li><strong>Ausführung der Arbeiten gemäß den technischen und normativen Anforderungen</strong>
<ul class="wp-block-list">
<li>Anschlussvorschriften &#8211; TAB / Niederspannungsnetz (NS): <a href="https://www.creos-net.lu/de/pro-seite/strom/anschluss/tab" target="_blank" rel="noreferrer noopener">TAB BT</a>.</li>



<li><a href="https://itm.public.lu/dam-assets/fr/securite-sante/conditions-types/itm-cl-1100-2000/ITM-SST-1506-3.pdf" target="_blank" rel="noopener">Anforderungen an den Brandschutz (ITM-SST 1506.3)</a></li>



<li><a href="https://www.klima-agence.lu/sites/default/files/2022-08/Fiche_Borne_Artisan_6P_NewBrand_DE.pdf" target="_blank" rel="noopener">Handwerksblatt</a> und <a href="https://www.klima-agence.lu/sites/default/files/2023-01/_2022_Planungsgrundlagen_Ladeinfrastruktur_0.pdf" target="_blank" rel="noopener">Planungsleitfaden</a>: Ladeinfrastruktur.</li>
</ul>
</li>
</ul>



<ul class="wp-block-list">
<li><strong>Überprüfung der Einhaltung durch den Netzbetreiber</strong><br>Das Ende der Arbeiten wird dem Netzbetreiber von dem mit den Arbeiten beauftragten Unternehmen gemeldet.</li>
</ul>
