{"id":4039,"date":"2024-08-28T10:17:04","date_gmt":"2024-08-28T08:17:04","guid":{"rendered":"https:\/\/dev.klimapaktfirbetriber.lu\/mesures-simplifiees\/favoriser-lautoconsommation-energetique-au-sein-de-son-entreprise-2\/"},"modified":"2024-09-05T14:18:46","modified_gmt":"2024-09-05T12:18:46","slug":"favoriser-lautoconsommation-energetique-au-sein-de-son-entreprise-2","status":"publish","type":"mesures-simplifiees","link":"https:\/\/dev.klimapaktfirbetriber.lu\/de\/vereinfachte-massnahme\/favoriser-lautoconsommation-energetique-au-sein-de-son-entreprise-2\/","title":{"rendered":"F\u00f6rderung des Eigenverbrauchs und der gemeinsamen Nutzung von Strom in Ihrem Unternehmen"},"content":{"rendered":"\n<p>Beim Eigenverbrauch wird der von Ihnen erzeugte Strom direkt genutzt, wodurch die Abh\u00e4ngigkeit vom Stromnetz und Ihre Stromrechnung sinken. Durch die Weitergabe \u00fcbersch\u00fcssiger erneuerbarer Energie an andere Teilnehmer des Stromnetzes werden diese Vorteile noch verst\u00e4rkt, der Stromverbrauch im Netz gesenkt und die Energiekosten weiter reduziert.<\/p>\n\n\n\n<h3 class=\"wp-block-heading\">Fragen, die Sie sich stellen sollten, bevor Sie Ihr Projekt zum Eigenverbrauch und zur gemeinsamen Nutzung von Strom starten<\/h3>\n\n\n\n<ul class=\"wp-block-list\">\n<li>Wie gro\u00df ist das Potenzial zur Energieerzeugung in meiner Situation?<\/li>\n\n\n\n<li>Wie hoch ist mein aktueller Energieverbrauch?<\/li>\n\n\n\n<li>Wird meine Energieproduktion mit meinem Verbrauch \u00fcbereinstimmen? Wenn nicht, k\u00f6nnte ich meinen Verbrauch an meine Produktion anpassen?<\/li>\n\n\n\n<li>Zu welchem Preis verkaufe ich derzeit meinen produzierten Strom? An wen? F\u00fcr wie lange?<\/li>\n\n\n\n<li>K\u00f6nnten andere Verbraucher in der N\u00e4he von diesem Energie\u00fcberschuss profitieren?<\/li>\n<\/ul>\n","protected":false},"template":"","class_list":["post-4039","mesures-simplifiees","type-mesures-simplifiees","status-publish","hentry"],"acf":[],"_links":{"self":[{"href":"https:\/\/dev.klimapaktfirbetriber.lu\/de\/wp-json\/wp\/v2\/mesures-simplifiees\/4039","targetHints":{"allow":["GET"]}}],"collection":[{"href":"https:\/\/dev.klimapaktfirbetriber.lu\/de\/wp-json\/wp\/v2\/mesures-simplifiees"}],"about":[{"href":"https:\/\/dev.klimapaktfirbetriber.lu\/de\/wp-json\/wp\/v2\/types\/mesures-simplifiees"}],"wp:attachment":[{"href":"https:\/\/dev.klimapaktfirbetriber.lu\/de\/wp-json\/wp\/v2\/media?parent=4039"}],"curies":[{"name":"wp","href":"https:\/\/api.w.org\/{rel}","templated":true}]}}

Förderung des Eigenverbrauchs und der gemeinsamen Nutzung von Strom in Ihrem Unternehmen

<p>Beim Eigenverbrauch wird der von Ihnen erzeugte Strom direkt genutzt, wodurch die Abhängigkeit vom Stromnetz und Ihre Stromrechnung sinken. Durch die Weitergabe überschüssiger erneuerbarer Energie an andere Teilnehmer des Stromnetzes werden diese Vorteile noch verstärkt, der Stromverbrauch im Netz gesenkt und die Energiekosten weiter reduziert.</p>



<h3 class="wp-block-heading">Fragen, die Sie sich stellen sollten, bevor Sie Ihr Projekt zum Eigenverbrauch und zur gemeinsamen Nutzung von Strom starten</h3>



<ul class="wp-block-list">
<li>Wie groß ist das Potenzial zur Energieerzeugung in meiner Situation?</li>



<li>Wie hoch ist mein aktueller Energieverbrauch?</li>



<li>Wird meine Energieproduktion mit meinem Verbrauch übereinstimmen? Wenn nicht, könnte ich meinen Verbrauch an meine Produktion anpassen?</li>



<li>Zu welchem Preis verkaufe ich derzeit meinen produzierten Strom? An wen? Für wie lange?</li>



<li>Könnten andere Verbraucher in der Nähe von diesem Energieüberschuss profitieren?</li>
</ul>
