{"id":3750,"date":"2024-06-24T08:26:03","date_gmt":"2024-06-24T06:26:03","guid":{"rendered":"https:\/\/dev.klimapaktfirbetriber.lu\/mesures-simplifiees\/soutenir-la-mobilite-active-et-decarbonee-de-mes-employes\/"},"modified":"2024-06-24T08:31:39","modified_gmt":"2024-06-24T06:31:39","slug":"soutenir-la-mobilite-active-et-decarbonee-de-mes-employes","status":"publish","type":"mesures-simplifiees","link":"https:\/\/dev.klimapaktfirbetriber.lu\/de\/vereinfachte-massnahme\/soutenir-la-mobilite-active-et-decarbonee-de-mes-employes\/","title":{"rendered":"Unterst\u00fctzung der aktiven und dekarbonisierten Mobilit\u00e4t meiner Mitarbeiter"},"content":{"rendered":"\n<h2 class=\"wp-block-heading\">F\u00f6rderung der sanften Mobilit\u00e4t im Unternehmen.<\/h2>\n\n\n\n<p>Um das Ziel der Klimaneutralit\u00e4t bis 2050 zu erreichen, ist es unerl\u00e4sslich, die Nutzung der Fahrzeugflotte zu minimieren und Alternativen zur sanften Mobilit\u00e4t zu f\u00f6rdern. Diese Ma\u00dfnahme zielt darauf ab, den CO2-Fu\u00dfabdruck des Unternehmens durch eine Neugestaltung der allgemeinen Mobilit\u00e4t des Unternehmens zu verringern.<\/p>\n\n\n\n<p>Angesichts der besonderen Situation des Landes mit kostenlosen \u00f6ffentlichen Verkehrsmitteln sollten die Mitarbeiter diese st\u00e4rker nutzen, indem sie ihre Konsumgewohnheiten \u00e4ndern.<\/p>\n\n\n\n<h3 class=\"wp-block-heading\">Grundlegende Fragen, die Sie sich stellen sollten, bevor Sie loslegen<\/h3>\n\n\n\n<ul class=\"wp-block-list\">\n<li>Welche Fortbewegungsmittel nutzen die Mitarbeiter?<\/li>\n\n\n\n<li>Befindet sich das Unternehmen in der N\u00e4he einer Haltestelle des \u00f6ffentlichen Verkehrs oder in der N\u00e4he eines Radwegs?<\/li>\n\n\n\n<li>Wie weit sind die Gesch\u00e4ftstermine von der Firma entfernt?<\/li>\n\n\n\n<li>Sind sich die Mitarbeiter bewusst, dass die \u00f6ffentlichen Verkehrsmittel in Luxemburg kostenlos sind?<\/li>\n\n\n\n<li>Wie wirkt sich die Fortbewegung meiner Mitarbeiter auf meine CO2-Bilanz aus?<\/li>\n<\/ul>\n","protected":false},"template":"","class_list":["post-3750","mesures-simplifiees","type-mesures-simplifiees","status-publish","hentry"],"acf":[],"_links":{"self":[{"href":"https:\/\/dev.klimapaktfirbetriber.lu\/de\/wp-json\/wp\/v2\/mesures-simplifiees\/3750","targetHints":{"allow":["GET"]}}],"collection":[{"href":"https:\/\/dev.klimapaktfirbetriber.lu\/de\/wp-json\/wp\/v2\/mesures-simplifiees"}],"about":[{"href":"https:\/\/dev.klimapaktfirbetriber.lu\/de\/wp-json\/wp\/v2\/types\/mesures-simplifiees"}],"wp:attachment":[{"href":"https:\/\/dev.klimapaktfirbetriber.lu\/de\/wp-json\/wp\/v2\/media?parent=3750"}],"curies":[{"name":"wp","href":"https:\/\/api.w.org\/{rel}","templated":true}]}}

Unterstützung der aktiven und dekarbonisierten Mobilität meiner Mitarbeiter

<h2 class="wp-block-heading">Förderung der sanften Mobilität im Unternehmen.</h2>



<p>Um das Ziel der Klimaneutralität bis 2050 zu erreichen, ist es unerlässlich, die Nutzung der Fahrzeugflotte zu minimieren und Alternativen zur sanften Mobilität zu fördern. Diese Maßnahme zielt darauf ab, den CO2-Fußabdruck des Unternehmens durch eine Neugestaltung der allgemeinen Mobilität des Unternehmens zu verringern.</p>



<p>Angesichts der besonderen Situation des Landes mit kostenlosen öffentlichen Verkehrsmitteln sollten die Mitarbeiter diese stärker nutzen, indem sie ihre Konsumgewohnheiten ändern.</p>



<h3 class="wp-block-heading">Grundlegende Fragen, die Sie sich stellen sollten, bevor Sie loslegen</h3>



<ul class="wp-block-list">
<li>Welche Fortbewegungsmittel nutzen die Mitarbeiter?</li>



<li>Befindet sich das Unternehmen in der Nähe einer Haltestelle des öffentlichen Verkehrs oder in der Nähe eines Radwegs?</li>



<li>Wie weit sind die Geschäftstermine von der Firma entfernt?</li>



<li>Sind sich die Mitarbeiter bewusst, dass die öffentlichen Verkehrsmittel in Luxemburg kostenlos sind?</li>



<li>Wie wirkt sich die Fortbewegung meiner Mitarbeiter auf meine CO2-Bilanz aus?</li>
</ul>
