{"id":2883,"date":"2024-02-02T10:15:27","date_gmt":"2024-02-02T09:15:27","guid":{"rendered":"https:\/\/dev.klimapaktfirbetriber.lu\/?post_type=mesures-simplifiees&#038;p=2883"},"modified":"2024-03-18T13:15:46","modified_gmt":"2024-03-18T12:15:46","slug":"beheizung-von-hallen-und-werkstaetten","status":"publish","type":"mesures-simplifiees","link":"https:\/\/dev.klimapaktfirbetriber.lu\/de\/vereinfachte-massnahme\/beheizung-von-hallen-und-werkstaetten\/","title":{"rendered":"Beheizung von Hallen und Werkst\u00e4tten"},"content":{"rendered":"\n<h2 class=\"wp-block-heading\"><strong>Durchf\u00fchrung von Anpassungen an die Beheizung von Hallen und Werkst\u00e4tten<\/strong><\/h2>\n\n\n\n<p>Firmenhallen und Werkst\u00e4tten, die oft durch gro\u00dfe, offene R\u00e4ume und hohe Decken gekennzeichnet sind, stellen eine besondere Herausforderung dar, wenn es darum geht, ein energetisch zielgerichtetes und effizientes Heizsystem einzurichten. Die ideale Hallenheizung muss daher die einzelnen Arbeitsbereiche punktuell beheizen und die W\u00e4rme in der richtigen H\u00f6he erzeugen.<\/p>\n\n\n\n<p>Hallen und Werkst\u00e4tten haben aufgrund ihrer Gr\u00f6\u00dfe und Nutzung besondere Anforderungen an die Heizung. Daher ist es unerl\u00e4sslich, eine gr\u00fcndliche Bedarfsanalyse durchzuf\u00fchren, bevor ein neues Heizsystem installiert wird.<\/p>\n\n\n\n<h3 class=\"wp-block-heading\"><strong>Fragen, die Sie sich stellen sollten, bevor Sie Ihr Projekt starten<\/strong><\/h3>\n\n\n\n<ul class=\"wp-block-list\">\n<li>Kenne ich die Eigenschaften und den Zustand der derzeit installierten Heizungsanlagen?<\/li>\n\n\n\n<li>Wie hoch ist der Heizbedarf der Hallen und Werkst\u00e4tten?<\/li>\n\n\n\n<li>Gibt es neue Anforderungen an die Heizungsproduktion?<\/li>\n\n\n\n<li>Kenne ich den Verbrauch an Heizkosten?<\/li>\n\n\n\n<li>Wird in Geb\u00e4uden unn\u00f6tig Heizenergie verschwendet?<\/li>\n<\/ul>\n","protected":false},"template":"","class_list":["post-2883","mesures-simplifiees","type-mesures-simplifiees","status-publish","hentry"],"acf":[],"_links":{"self":[{"href":"https:\/\/dev.klimapaktfirbetriber.lu\/de\/wp-json\/wp\/v2\/mesures-simplifiees\/2883","targetHints":{"allow":["GET"]}}],"collection":[{"href":"https:\/\/dev.klimapaktfirbetriber.lu\/de\/wp-json\/wp\/v2\/mesures-simplifiees"}],"about":[{"href":"https:\/\/dev.klimapaktfirbetriber.lu\/de\/wp-json\/wp\/v2\/types\/mesures-simplifiees"}],"wp:attachment":[{"href":"https:\/\/dev.klimapaktfirbetriber.lu\/de\/wp-json\/wp\/v2\/media?parent=2883"}],"curies":[{"name":"wp","href":"https:\/\/api.w.org\/{rel}","templated":true}]}}

Beheizung von Hallen und Werkstätten

<h2 class="wp-block-heading"><strong>Durchführung von Anpassungen an die Beheizung von Hallen und Werkstätten</strong></h2>



<p>Firmenhallen und Werkstätten, die oft durch große, offene Räume und hohe Decken gekennzeichnet sind, stellen eine besondere Herausforderung dar, wenn es darum geht, ein energetisch zielgerichtetes und effizientes Heizsystem einzurichten. Die ideale Hallenheizung muss daher die einzelnen Arbeitsbereiche punktuell beheizen und die Wärme in der richtigen Höhe erzeugen.</p>



<p>Hallen und Werkstätten haben aufgrund ihrer Größe und Nutzung besondere Anforderungen an die Heizung. Daher ist es unerlässlich, eine gründliche Bedarfsanalyse durchzuführen, bevor ein neues Heizsystem installiert wird.</p>



<h3 class="wp-block-heading"><strong>Fragen, die Sie sich stellen sollten, bevor Sie Ihr Projekt starten</strong></h3>



<ul class="wp-block-list">
<li>Kenne ich die Eigenschaften und den Zustand der derzeit installierten Heizungsanlagen?</li>



<li>Wie hoch ist der Heizbedarf der Hallen und Werkstätten?</li>



<li>Gibt es neue Anforderungen an die Heizungsproduktion?</li>



<li>Kenne ich den Verbrauch an Heizkosten?</li>



<li>Wird in Gebäuden unnötig Heizenergie verschwendet?</li>
</ul>
