{"id":1599,"date":"2023-04-28T09:21:46","date_gmt":"2023-04-28T07:21:46","guid":{"rendered":"https:\/\/dev.klimapaktfirbetriber.lu\/mesures-simplifiees\/installer-une-infrastructure-de-charge-pour-vehicules-electriques-en-entreprise\/"},"modified":"2024-01-15T17:28:22","modified_gmt":"2024-01-15T16:28:22","slug":"ladeinfrastruktur-fuer-elektrofahrzeuge-in-unternehmen-einrichten","status":"publish","type":"mesures-simplifiees","link":"https:\/\/dev.klimapaktfirbetriber.lu\/de\/vereinfachte-massnahme\/ladeinfrastruktur-fuer-elektrofahrzeuge-in-unternehmen-einrichten\/","title":{"rendered":"Ladeinfrastruktur f\u00fcr Elektrofahrzeuge in Unternehmen einrichten"},"content":{"rendered":"\n<h2 class=\"wp-block-heading\">Elektromobilit\u00e4t als Schl\u00fcsselelement f\u00fcr die Dekarbonisierung Ihres Unternehmens<\/h2>\n\n\n\n<p>Elektroautos sind ein wichtiger Teil der L\u00f6sung f\u00fcr eine erfolgreiche Dekarbonisierung der Fahrzeugflotte eines Unternehmens. Entscheidend ist ebenfalls der Aufbau einer geeigneten Ladeinfrastruktur im Unternehmen, um die logistische Verwaltung des Ladens intern abwickeln zu k\u00f6nnen. <br>F\u00fcr eine gr\u00f6\u00dfere Autonomie kann man die gesamte Anlage auch mit <a href=\"https:\/\/dev.klimapaktfirbetriber.lu\/de\/massnahmen\/photovoltaikanlagen-auf-unternehmen-intstallieren\/\" target=\"_blank\" rel=\"noreferrer noopener\">der Erzeugung von Solarstrom<\/a> kombinieren.<\/p>\n\n\n\n<h3 class=\"wp-block-heading\">Starten Sie Ihr Ladeinfrastrukturprojekt<\/h3>\n\n\n\n<p>Um die wichtigsten Fragen vor Beginn des Projekts zu beantworten und Sie durch die verschiedenen Planungsschritte zu f\u00fchren, hilft Ihnen ein <a href=\"https:\/\/www.fgt.lu\/de\/unsere-mitglieder\/\" target=\"_blank\" rel=\"noreferrer noopener\">qualifizierter Handwerker (zugelassener Elektriker)<\/a> oder ein auf Ladeeinrichtungen spezialisierter Anbieter. Bei komplexen und gro\u00dfen Anlagen ist es ratsam, sich bei einem <a href=\"https:\/\/www.oai.lu\/fr\/9\/topmenu\/annuaire-membres\/\" target=\"_blank\" rel=\"noreferrer noopener\">Planungsb\u00fcro<\/a> oder einem <a href=\"https:\/\/pro-charging.lu\/investors\" target=\"_blank\" rel=\"noreferrer noopener\">Projektentwickler<\/a> f\u00fcr Ladeinfrastruktur zu erkundigen. In jedem Fall kann Ihre Branchenvertretung (Kammer, Verband usw.) Sie beraten.<\/p>\n\n\n\n<h3 class=\"wp-block-heading\">Fragen, die Sie vor der Analyse der Energiesituation Ihres Unternehmens beachten sollten<\/h3>\n\n\n\n<ul class=\"wp-block-list\">\n<li>Welche Strecke legt ein Fahrzeug an einem typischen Tag zur\u00fcck?<\/li>\n\n\n\n<li>Welche Reichweite m\u00fcssen die Fahrzeuge mindestens nach dem Ladevorgang haben?<\/li>\n\n\n\n<li>Wie viele Elektrofahrzeuge sollten aufgeladen werden?<\/li>\n\n\n\n<li>Wie lange ist die typische Parkdauer von Fahrzeugen?<\/li>\n\n\n\n<li>Wie viele Fahrzeuge m\u00fcssten gleichzeitig laden?<\/li>\n\n\n\n<li>Ist vorgesehen, dass Kunden oder Au\u00dfenstehende ihre Fahrzeuge aufladen k\u00f6nnen?<\/li>\n<\/ul>\n","protected":false},"template":"","class_list":["post-1599","mesures-simplifiees","type-mesures-simplifiees","status-publish","hentry"],"acf":[],"_links":{"self":[{"href":"https:\/\/dev.klimapaktfirbetriber.lu\/de\/wp-json\/wp\/v2\/mesures-simplifiees\/1599","targetHints":{"allow":["GET"]}}],"collection":[{"href":"https:\/\/dev.klimapaktfirbetriber.lu\/de\/wp-json\/wp\/v2\/mesures-simplifiees"}],"about":[{"href":"https:\/\/dev.klimapaktfirbetriber.lu\/de\/wp-json\/wp\/v2\/types\/mesures-simplifiees"}],"wp:attachment":[{"href":"https:\/\/dev.klimapaktfirbetriber.lu\/de\/wp-json\/wp\/v2\/media?parent=1599"}],"curies":[{"name":"wp","href":"https:\/\/api.w.org\/{rel}","templated":true}]}}

Ladeinfrastruktur für Elektrofahrzeuge in Unternehmen einrichten

<h2 class="wp-block-heading">Elektromobilität als Schlüsselelement für die Dekarbonisierung Ihres Unternehmens</h2>



<p>Elektroautos sind ein wichtiger Teil der Lösung für eine erfolgreiche Dekarbonisierung der Fahrzeugflotte eines Unternehmens. Entscheidend ist ebenfalls der Aufbau einer geeigneten Ladeinfrastruktur im Unternehmen, um die logistische Verwaltung des Ladens intern abwickeln zu können. <br>Für eine größere Autonomie kann man die gesamte Anlage auch mit <a href="https://dev.klimapaktfirbetriber.lu/de/massnahmen/photovoltaikanlagen-auf-unternehmen-intstallieren/" target="_blank" rel="noreferrer noopener">der Erzeugung von Solarstrom</a> kombinieren.</p>



<h3 class="wp-block-heading">Starten Sie Ihr Ladeinfrastrukturprojekt</h3>



<p>Um die wichtigsten Fragen vor Beginn des Projekts zu beantworten und Sie durch die verschiedenen Planungsschritte zu führen, hilft Ihnen ein <a href="https://www.fgt.lu/de/unsere-mitglieder/" target="_blank" rel="noreferrer noopener">qualifizierter Handwerker (zugelassener Elektriker)</a> oder ein auf Ladeeinrichtungen spezialisierter Anbieter. Bei komplexen und großen Anlagen ist es ratsam, sich bei einem <a href="https://www.oai.lu/fr/9/topmenu/annuaire-membres/" target="_blank" rel="noreferrer noopener">Planungsbüro</a> oder einem <a href="https://pro-charging.lu/investors" target="_blank" rel="noreferrer noopener">Projektentwickler</a> für Ladeinfrastruktur zu erkundigen. In jedem Fall kann Ihre Branchenvertretung (Kammer, Verband usw.) Sie beraten.</p>



<h3 class="wp-block-heading">Fragen, die Sie vor der Analyse der Energiesituation Ihres Unternehmens beachten sollten</h3>



<ul class="wp-block-list">
<li>Welche Strecke legt ein Fahrzeug an einem typischen Tag zurück?</li>



<li>Welche Reichweite müssen die Fahrzeuge mindestens nach dem Ladevorgang haben?</li>



<li>Wie viele Elektrofahrzeuge sollten aufgeladen werden?</li>



<li>Wie lange ist die typische Parkdauer von Fahrzeugen?</li>



<li>Wie viele Fahrzeuge müssten gleichzeitig laden?</li>



<li>Ist vorgesehen, dass Kunden oder Außenstehende ihre Fahrzeuge aufladen können?</li>
</ul>
