{"id":1337261,"date":"2025-06-20T16:17:03","date_gmt":"2025-06-20T14:17:03","guid":{"rendered":"https:\/\/dev.klimapaktfirbetriber.lu\/mesures-simplifiees\/gestion-responsable-de-leau-dans-les-batiments-de-lentreprise\/"},"modified":"2025-06-20T16:18:35","modified_gmt":"2025-06-20T14:18:35","slug":"gestion-responsable-de-leau-dans-les-batiments-de-lentreprise","status":"publish","type":"mesures-simplifiees","link":"https:\/\/dev.klimapaktfirbetriber.lu\/de\/vereinfachte-massnahme\/gestion-responsable-de-leau-dans-les-batiments-de-lentreprise\/","title":{"rendered":"Verantwortungsvolles Wassermanagement in den Geb\u00e4uden des Unternehmens"},"content":{"rendered":"\n<h2 class=\"wp-block-heading\">Begrenzung des Wasserverbrauchs in Geb\u00e4uden<\/h2>\n\n\n\n<p>Diese Ma\u00dfnahme schl\u00e4gt Strategien f\u00fcr einen rationellen Wasserverbrauch in den Geb\u00e4uden des Unternehmens vor.<\/p>\n\n\n\n<p>Im Durchschnitt liegt der Verbrauch pro B\u00fcroangestellten bei etwa:<\/p>\n\n\n\n<ul class=\"wp-block-list\">\n<li>30 bis 40 Liter\/Tag\/Mitarbeiter<\/li>\n\n\n\n<li>4 l\/m\u00b2 B\u00fcrofl\u00e4che<\/li>\n<\/ul>\n\n\n\n<p>Diese Indikatoren h\u00e4ngen nat\u00fcrlich stark von der Art der T\u00e4tigkeit des Unternehmens, der Ausstattung des Geb\u00e4udes und dem Verhalten der Mitarbeiter ab. Die Optimierung des Wasserverbrauchs in einem Geb\u00e4ude tr\u00e4gt zur Verbesserung der \u00f6kologischen, wirtschaftlichen und funktionalen Nachhaltigkeit von Geb\u00e4uden bei.<\/p>\n\n\n\n<h3 class=\"wp-block-heading\">Fragen, die Sie sich stellen sollten, bevor Sie Ihr Projekt starten<\/h3>\n\n\n\n<ol class=\"wp-block-list\">\n<li>Wie hoch ist Ihr aktueller Wasserverbrauch?<\/li>\n\n\n\n<li>Was sind die wichtigsten Verwendungszwecke von Wasser?<\/li>\n\n\n\n<li>Verf\u00fcgen Sie \u00fcber Z\u00e4hler f\u00fcr jede Art der Nutzung?<\/li>\n\n\n\n<li>Gibt es Warnmeldungen bei Leckagen oder ungew\u00f6hnlichem Verbrauch?<\/li>\n\n\n\n<li>Wie beeinflusst das Verhalten der Bewohner den Wasserverbrauch?<\/li>\n<\/ol>\n\n\n\n<p><\/p>\n","protected":false},"template":"","class_list":["post-1337261","mesures-simplifiees","type-mesures-simplifiees","status-publish","hentry"],"acf":[],"_links":{"self":[{"href":"https:\/\/dev.klimapaktfirbetriber.lu\/de\/wp-json\/wp\/v2\/mesures-simplifiees\/1337261","targetHints":{"allow":["GET"]}}],"collection":[{"href":"https:\/\/dev.klimapaktfirbetriber.lu\/de\/wp-json\/wp\/v2\/mesures-simplifiees"}],"about":[{"href":"https:\/\/dev.klimapaktfirbetriber.lu\/de\/wp-json\/wp\/v2\/types\/mesures-simplifiees"}],"wp:attachment":[{"href":"https:\/\/dev.klimapaktfirbetriber.lu\/de\/wp-json\/wp\/v2\/media?parent=1337261"}],"curies":[{"name":"wp","href":"https:\/\/api.w.org\/{rel}","templated":true}]}}

Verantwortungsvolles Wassermanagement in den Gebäuden des Unternehmens

<h2 class="wp-block-heading">Begrenzung des Wasserverbrauchs in Gebäuden</h2>



<p>Diese Maßnahme schlägt Strategien für einen rationellen Wasserverbrauch in den Gebäuden des Unternehmens vor.</p>



<p>Im Durchschnitt liegt der Verbrauch pro Büroangestellten bei etwa:</p>



<ul class="wp-block-list">
<li>30 bis 40 Liter/Tag/Mitarbeiter</li>



<li>4 l/m² Bürofläche</li>
</ul>



<p>Diese Indikatoren hängen natürlich stark von der Art der Tätigkeit des Unternehmens, der Ausstattung des Gebäudes und dem Verhalten der Mitarbeiter ab. Die Optimierung des Wasserverbrauchs in einem Gebäude trägt zur Verbesserung der ökologischen, wirtschaftlichen und funktionalen Nachhaltigkeit von Gebäuden bei.</p>



<h3 class="wp-block-heading">Fragen, die Sie sich stellen sollten, bevor Sie Ihr Projekt starten</h3>



<ol class="wp-block-list">
<li>Wie hoch ist Ihr aktueller Wasserverbrauch?</li>



<li>Was sind die wichtigsten Verwendungszwecke von Wasser?</li>



<li>Verfügen Sie über Zähler für jede Art der Nutzung?</li>



<li>Gibt es Warnmeldungen bei Leckagen oder ungewöhnlichem Verbrauch?</li>



<li>Wie beeinflusst das Verhalten der Bewohner den Wasserverbrauch?</li>
</ol>



<p></p>
