{"id":425316,"date":"2024-12-23T03:11:13","date_gmt":"2024-12-23T02:11:13","guid":{"rendered":"https:\/\/dev.klimapaktfirbetriber.lu\/?post_type=cas-pratiques&#038;p=425316"},"modified":"2025-01-07T16:42:03","modified_gmt":"2025-01-07T15:42:03","slug":"reckinger-peinture-decors","status":"publish","type":"cas-pratiques","link":"https:\/\/dev.klimapaktfirbetriber.lu\/de\/praxisbeispiele\/reckinger-peinture-decors\/","title":{"rendered":"Reckinger peinture &amp; d\u00e9cors \u2013 Einbeziehung der Mitarbeiter f\u00fcr mehr Nachhaltigkeit im Unternehmen \u2013 Das \u00ab \u00cbmwelt-Komit\u00e9 \u00bb"},"content":{"rendered":"\n<p>Reckinger peinture &amp; d\u00e9cors ist ein Familienunternehmen, das 1946 gegr\u00fcndet wurde und derzeit in der dritten Generation gef\u00fchrt wird. Spezialisiert auf Innenausbau und Dekoration besch\u00e4ftigt das Unternehmen heute 50 Mitarbeiter. Dank ihrer Fachkenntnisse und Expertise hat sich die Firma in ihrer Branche einen ausgezeichneten Ruf erarbeitet. Gleichzeitig ist sie sich ihrer \u00f6kologischen Verantwortung bewusst und strebt danach, ihren \u00f6kologischen Fu\u00dfabdruck zu reduzieren, indem sie nachhaltige Praktiken in ihren t\u00e4glichen Betrieb integriert. Das Engagement f\u00fcr Nachhaltigkeit wird von der Gesch\u00e4ftsf\u00fchrung getragen und auf allen Unternehmensebenen gelebt.<\/p>\n\n\n\n<figure class=\"wp-block-embed is-type-video is-provider-youtube wp-block-embed-youtube wp-embed-aspect-16-9 wp-has-aspect-ratio\"><div class=\"wp-block-embed__wrapper\">\n<iframe title=\"Gestion durable en entreprise : Reckinger peinture &amp; d\u00e9cors\" width=\"640\" height=\"360\" src=\"https:\/\/www.youtube.com\/embed\/uOuacqrq5yc?start=20&#038;feature=oembed\" frameborder=\"0\" allow=\"accelerometer; autoplay; clipboard-write; encrypted-media; gyroscope; picture-in-picture; web-share\" referrerpolicy=\"strict-origin-when-cross-origin\" allowfullscreen><\/iframe>\n<\/div><\/figure>\n\n\n\n<div style=\"height:100px\" aria-hidden=\"true\" class=\"wp-block-spacer\"><\/div>\n\n\n\n<div class=\"wp-block-group etape\"><div class=\"wp-block-group__inner-container is-layout-flow wp-block-group-is-layout-flow\">\n<h2 class=\"wp-block-heading special\" id=\"idee\">Idee<\/h2>\n\n\n\n<h3 class=\"wp-block-heading special\" id=\"idee\"><strong>Gemeinsam mit den Mitarbeitern die Nachhaltigkeit vorantreiben<\/strong><\/h3>\n\n\n\n<p>F\u00fcr Reckinger peinture &amp; d\u00e9cors ist die Umstellung auf Nachhaltigkeit eine gemeinsame Herausforderung, die die aktive Mitwirkung aller Beteiligten im Unternehmen erfordert, insbesondere der Mitarbeiter. Ihr Engagement ist entscheidend, um \u00f6kologische Absichten in konkrete und nachhaltige Ma\u00dfnahmen umzuwandeln. Ziel ist es, einen inklusiven und kooperativen Ansatz zu verfolgen, bei dem jedes Teammitglied eine wichtige Rolle spielt. <\/p>\n\n\n\n<figure class=\"wp-block-gallery has-nested-images columns-default is-cropped wp-block-gallery-1 is-layout-flex wp-block-gallery-is-layout-flex\">\n<figure class=\"wp-block-image size-large\"><img decoding=\"async\" width=\"576\" height=\"1024\" data-id=\"493581\" src=\"https:\/\/dev.klimapaktfirbetriber.lu\/wp-content\/uploads\/2024\/12\/IMG_0544-min-576x1024.jpeg\" alt=\"Image montrant un employ\u00e9 en train de nettoyer son mat\u00e9riel apr\u00e8s un retour de chantier\" class=\"wp-image-493581\" srcset=\"https:\/\/dev.klimapaktfirbetriber.lu\/wp-content\/uploads\/2024\/12\/IMG_0544-min-576x1024.jpeg 576w, https:\/\/dev.klimapaktfirbetriber.lu\/wp-content\/uploads\/2024\/12\/IMG_0544-min-169x300.jpeg 169w, https:\/\/dev.klimapaktfirbetriber.lu\/wp-content\/uploads\/2024\/12\/IMG_0544-min-768x1365.jpeg 768w, https:\/\/dev.klimapaktfirbetriber.lu\/wp-content\/uploads\/2024\/12\/IMG_0544-min-864x1536.jpeg 864w, https:\/\/dev.klimapaktfirbetriber.lu\/wp-content\/uploads\/2024\/12\/IMG_0544-min-1152x2048.jpeg 1152w, https:\/\/dev.klimapaktfirbetriber.lu\/wp-content\/uploads\/2024\/12\/IMG_0544-min-scaled.jpeg 1440w\" sizes=\"(max-width: 576px) 100vw, 576px\" \/><\/figure>\n\n\n\n<figure class=\"wp-block-image size-large\"><img decoding=\"async\" width=\"576\" height=\"1024\" data-id=\"493577\" src=\"https:\/\/dev.klimapaktfirbetriber.lu\/wp-content\/uploads\/2024\/12\/IMG_0548-min-576x1024.jpeg\" alt=\"Image montrant le dispositif de s\u00e9paration des eaux et des polluants\" class=\"wp-image-493577\" srcset=\"https:\/\/dev.klimapaktfirbetriber.lu\/wp-content\/uploads\/2024\/12\/IMG_0548-min-576x1024.jpeg 576w, https:\/\/dev.klimapaktfirbetriber.lu\/wp-content\/uploads\/2024\/12\/IMG_0548-min-169x300.jpeg 169w, https:\/\/dev.klimapaktfirbetriber.lu\/wp-content\/uploads\/2024\/12\/IMG_0548-min-768x1365.jpeg 768w, https:\/\/dev.klimapaktfirbetriber.lu\/wp-content\/uploads\/2024\/12\/IMG_0548-min-864x1536.jpeg 864w, https:\/\/dev.klimapaktfirbetriber.lu\/wp-content\/uploads\/2024\/12\/IMG_0548-min-1152x2048.jpeg 1152w, https:\/\/dev.klimapaktfirbetriber.lu\/wp-content\/uploads\/2024\/12\/IMG_0548-min-scaled.jpeg 1440w\" sizes=\"(max-width: 576px) 100vw, 576px\" \/><\/figure>\n<\/figure>\n\n\n\n<p>Der Erfolg dieser Transformation beruht auf Zuh\u00f6ren, Schulung und der gemeinsamen Entwicklung von Ma\u00dfnahmen mit den Mitarbeitern.<\/p>\n<\/div><\/div>\n\n\n\n<div class=\"wp-block-group etape\"><div class=\"wp-block-group__inner-container is-layout-flow wp-block-group-is-layout-flow\">\n<h2 class=\"wp-block-heading special\" id=\"conception\">Design<\/h2>\n\n\n\n<h3 class=\"wp-block-heading special\" id=\"conception\"><strong>Den geeigneten Rahmen f\u00fcr die Umweltstrategie finden<\/strong><\/h3>\n\n\n\n<p>Im Rahmen ihrer Umweltstrategie hat Reckinger Peinture &amp; D\u00e9cors am Programm \u201eFit 4 Sustainability\u201c des Wirtschaftsministeriums teilgenommen. Dieses Programm erm\u00f6glicht es Unternehmen, ihre \u00f6kologischen Auswirkungen zu bewerten und einen Aktionsplan zur Reduzierung dieser Auswirkungen zu erstellen.<\/p>\n\n\n\n<p>Eine der ersten Aktionen war die Einrichtung eines internen Umweltkomitees (\u00ab \u00cbmwelt-Komit\u00e9 \u00bb). Dieses Komitee, das aus Mitgliedern der Gesch\u00e4ftsf\u00fchrung und freiwilligen Mitarbeitern besteht, hat die Aufgabe, umweltbezogene Priorit\u00e4ten festzulegen, konkrete Ma\u00dfnahmen umzusetzen und den Fortschritt zu \u00fcberwachen.<\/p>\n\n\n\n<figure class=\"wp-block-image size-large\"><img decoding=\"async\" width=\"1024\" height=\"571\" src=\"https:\/\/dev.klimapaktfirbetriber.lu\/wp-content\/uploads\/2024\/12\/Screenshot-2025-01-06-at-12.32.51-1024x571.jpg\" alt=\"Image montrant le comit\u00e9 en charge des actions environnementales dans l\u2019entreprise en train de suivre les consommations \u00e9nerg\u00e9tiques de l\u2019entreprise\" class=\"wp-image-493617\" srcset=\"https:\/\/dev.klimapaktfirbetriber.lu\/wp-content\/uploads\/2024\/12\/Screenshot-2025-01-06-at-12.32.51-1024x571.jpg 1024w, https:\/\/dev.klimapaktfirbetriber.lu\/wp-content\/uploads\/2024\/12\/Screenshot-2025-01-06-at-12.32.51-300x167.jpg 300w, https:\/\/dev.klimapaktfirbetriber.lu\/wp-content\/uploads\/2024\/12\/Screenshot-2025-01-06-at-12.32.51-768x428.jpg 768w, https:\/\/dev.klimapaktfirbetriber.lu\/wp-content\/uploads\/2024\/12\/Screenshot-2025-01-06-at-12.32.51-1536x857.jpg 1536w, https:\/\/dev.klimapaktfirbetriber.lu\/wp-content\/uploads\/2024\/12\/Screenshot-2025-01-06-at-12.32.51-2048x1142.jpg 2048w\" sizes=\"(max-width: 1024px) 100vw, 1024px\" \/><\/figure>\n<\/div><\/div>\n\n\n\n<div class=\"wp-block-group etape\"><div class=\"wp-block-group__inner-container is-layout-flow wp-block-group-is-layout-flow\">\n<h2 class=\"wp-block-heading special\" id=\"mise-oeuvre\">Umsetzung<\/h2>\n\n\n\n<h3 class=\"wp-block-heading special\" id=\"mise-oeuvre\"><strong>Die Ma\u00dfnahmen des Umweltkomitees &#8211; <\/strong>\u00ab \u00cbmwelt-Komit\u00e9 \u00bb<\/h3>\n\n\n\n<ul class=\"wp-block-list\">\n<li>Gr\u00fcndung des Komitees: Das Unternehmen hat ein gemischtes Team aus verschiedenen Hierarchieebenen zusammengestellt, um eine partizipative Herangehensweise zu f\u00f6rdern.<\/li>\n\n\n\n<li>Planung: Organisation regelm\u00e4\u00dfiger Sitzungen, in denen das Komitee die Umsetzung der Ma\u00dfnahmen zur Verbesserung der Nachhaltigkeit im Unternehmen bespricht.<\/li>\n\n\n\n<li>Verantwortungsbereiche: Die Mitglieder des Komitees wurden mit der \u00dcberwachung verschiedener Bereiche beauftragt, wie z. B. dem Energie- und Ressourcenverbrauch oder der Abfallbewirtschaftung.<\/li>\n\n\n\n<li>Durchf\u00fchrung konkreter Ma\u00dfnahmen, wie z. B.:\n<ul class=\"wp-block-list\">\n<li>Verbesserung der Abfallbewirtschaftung und -trennung, sowohl intern als auch auf Baustellen.<\/li>\n\n\n\n<li>Verwendung wiederverwendbarer Flaschen zur Reduzierung von Plastikm\u00fcll.<\/li>\n<\/ul>\n<\/li>\n<\/ul>\n\n\n\n<figure class=\"wp-block-image size-large\"><img decoding=\"async\" width=\"1024\" height=\"576\" src=\"https:\/\/dev.klimapaktfirbetriber.lu\/wp-content\/uploads\/2024\/12\/IMG_0551-min-1024x576.jpeg\" alt=\"Image montrant les bennes pour le tri s\u00e9lectif dans l\u2019entreprise\" class=\"wp-image-493631\" srcset=\"https:\/\/dev.klimapaktfirbetriber.lu\/wp-content\/uploads\/2024\/12\/IMG_0551-min-1024x576.jpeg 1024w, https:\/\/dev.klimapaktfirbetriber.lu\/wp-content\/uploads\/2024\/12\/IMG_0551-min-300x169.jpeg 300w, https:\/\/dev.klimapaktfirbetriber.lu\/wp-content\/uploads\/2024\/12\/IMG_0551-min-768x432.jpeg 768w, https:\/\/dev.klimapaktfirbetriber.lu\/wp-content\/uploads\/2024\/12\/IMG_0551-min-1536x864.jpeg 1536w, https:\/\/dev.klimapaktfirbetriber.lu\/wp-content\/uploads\/2024\/12\/IMG_0551-min-2048x1152.jpeg 2048w\" sizes=\"(max-width: 1024px) 100vw, 1024px\" \/><\/figure>\n<\/div><\/div>\n\n\n\n<div class=\"wp-block-group etape\"><div class=\"wp-block-group__inner-container is-layout-flow wp-block-group-is-layout-flow\">\n<h2 class=\"wp-block-heading special\" id=\"resultat\">Resultat<\/h2>\n\n\n\n<h3 class=\"wp-block-heading special\" id=\"resultat\"><strong>Erfolg des Umweltkomitees<\/strong><\/h3>\n\n\n\n<p>Nach einer Einf\u00fchrungsphase ist das Umweltkomitee mittlerweile ein fest integrierter Bestandteil des Unternehmensalltags. Die ersten Ma\u00dfnahmen wurden erfolgreich umgesetzt.<\/p>\n<\/div><\/div>\n\n\n\n<p><\/p>\n","protected":false},"featured_media":493673,"template":"","thematique":[95],"class_list":["post-425316","cas-pratiques","type-cas-pratiques","status-publish","has-post-thumbnail","hentry","thematique-kommunikation-und-kooperation"],"acf":[],"_links":{"self":[{"href":"https:\/\/dev.klimapaktfirbetriber.lu\/de\/wp-json\/wp\/v2\/cas-pratiques\/425316","targetHints":{"allow":["GET"]}}],"collection":[{"href":"https:\/\/dev.klimapaktfirbetriber.lu\/de\/wp-json\/wp\/v2\/cas-pratiques"}],"about":[{"href":"https:\/\/dev.klimapaktfirbetriber.lu\/de\/wp-json\/wp\/v2\/types\/cas-pratiques"}],"version-history":[{"count":3,"href":"https:\/\/dev.klimapaktfirbetriber.lu\/de\/wp-json\/wp\/v2\/cas-pratiques\/425316\/revisions"}],"predecessor-version":[{"id":1689188,"href":"https:\/\/dev.klimapaktfirbetriber.lu\/de\/wp-json\/wp\/v2\/cas-pratiques\/425316\/revisions\/1689188"}],"wp:featuredmedia":[{"embeddable":true,"href":"https:\/\/dev.klimapaktfirbetriber.lu\/de\/wp-json\/wp\/v2\/media\/493673"}],"wp:attachment":[{"href":"https:\/\/dev.klimapaktfirbetriber.lu\/de\/wp-json\/wp\/v2\/media?parent=425316"}],"wp:term":[{"taxonomy":"thematique","embeddable":true,"href":"https:\/\/dev.klimapaktfirbetriber.lu\/de\/wp-json\/wp\/v2\/thematique?post=425316"}],"curies":[{"name":"wp","href":"https:\/\/api.w.org\/{rel}","templated":true}]}}

Reckinger peinture &amp; décors – Einbeziehung der Mitarbeiter für mehr Nachhaltigkeit im Unternehmen – Das « Ëmwelt-Komité »

<p>Reckinger peinture &amp; décors ist ein Familienunternehmen, das 1946 gegründet wurde und derzeit in der dritten Generation geführt wird. Spezialisiert auf Innenausbau und Dekoration beschäftigt das Unternehmen heute 50 Mitarbeiter. Dank ihrer Fachkenntnisse und Expertise hat sich die Firma in ihrer Branche einen ausgezeichneten Ruf erarbeitet. Gleichzeitig ist sie sich ihrer ökologischen Verantwortung bewusst und strebt danach, ihren ökologischen Fußabdruck zu reduzieren, indem sie nachhaltige Praktiken in ihren täglichen Betrieb integriert. Das Engagement für Nachhaltigkeit wird von der Geschäftsführung getragen und auf allen Unternehmensebenen gelebt.</p>



<figure class="wp-block-embed is-type-video is-provider-youtube wp-block-embed-youtube wp-embed-aspect-16-9 wp-has-aspect-ratio"><div class="wp-block-embed__wrapper">
<iframe title="Gestion durable en entreprise : Reckinger peinture &amp; décors" width="640" height="360" src="https://www.youtube.com/embed/uOuacqrq5yc?start=20&#038;feature=oembed" frameborder="0" allow="accelerometer; autoplay; clipboard-write; encrypted-media; gyroscope; picture-in-picture; web-share" referrerpolicy="strict-origin-when-cross-origin" allowfullscreen></iframe>
</div></figure>



<div style="height:100px" aria-hidden="true" class="wp-block-spacer"></div>



<div class="wp-block-group etape"><div class="wp-block-group__inner-container is-layout-flow wp-block-group-is-layout-flow">
<h2 class="wp-block-heading special" id="idee">Idee</h2>



<h3 class="wp-block-heading special" id="idee"><strong>Gemeinsam mit den Mitarbeitern die Nachhaltigkeit vorantreiben</strong></h3>



<p>Für Reckinger peinture &amp; décors ist die Umstellung auf Nachhaltigkeit eine gemeinsame Herausforderung, die die aktive Mitwirkung aller Beteiligten im Unternehmen erfordert, insbesondere der Mitarbeiter. Ihr Engagement ist entscheidend, um ökologische Absichten in konkrete und nachhaltige Maßnahmen umzuwandeln. Ziel ist es, einen inklusiven und kooperativen Ansatz zu verfolgen, bei dem jedes Teammitglied eine wichtige Rolle spielt. </p>



<figure class="wp-block-gallery has-nested-images columns-default is-cropped wp-block-gallery-1 is-layout-flex wp-block-gallery-is-layout-flex">
<figure class="wp-block-image size-large"><img decoding="async" width="576" height="1024" data-id="493581" src="https://dev.klimapaktfirbetriber.lu/wp-content/uploads/2024/12/IMG_0544-min-576x1024.jpeg" alt="Image montrant un employé en train de nettoyer son matériel après un retour de chantier" class="wp-image-493581" srcset="https://dev.klimapaktfirbetriber.lu/wp-content/uploads/2024/12/IMG_0544-min-576x1024.jpeg 576w, https://dev.klimapaktfirbetriber.lu/wp-content/uploads/2024/12/IMG_0544-min-169x300.jpeg 169w, https://dev.klimapaktfirbetriber.lu/wp-content/uploads/2024/12/IMG_0544-min-768x1365.jpeg 768w, https://dev.klimapaktfirbetriber.lu/wp-content/uploads/2024/12/IMG_0544-min-864x1536.jpeg 864w, https://dev.klimapaktfirbetriber.lu/wp-content/uploads/2024/12/IMG_0544-min-1152x2048.jpeg 1152w, https://dev.klimapaktfirbetriber.lu/wp-content/uploads/2024/12/IMG_0544-min-scaled.jpeg 1440w" sizes="(max-width: 576px) 100vw, 576px" /></figure>



<figure class="wp-block-image size-large"><img decoding="async" width="576" height="1024" data-id="493577" src="https://dev.klimapaktfirbetriber.lu/wp-content/uploads/2024/12/IMG_0548-min-576x1024.jpeg" alt="Image montrant le dispositif de séparation des eaux et des polluants" class="wp-image-493577" srcset="https://dev.klimapaktfirbetriber.lu/wp-content/uploads/2024/12/IMG_0548-min-576x1024.jpeg 576w, https://dev.klimapaktfirbetriber.lu/wp-content/uploads/2024/12/IMG_0548-min-169x300.jpeg 169w, https://dev.klimapaktfirbetriber.lu/wp-content/uploads/2024/12/IMG_0548-min-768x1365.jpeg 768w, https://dev.klimapaktfirbetriber.lu/wp-content/uploads/2024/12/IMG_0548-min-864x1536.jpeg 864w, https://dev.klimapaktfirbetriber.lu/wp-content/uploads/2024/12/IMG_0548-min-1152x2048.jpeg 1152w, https://dev.klimapaktfirbetriber.lu/wp-content/uploads/2024/12/IMG_0548-min-scaled.jpeg 1440w" sizes="(max-width: 576px) 100vw, 576px" /></figure>
</figure>



<p>Der Erfolg dieser Transformation beruht auf Zuhören, Schulung und der gemeinsamen Entwicklung von Maßnahmen mit den Mitarbeitern.</p>
</div></div>



<div class="wp-block-group etape"><div class="wp-block-group__inner-container is-layout-flow wp-block-group-is-layout-flow">
<h2 class="wp-block-heading special" id="conception">Design</h2>



<h3 class="wp-block-heading special" id="conception"><strong>Den geeigneten Rahmen für die Umweltstrategie finden</strong></h3>



<p>Im Rahmen ihrer Umweltstrategie hat Reckinger Peinture &amp; Décors am Programm „Fit 4 Sustainability“ des Wirtschaftsministeriums teilgenommen. Dieses Programm ermöglicht es Unternehmen, ihre ökologischen Auswirkungen zu bewerten und einen Aktionsplan zur Reduzierung dieser Auswirkungen zu erstellen.</p>



<p>Eine der ersten Aktionen war die Einrichtung eines internen Umweltkomitees (« Ëmwelt-Komité »). Dieses Komitee, das aus Mitgliedern der Geschäftsführung und freiwilligen Mitarbeitern besteht, hat die Aufgabe, umweltbezogene Prioritäten festzulegen, konkrete Maßnahmen umzusetzen und den Fortschritt zu überwachen.</p>



<figure class="wp-block-image size-large"><img decoding="async" width="1024" height="571" src="https://dev.klimapaktfirbetriber.lu/wp-content/uploads/2024/12/Screenshot-2025-01-06-at-12.32.51-1024x571.jpg" alt="Image montrant le comité en charge des actions environnementales dans l’entreprise en train de suivre les consommations énergétiques de l’entreprise" class="wp-image-493617" srcset="https://dev.klimapaktfirbetriber.lu/wp-content/uploads/2024/12/Screenshot-2025-01-06-at-12.32.51-1024x571.jpg 1024w, https://dev.klimapaktfirbetriber.lu/wp-content/uploads/2024/12/Screenshot-2025-01-06-at-12.32.51-300x167.jpg 300w, https://dev.klimapaktfirbetriber.lu/wp-content/uploads/2024/12/Screenshot-2025-01-06-at-12.32.51-768x428.jpg 768w, https://dev.klimapaktfirbetriber.lu/wp-content/uploads/2024/12/Screenshot-2025-01-06-at-12.32.51-1536x857.jpg 1536w, https://dev.klimapaktfirbetriber.lu/wp-content/uploads/2024/12/Screenshot-2025-01-06-at-12.32.51-2048x1142.jpg 2048w" sizes="(max-width: 1024px) 100vw, 1024px" /></figure>
</div></div>



<div class="wp-block-group etape"><div class="wp-block-group__inner-container is-layout-flow wp-block-group-is-layout-flow">
<h2 class="wp-block-heading special" id="mise-oeuvre">Umsetzung</h2>



<h3 class="wp-block-heading special" id="mise-oeuvre"><strong>Die Maßnahmen des Umweltkomitees &#8211; </strong>« Ëmwelt-Komité »</h3>



<ul class="wp-block-list">
<li>Gründung des Komitees: Das Unternehmen hat ein gemischtes Team aus verschiedenen Hierarchieebenen zusammengestellt, um eine partizipative Herangehensweise zu fördern.</li>



<li>Planung: Organisation regelmäßiger Sitzungen, in denen das Komitee die Umsetzung der Maßnahmen zur Verbesserung der Nachhaltigkeit im Unternehmen bespricht.</li>



<li>Verantwortungsbereiche: Die Mitglieder des Komitees wurden mit der Überwachung verschiedener Bereiche beauftragt, wie z. B. dem Energie- und Ressourcenverbrauch oder der Abfallbewirtschaftung.</li>



<li>Durchführung konkreter Maßnahmen, wie z. B.:
<ul class="wp-block-list">
<li>Verbesserung der Abfallbewirtschaftung und -trennung, sowohl intern als auch auf Baustellen.</li>



<li>Verwendung wiederverwendbarer Flaschen zur Reduzierung von Plastikmüll.</li>
</ul>
</li>
</ul>



<figure class="wp-block-image size-large"><img decoding="async" width="1024" height="576" src="https://dev.klimapaktfirbetriber.lu/wp-content/uploads/2024/12/IMG_0551-min-1024x576.jpeg" alt="Image montrant les bennes pour le tri sélectif dans l’entreprise" class="wp-image-493631" srcset="https://dev.klimapaktfirbetriber.lu/wp-content/uploads/2024/12/IMG_0551-min-1024x576.jpeg 1024w, https://dev.klimapaktfirbetriber.lu/wp-content/uploads/2024/12/IMG_0551-min-300x169.jpeg 300w, https://dev.klimapaktfirbetriber.lu/wp-content/uploads/2024/12/IMG_0551-min-768x432.jpeg 768w, https://dev.klimapaktfirbetriber.lu/wp-content/uploads/2024/12/IMG_0551-min-1536x864.jpeg 1536w, https://dev.klimapaktfirbetriber.lu/wp-content/uploads/2024/12/IMG_0551-min-2048x1152.jpeg 2048w" sizes="(max-width: 1024px) 100vw, 1024px" /></figure>
</div></div>



<div class="wp-block-group etape"><div class="wp-block-group__inner-container is-layout-flow wp-block-group-is-layout-flow">
<h2 class="wp-block-heading special" id="resultat">Resultat</h2>



<h3 class="wp-block-heading special" id="resultat"><strong>Erfolg des Umweltkomitees</strong></h3>



<p>Nach einer Einführungsphase ist das Umweltkomitee mittlerweile ein fest integrierter Bestandteil des Unternehmensalltags. Die ersten Maßnahmen wurden erfolgreich umgesetzt.</p>
</div></div>



<p></p>
