{"id":2129,"date":"2023-10-19T15:57:30","date_gmt":"2023-10-19T13:57:30","guid":{"rendered":"https:\/\/dev.klimapaktfirbetriber.lu\/cas-pratiques\/mise-en-place-de-car-sharing-au-campus-contern\/"},"modified":"2024-04-12T16:00:53","modified_gmt":"2024-04-12T14:00:53","slug":"car-sharing-am-campus-contern","status":"publish","type":"cas-pratiques","link":"https:\/\/dev.klimapaktfirbetriber.lu\/de\/praxisbeispiele\/car-sharing-am-campus-contern\/","title":{"rendered":"Einrichtung des Car-Sharings am Campus Contern"},"content":{"rendered":"\n<h2 class=\"wp-block-heading\">Profil des Unternehmens<\/h2>\n\n\n\n<p>Campus Contern ist ein Unternehmen, das 16.000 m\u00b2 B\u00fcrofl\u00e4che zur Miete anbietet. Es handelt sich um 5 Geb\u00e4ude, in denen ca. 450 Personen aus 34 verschiedenen Unternehmen arbeiten. Das Ziel von Campus Contern ist es, innovative Coworking-Spaces im Hinblick auf Nachhaltigkeit und das Wohlbefinden der Bewohner anzubieten.<\/p>\n\n\n\n<figure class=\"wp-block-gallery has-nested-images columns-default is-cropped wp-block-gallery-1 is-layout-flex wp-block-gallery-is-layout-flex\">\n<figure class=\"wp-block-image size-large\"><img decoding=\"async\" width=\"1024\" height=\"683\" data-id=\"3300\" src=\"https:\/\/dev.klimapaktfirbetriber.lu\/wp-content\/uploads\/2024\/04\/escaliers-Campus-1024x683.jpg\" alt=\"\" class=\"wp-image-3300\" srcset=\"https:\/\/dev.klimapaktfirbetriber.lu\/wp-content\/uploads\/2024\/04\/escaliers-Campus-1024x683.jpg 1024w, https:\/\/dev.klimapaktfirbetriber.lu\/wp-content\/uploads\/2024\/04\/escaliers-Campus-300x200.jpg 300w, https:\/\/dev.klimapaktfirbetriber.lu\/wp-content\/uploads\/2024\/04\/escaliers-Campus-768x512.jpg 768w, https:\/\/dev.klimapaktfirbetriber.lu\/wp-content\/uploads\/2024\/04\/escaliers-Campus-1536x1024.jpg 1536w, https:\/\/dev.klimapaktfirbetriber.lu\/wp-content\/uploads\/2024\/04\/escaliers-Campus.jpg 2048w\" sizes=\"(max-width: 1024px) 100vw, 1024px\" \/><\/figure>\n\n\n\n<figure class=\"wp-block-image size-large\"><img decoding=\"async\" width=\"1024\" height=\"767\" data-id=\"3293\" src=\"https:\/\/dev.klimapaktfirbetriber.lu\/wp-content\/uploads\/2024\/04\/Campus-Contern-1024x767.jpg\" alt=\"\" class=\"wp-image-3293\" srcset=\"https:\/\/dev.klimapaktfirbetriber.lu\/wp-content\/uploads\/2024\/04\/Campus-Contern-1024x767.jpg 1024w, https:\/\/dev.klimapaktfirbetriber.lu\/wp-content\/uploads\/2024\/04\/Campus-Contern-300x225.jpg 300w, https:\/\/dev.klimapaktfirbetriber.lu\/wp-content\/uploads\/2024\/04\/Campus-Contern-768x575.jpg 768w, https:\/\/dev.klimapaktfirbetriber.lu\/wp-content\/uploads\/2024\/04\/Campus-Contern-1536x1150.jpg 1536w, https:\/\/dev.klimapaktfirbetriber.lu\/wp-content\/uploads\/2024\/04\/Campus-Contern.jpg 2048w\" sizes=\"(max-width: 1024px) 100vw, 1024px\" \/><\/figure>\n<\/figure>\n\n\n\n<div style=\"height:30px\" aria-hidden=\"true\" class=\"wp-block-spacer\"><\/div>\n\n\n\n<div class=\"wp-block-group etape\"><div class=\"wp-block-group__inner-container is-layout-flow wp-block-group-is-layout-flow\">\n<h2 class=\"wp-block-heading special\" id=\"idee\">Idee<\/h2>\n\n\n\n<h3 class=\"wp-block-heading\">Verbesserung der nachhaltigen Mobilit\u00e4t<\/h3>\n\n\n\n<p>Campus Contern ermutigt seine Mieter nachdr\u00fccklich, die \u00f6ffentlichen Verkehrsmittel, die das Gebiet bedienen, sowie die Bildung von Fahrgemeinschaften zu bevorzugen, um ihren CO\u2082-Fu\u00dfabdruck zu verringern.<\/p>\n\n\n\n<p>Die Idee hinter dieser Initiative ist es, die Nutzung \u00f6ffentlicher Verkehrsmittel durch die Angestellten von ihrem Wohnort zum Gewerbegebiet zu f\u00f6rdern, indem ihnen die M\u00f6glichkeit gegeben wird, vor Ort flexibel zu sein. Die Mieter k\u00f6nnen tags\u00fcber ein gemeinsam genutztes Elektroauto f\u00fcr ihre privaten wie auch gesch\u00e4ftlichen Termine mieten.<\/p>\n\n\n\n<p>Diese Initiative zielt darauf ab, flexible Mobilit\u00e4t anzubieten und gleichzeitig zum Umweltschutz beizutragen. Sie hofft, damit andere Unternehmen zu inspirieren, diesem Beispiel zu folgen, um eine nachhaltige Mobilit\u00e4t zu f\u00f6rdern.<\/p>\n<\/div><\/div>\n\n\n\n<figure class=\"wp-block-gallery has-nested-images columns-default is-cropped wp-block-gallery-2 is-layout-flex wp-block-gallery-is-layout-flex\">\n<figure class=\"wp-block-image size-large\"><img decoding=\"async\" width=\"1024\" height=\"683\" data-id=\"3309\" src=\"https:\/\/dev.klimapaktfirbetriber.lu\/wp-content\/uploads\/2024\/04\/Car-campus-2-1024x683.jpg\" alt=\"\" class=\"wp-image-3309\" srcset=\"https:\/\/dev.klimapaktfirbetriber.lu\/wp-content\/uploads\/2024\/04\/Car-campus-2-1024x683.jpg 1024w, https:\/\/dev.klimapaktfirbetriber.lu\/wp-content\/uploads\/2024\/04\/Car-campus-2-300x200.jpg 300w, https:\/\/dev.klimapaktfirbetriber.lu\/wp-content\/uploads\/2024\/04\/Car-campus-2-768x512.jpg 768w, https:\/\/dev.klimapaktfirbetriber.lu\/wp-content\/uploads\/2024\/04\/Car-campus-2-1536x1024.jpg 1536w, https:\/\/dev.klimapaktfirbetriber.lu\/wp-content\/uploads\/2024\/04\/Car-campus-2.jpg 2048w\" sizes=\"(max-width: 1024px) 100vw, 1024px\" \/><\/figure>\n<\/figure>\n\n\n\n<div style=\"height:30px\" aria-hidden=\"true\" class=\"wp-block-spacer\"><\/div>\n\n\n\n<div class=\"wp-block-group etape\"><div class=\"wp-block-group__inner-container is-layout-flow wp-block-group-is-layout-flow\">\n<h2 class=\"wp-block-heading special\" id=\"conception\">Design<\/h2>\n\n\n\n<h3 class=\"wp-block-heading\">Vereinfachte nachhaltige Mobilit\u00e4t: Car-Sharing via Smartphone<\/h3>\n\n\n\n<p>Das Konzept basiert auf einem Car-Sharing-System, das \u00fcber eine mobile Anwendung zug\u00e4nglich ist. W\u00e4hrend einer Strategiediskussion wurde die Idee, ein Car-Sharing-Dienst f\u00fcr die Mieter einzuf\u00fchren, konkretisiert. Campus Contern m\u00f6chte die auf dem Markt verf\u00fcgbaren Neuheiten f\u00f6rdern und in diesem Fall die Nutzung von emissionsarmen Fahrzeugen mit g\u00fcnstigen Tarifen beg\u00fcnstigen.<\/p>\n\n\n\n<p>F\u00fcr dieses Projekt wollte Campus Contern das Fahrzeug nicht pers\u00f6nlich verwalten und arbeitet daher mit einem externen Partner zusammen, der das Fahrzeug verwaltet, die Wartung und W\u00e4sche durchf\u00fchrt, die Nutzung verwaltet, Reservierungen vornimmt und vieles mehr.<\/p>\n<\/div><\/div>\n\n\n\n<div class=\"wp-block-group etape\"><div class=\"wp-block-group__inner-container is-layout-flow wp-block-group-is-layout-flow\">\n<h2 class=\"wp-block-heading special\" id=\"mise-oeuvre\">Umsetzung<\/h2>\n\n\n\n<h3 class=\"wp-block-heading\">Effektivit\u00e4t von Car-Sharing in unserem B\u00fcroraum.<\/h3>\n\n\n\n<p>Die verschiedenen auf dem Markt verf\u00fcgbaren Unternehmen wurden verglichen. &#8222;Moovee&#8220; wurde einerseits wegen des einfachen Zugangs \u00fcber die Handy-App und der g\u00fcnstigen Preise ausgew\u00e4hlt, andererseits aber auch wegen der M\u00f6glichkeit, das Auto nach ihren Vorstellungen zu gestalten.<\/p>\n\n\n\n<p>Nachdem die Entscheidung getroffen war, diesen Service einzurichten, ging die Umsetzung schnell voran. Campus Contern legte zun\u00e4chst den Parkplatz fest, der f\u00fcr das Moovee-Fahrzeug reserviert werden sollte. Dann informierten sie die Mieter \u00fcber die Neuerung und schlie\u00dflich k\u00fcmmerte sich Moovee um die Lieferung und die Personalisierung des Autos.<\/p>\n\n\n\n<p>Die Einf\u00fchrung des Dienstes innerhalb des Komplexes erfolgte schrittweise, aber durch Informationsveranstaltungen, detaillierte Erkl\u00e4rungen der Funktionsweise, Welcome Packs und Anzeigen auf unseren digitalen Bildschirmen konnten wir die Nutzung des Dienstes innerhalb unserer Mietergemeinschaft f\u00f6rdern.<\/p>\n<\/div><\/div>\n\n\n\n<figure class=\"wp-block-gallery has-nested-images columns-default is-cropped wp-block-gallery-3 is-layout-flex wp-block-gallery-is-layout-flex\">\n<figure class=\"wp-block-image size-large\"><img decoding=\"async\" width=\"1024\" height=\"683\" data-id=\"3312\" src=\"https:\/\/dev.klimapaktfirbetriber.lu\/wp-content\/uploads\/2024\/04\/Voiture-en-charge-1024x683.jpg\" alt=\"\" class=\"wp-image-3312\" srcset=\"https:\/\/dev.klimapaktfirbetriber.lu\/wp-content\/uploads\/2024\/04\/Voiture-en-charge-1024x683.jpg 1024w, https:\/\/dev.klimapaktfirbetriber.lu\/wp-content\/uploads\/2024\/04\/Voiture-en-charge-300x200.jpg 300w, https:\/\/dev.klimapaktfirbetriber.lu\/wp-content\/uploads\/2024\/04\/Voiture-en-charge-768x512.jpg 768w, https:\/\/dev.klimapaktfirbetriber.lu\/wp-content\/uploads\/2024\/04\/Voiture-en-charge-1536x1024.jpg 1536w, https:\/\/dev.klimapaktfirbetriber.lu\/wp-content\/uploads\/2024\/04\/Voiture-en-charge.jpg 2048w\" sizes=\"(max-width: 1024px) 100vw, 1024px\" \/><\/figure>\n<\/figure>\n\n\n\n<div style=\"height:30px\" aria-hidden=\"true\" class=\"wp-block-spacer\"><\/div>\n\n\n\n<div class=\"wp-block-group etape\"><div class=\"wp-block-group__inner-container is-layout-flow wp-block-group-is-layout-flow\">\n<h2 class=\"wp-block-heading special\" id=\"resultat\">Resultat<\/h2>\n\n\n\n<h3 class=\"wp-block-heading\">Eine allm\u00e4hliche \u00dcbernahme von Car-Sharing<\/h3>\n\n\n\n<p>Die Annahme des Dienstes erfolgte schrittweise, da viele Mieter bereits ein eigenes Auto vor Ort hatten. Nach und nach stieg die Akzeptanz von Car-Sharing, was zeigt, dass Information und Sensibilisierung von entscheidender Bedeutung sind, um diesen Service in unserer Gemeinschaft von Mieterunternehmen zu f\u00f6rdern.<\/p>\n<\/div><\/div>\n","protected":false},"featured_media":2120,"template":"","thematique":[96],"class_list":["post-2129","cas-pratiques","type-cas-pratiques","status-publish","has-post-thumbnail","hentry","thematique-mobilitaet-und-transport"],"acf":[],"_links":{"self":[{"href":"https:\/\/dev.klimapaktfirbetriber.lu\/de\/wp-json\/wp\/v2\/cas-pratiques\/2129","targetHints":{"allow":["GET"]}}],"collection":[{"href":"https:\/\/dev.klimapaktfirbetriber.lu\/de\/wp-json\/wp\/v2\/cas-pratiques"}],"about":[{"href":"https:\/\/dev.klimapaktfirbetriber.lu\/de\/wp-json\/wp\/v2\/types\/cas-pratiques"}],"version-history":[{"count":5,"href":"https:\/\/dev.klimapaktfirbetriber.lu\/de\/wp-json\/wp\/v2\/cas-pratiques\/2129\/revisions"}],"predecessor-version":[{"id":3349,"href":"https:\/\/dev.klimapaktfirbetriber.lu\/de\/wp-json\/wp\/v2\/cas-pratiques\/2129\/revisions\/3349"}],"wp:featuredmedia":[{"embeddable":true,"href":"https:\/\/dev.klimapaktfirbetriber.lu\/de\/wp-json\/wp\/v2\/media\/2120"}],"wp:attachment":[{"href":"https:\/\/dev.klimapaktfirbetriber.lu\/de\/wp-json\/wp\/v2\/media?parent=2129"}],"wp:term":[{"taxonomy":"thematique","embeddable":true,"href":"https:\/\/dev.klimapaktfirbetriber.lu\/de\/wp-json\/wp\/v2\/thematique?post=2129"}],"curies":[{"name":"wp","href":"https:\/\/api.w.org\/{rel}","templated":true}]}}

<h2 class="wp-block-heading">Profil des Unternehmens</h2>



<p>Campus Contern ist ein Unternehmen, das 16.000 m² Bürofläche zur Miete anbietet. Es handelt sich um 5 Gebäude, in denen ca. 450 Personen aus 34 verschiedenen Unternehmen arbeiten. Das Ziel von Campus Contern ist es, innovative Coworking-Spaces im Hinblick auf Nachhaltigkeit und das Wohlbefinden der Bewohner anzubieten.</p>



<figure class="wp-block-gallery has-nested-images columns-default is-cropped wp-block-gallery-1 is-layout-flex wp-block-gallery-is-layout-flex">
<figure class="wp-block-image size-large"><img decoding="async" width="1024" height="683" data-id="3300" src="https://dev.klimapaktfirbetriber.lu/wp-content/uploads/2024/04/escaliers-Campus-1024x683.jpg" alt="" class="wp-image-3300" srcset="https://dev.klimapaktfirbetriber.lu/wp-content/uploads/2024/04/escaliers-Campus-1024x683.jpg 1024w, https://dev.klimapaktfirbetriber.lu/wp-content/uploads/2024/04/escaliers-Campus-300x200.jpg 300w, https://dev.klimapaktfirbetriber.lu/wp-content/uploads/2024/04/escaliers-Campus-768x512.jpg 768w, https://dev.klimapaktfirbetriber.lu/wp-content/uploads/2024/04/escaliers-Campus-1536x1024.jpg 1536w, https://dev.klimapaktfirbetriber.lu/wp-content/uploads/2024/04/escaliers-Campus.jpg 2048w" sizes="(max-width: 1024px) 100vw, 1024px" /></figure>



<figure class="wp-block-image size-large"><img decoding="async" width="1024" height="767" data-id="3293" src="https://dev.klimapaktfirbetriber.lu/wp-content/uploads/2024/04/Campus-Contern-1024x767.jpg" alt="" class="wp-image-3293" srcset="https://dev.klimapaktfirbetriber.lu/wp-content/uploads/2024/04/Campus-Contern-1024x767.jpg 1024w, https://dev.klimapaktfirbetriber.lu/wp-content/uploads/2024/04/Campus-Contern-300x225.jpg 300w, https://dev.klimapaktfirbetriber.lu/wp-content/uploads/2024/04/Campus-Contern-768x575.jpg 768w, https://dev.klimapaktfirbetriber.lu/wp-content/uploads/2024/04/Campus-Contern-1536x1150.jpg 1536w, https://dev.klimapaktfirbetriber.lu/wp-content/uploads/2024/04/Campus-Contern.jpg 2048w" sizes="(max-width: 1024px) 100vw, 1024px" /></figure>
</figure>



<div style="height:30px" aria-hidden="true" class="wp-block-spacer"></div>



<div class="wp-block-group etape"><div class="wp-block-group__inner-container is-layout-flow wp-block-group-is-layout-flow">
<h2 class="wp-block-heading special" id="idee">Idee</h2>



<h3 class="wp-block-heading">Verbesserung der nachhaltigen Mobilität</h3>



<p>Campus Contern ermutigt seine Mieter nachdrücklich, die öffentlichen Verkehrsmittel, die das Gebiet bedienen, sowie die Bildung von Fahrgemeinschaften zu bevorzugen, um ihren CO₂-Fußabdruck zu verringern.</p>



<p>Die Idee hinter dieser Initiative ist es, die Nutzung öffentlicher Verkehrsmittel durch die Angestellten von ihrem Wohnort zum Gewerbegebiet zu fördern, indem ihnen die Möglichkeit gegeben wird, vor Ort flexibel zu sein. Die Mieter können tagsüber ein gemeinsam genutztes Elektroauto für ihre privaten wie auch geschäftlichen Termine mieten.</p>



<p>Diese Initiative zielt darauf ab, flexible Mobilität anzubieten und gleichzeitig zum Umweltschutz beizutragen. Sie hofft, damit andere Unternehmen zu inspirieren, diesem Beispiel zu folgen, um eine nachhaltige Mobilität zu fördern.</p>
</div></div>



<figure class="wp-block-gallery has-nested-images columns-default is-cropped wp-block-gallery-2 is-layout-flex wp-block-gallery-is-layout-flex">
<figure class="wp-block-image size-large"><img decoding="async" width="1024" height="683" data-id="3309" src="https://dev.klimapaktfirbetriber.lu/wp-content/uploads/2024/04/Car-campus-2-1024x683.jpg" alt="" class="wp-image-3309" srcset="https://dev.klimapaktfirbetriber.lu/wp-content/uploads/2024/04/Car-campus-2-1024x683.jpg 1024w, https://dev.klimapaktfirbetriber.lu/wp-content/uploads/2024/04/Car-campus-2-300x200.jpg 300w, https://dev.klimapaktfirbetriber.lu/wp-content/uploads/2024/04/Car-campus-2-768x512.jpg 768w, https://dev.klimapaktfirbetriber.lu/wp-content/uploads/2024/04/Car-campus-2-1536x1024.jpg 1536w, https://dev.klimapaktfirbetriber.lu/wp-content/uploads/2024/04/Car-campus-2.jpg 2048w" sizes="(max-width: 1024px) 100vw, 1024px" /></figure>
</figure>



<div style="height:30px" aria-hidden="true" class="wp-block-spacer"></div>



<div class="wp-block-group etape"><div class="wp-block-group__inner-container is-layout-flow wp-block-group-is-layout-flow">
<h2 class="wp-block-heading special" id="conception">Design</h2>



<h3 class="wp-block-heading">Vereinfachte nachhaltige Mobilität: Car-Sharing via Smartphone</h3>



<p>Das Konzept basiert auf einem Car-Sharing-System, das über eine mobile Anwendung zugänglich ist. Während einer Strategiediskussion wurde die Idee, ein Car-Sharing-Dienst für die Mieter einzuführen, konkretisiert. Campus Contern möchte die auf dem Markt verfügbaren Neuheiten fördern und in diesem Fall die Nutzung von emissionsarmen Fahrzeugen mit günstigen Tarifen begünstigen.</p>



<p>Für dieses Projekt wollte Campus Contern das Fahrzeug nicht persönlich verwalten und arbeitet daher mit einem externen Partner zusammen, der das Fahrzeug verwaltet, die Wartung und Wäsche durchführt, die Nutzung verwaltet, Reservierungen vornimmt und vieles mehr.</p>
</div></div>



<div class="wp-block-group etape"><div class="wp-block-group__inner-container is-layout-flow wp-block-group-is-layout-flow">
<h2 class="wp-block-heading special" id="mise-oeuvre">Umsetzung</h2>



<h3 class="wp-block-heading">Effektivität von Car-Sharing in unserem Büroraum.</h3>



<p>Die verschiedenen auf dem Markt verfügbaren Unternehmen wurden verglichen. &#8222;Moovee&#8220; wurde einerseits wegen des einfachen Zugangs über die Handy-App und der günstigen Preise ausgewählt, andererseits aber auch wegen der Möglichkeit, das Auto nach ihren Vorstellungen zu gestalten.</p>



<p>Nachdem die Entscheidung getroffen war, diesen Service einzurichten, ging die Umsetzung schnell voran. Campus Contern legte zunächst den Parkplatz fest, der für das Moovee-Fahrzeug reserviert werden sollte. Dann informierten sie die Mieter über die Neuerung und schließlich kümmerte sich Moovee um die Lieferung und die Personalisierung des Autos.</p>



<p>Die Einführung des Dienstes innerhalb des Komplexes erfolgte schrittweise, aber durch Informationsveranstaltungen, detaillierte Erklärungen der Funktionsweise, Welcome Packs und Anzeigen auf unseren digitalen Bildschirmen konnten wir die Nutzung des Dienstes innerhalb unserer Mietergemeinschaft fördern.</p>
</div></div>



<figure class="wp-block-gallery has-nested-images columns-default is-cropped wp-block-gallery-3 is-layout-flex wp-block-gallery-is-layout-flex">
<figure class="wp-block-image size-large"><img decoding="async" width="1024" height="683" data-id="3312" src="https://dev.klimapaktfirbetriber.lu/wp-content/uploads/2024/04/Voiture-en-charge-1024x683.jpg" alt="" class="wp-image-3312" srcset="https://dev.klimapaktfirbetriber.lu/wp-content/uploads/2024/04/Voiture-en-charge-1024x683.jpg 1024w, https://dev.klimapaktfirbetriber.lu/wp-content/uploads/2024/04/Voiture-en-charge-300x200.jpg 300w, https://dev.klimapaktfirbetriber.lu/wp-content/uploads/2024/04/Voiture-en-charge-768x512.jpg 768w, https://dev.klimapaktfirbetriber.lu/wp-content/uploads/2024/04/Voiture-en-charge-1536x1024.jpg 1536w, https://dev.klimapaktfirbetriber.lu/wp-content/uploads/2024/04/Voiture-en-charge.jpg 2048w" sizes="(max-width: 1024px) 100vw, 1024px" /></figure>
</figure>



<div style="height:30px" aria-hidden="true" class="wp-block-spacer"></div>



<div class="wp-block-group etape"><div class="wp-block-group__inner-container is-layout-flow wp-block-group-is-layout-flow">
<h2 class="wp-block-heading special" id="resultat">Resultat</h2>



<h3 class="wp-block-heading">Eine allmähliche Übernahme von Car-Sharing</h3>



<p>Die Annahme des Dienstes erfolgte schrittweise, da viele Mieter bereits ein eigenes Auto vor Ort hatten. Nach und nach stieg die Akzeptanz von Car-Sharing, was zeigt, dass Information und Sensibilisierung von entscheidender Bedeutung sind, um diesen Service in unserer Gemeinschaft von Mieterunternehmen zu fördern.</p>
</div></div>
