{"id":2107,"date":"2023-10-19T13:39:40","date_gmt":"2023-10-19T11:39:40","guid":{"rendered":"https:\/\/dev.klimapaktfirbetriber.lu\/cas-pratiques\/batiments-intelligents-haute-efficacite-energetique-dans-les-batiments-du-campus-contern-grace-a-un-suivi-precis\/"},"modified":"2024-02-26T15:07:10","modified_gmt":"2024-02-26T14:07:10","slug":"batiments-intelligents-haute-efficacite-energetique-dans-les-batiments-du-campus-contern-grace-a-un-suivi-precis","status":"publish","type":"cas-pratiques","link":"https:\/\/dev.klimapaktfirbetriber.lu\/de\/praxisbeispiele\/batiments-intelligents-haute-efficacite-energetique-dans-les-batiments-du-campus-contern-grace-a-un-suivi-precis\/","title":{"rendered":"Intelligente Geb\u00e4ude: Hohe Energieeffizienz in den Geb\u00e4uden des Campus Contern durch genaue \u00dcberwachung"},"content":{"rendered":"\n<h2 class=\"wp-block-heading\">Profil des Unternehmens<\/h2>\n\n\n\n<p>Campus Contern ist ein Unternehmen, das 16.000 m\u00b2 B\u00fcrofl\u00e4che zur Miete anbietet. Es handelt sich um f\u00fcnf Geb\u00e4ude, in denen etwa 450 Personen aus 34 verschiedenen Unternehmen arbeiten. Das Ziel von Campus Contern ist es, innovative Coworking-Spaces im Hinblick auf Nachhaltigkeit und das Wohlbefinden der Nutzer anzubieten. Daf\u00fcr haben sie das BREEAM Excellent Label das CO2-Neutral-Zertifikat (das erste f\u00fcr ein B\u00fcrogeb\u00e4ude in Luxemburg) und die RSE-Zertifizierung erhalten.<\/p>\n\n\n\n<div class=\"wp-block-group etape\"><div class=\"wp-block-group__inner-container is-layout-flow wp-block-group-is-layout-flow\">\n<h2 class=\"wp-block-heading special\" id=\"idee\">Idee<\/h2>\n\n\n\n<h3 class=\"wp-block-heading\">Optimierung des Geb\u00e4udes f\u00fcr eine bessere Energieeffizienz.<\/h3>\n\n\n\n<p>Ein smartes System f\u00fcr die Regulierung zu verwenden, k\u00f6nnte es erm\u00f6glichen, den t\u00e4glichen\/monatlichen Verbrauch zu vergleichen und die Nutzung der Anlagen zu optimieren, um Kosten zu senken (und nat\u00fcrliche Ressourcen zu sch\u00fctzen).<\/p>\n\n\n\n<p>Verbrauchsoptimierungen auf Geb\u00e4udeebene:<\/p>\n\n\n\n<ul class=\"wp-block-list\">\n<li>Die nat\u00fcrliche W\u00e4rme durch Sonneneinstrahlung und die Abw\u00e4rme der Computerr\u00e4ume im gesamten Geb\u00e4ude k\u00f6nnen genutzt werden, um den Einsatz von Heizung und Klimaanlage zu reduzieren.<\/li>\n\n\n\n<li>Die LED-Beleuchtung wurde mit Systemen angepasst, die Pr\u00e4senzmelder und intelligente Z\u00e4hler integrieren, um den Verbrauch zu messen und eine vorbeugende Wartung aus der Ferne zu erm\u00f6glichen.<\/li>\n<\/ul>\n<\/div><\/div>\n\n\n\n<div class=\"wp-block-group etape\"><div class=\"wp-block-group__inner-container is-layout-flow wp-block-group-is-layout-flow\">\n<h2 class=\"wp-block-heading special\" id=\"conception\">Design<\/h2>\n\n\n\n<h3 class=\"wp-block-heading\">Utilisation de chaleur intelligente<\/h3>\n\n\n\n<p>W\u00e4hrend der Entwicklungsphase des Gel\u00e4ndes f\u00fchrte Campus Contern eine clevere Technologie ein: Sie nutzen die warme Luft aus den s\u00fcdlichen Bereichen und den IT-R\u00e4umen wieder, um die n\u00f6rdlichen Bereiche zu heizen und vermeiden so eine \u00fcberm\u00e4\u00dfige Nutzung von Klimaanlagen und Heizungen. Damals wurde geplant, dass die Nutzer Flexibilit\u00e4t haben und das Ganze nach ihren W\u00fcnschen mit einem Spielraum von +\/- 2\u00b0C gegen\u00fcber dem Referenzwert anpassen k\u00f6nnen. Wenn die Fenster ge\u00f6ffnet werden, schaltet sich die Klimaanlage oder die Heizung automatisch in den Standby-Modus.<\/p>\n\n\n\n<p>In Bezug auf die Beleuchtung haben sie LED-Leuchten eingef\u00fchrt und die Gemeinschaftsr\u00e4ume und Parkpl\u00e4tze mit Pr\u00e4senzmeldern ausgestattet. Die Beleuchtung des Au\u00dfenparkplatzes wiederum wird \u00fcber einen D\u00e4mmerungssensor und eine intelligente Zeitplanung gesteuert.<\/p>\n\n\n\n<p>Der Vorteil von intelligenten Z\u00e4hlern besteht darin, dass sie ein Maximum an Informationen sammeln, die f\u00fcr eine detaillierte Analyse des Energieverbrauchs n\u00fctzlich sind. Au\u00dferdem ist es m\u00f6glich, effiziente Ferninterventionen durchzuf\u00fchren, potenzielle Anomalien schneller zu erkennen, die Anlage zu optimieren und die Wartung zu vereinfachen.<\/p>\n\n\n\n<figure class=\"wp-block-gallery has-nested-images columns-default is-cropped wp-block-gallery-1 is-layout-flex wp-block-gallery-is-layout-flex\">\n<figure class=\"wp-block-image size-large\"><img decoding=\"async\" width=\"1024\" height=\"768\" data-id=\"2089\" src=\"https:\/\/dev.klimapaktfirbetriber.lu\/wp-content\/uploads\/2023\/10\/IMG_1108-1024x768.jpeg\" alt=\"\" class=\"wp-image-2089\" srcset=\"https:\/\/dev.klimapaktfirbetriber.lu\/wp-content\/uploads\/2023\/10\/IMG_1108-1024x768.jpeg 1024w, https:\/\/dev.klimapaktfirbetriber.lu\/wp-content\/uploads\/2023\/10\/IMG_1108-300x225.jpeg 300w, https:\/\/dev.klimapaktfirbetriber.lu\/wp-content\/uploads\/2023\/10\/IMG_1108-768x576.jpeg 768w, https:\/\/dev.klimapaktfirbetriber.lu\/wp-content\/uploads\/2023\/10\/IMG_1108-1536x1152.jpeg 1536w, https:\/\/dev.klimapaktfirbetriber.lu\/wp-content\/uploads\/2023\/10\/IMG_1108.jpeg 2048w\" sizes=\"(max-width: 1024px) 100vw, 1024px\" \/><\/figure>\n<\/figure>\n<\/div><\/div>\n\n\n\n<div class=\"wp-block-group etape\"><div class=\"wp-block-group__inner-container is-layout-flow wp-block-group-is-layout-flow\">\n<h2 class=\"wp-block-heading special\" id=\"mise-oeuvre\">Umsetzung<\/h2>\n\n\n\n<h3 class=\"wp-block-heading\">Sorgf\u00e4ltige Planung zur Minimierung von Unannehmlichkeiten<\/h3>\n\n\n\n<p>Jedes Projekt erforderte eine sorgf\u00e4ltige Planung, insbesondere in Bezug auf die Reihenfolge der Ma\u00dfnahmen und die erforderlichen Kontrollen.<\/p>\n\n\n\n<p>Der Verwalter \u00fcbernahm die Koordination der Eins\u00e4tze der verschiedenen Dienstleister und die Kommunikation mit den Mietern. Eine gute Planung und eine effiziente Koordination waren erforderlich. Wenn Zugang zu privaten R\u00e4umen ben\u00f6tigt wurde, war es von entscheidender Bedeutung, die St\u00f6rung so gering wie m\u00f6glich zu halten, z. B. beim Austausch von Leuchten oder der Installation von Z\u00e4hlern.<\/p>\n\n\n\n<p>Campus Contern plante den Gro\u00dfteil der Eins\u00e4tze \u00fcber das Wochenende, um die Arbeitsbedingungen und die Privatsph\u00e4re aller Beteiligten so wenig wie m\u00f6glich zu beeintr\u00e4chtigen. Dennoch kam es zu unvorhergesehenen Ereignissen wie der Anpassung von Leuchten, der Anpassung der Nachlaufzeit oder der Feststellung von Ausf\u00e4llen nach der Installation von Sensoren\/Z\u00e4hlern (da die Abnahme nicht Zone f\u00fcr Zone am Wochenende erfolgen konnte).<\/p>\n<\/div><\/div>\n\n\n\n<div class=\"wp-block-group etape\"><div class=\"wp-block-group__inner-container is-layout-flow wp-block-group-is-layout-flow\">\n<h2 class=\"wp-block-heading special\" id=\"resultat\">Resultat<\/h2>\n\n\n\n<h3 class=\"wp-block-heading\">Kontrollieren hei\u00dft besser verwalten<\/h3>\n\n\n\n<p>Geb\u00e4udeintelligenz erm\u00f6glicht es, den Energieverbrauch transparent zu machen und genau zu verfolgen, was die M\u00f6glichkeit er\u00f6ffnet, die Parameter der gesamten HLK-Technik und der Leuchten anzupassen und zu optimieren. Neben der Energieeffizienz wird dadurch auch ein optimaler Komfort f\u00fcr die Nutzer des Geb\u00e4udes gew\u00e4hrleistet.<\/p>\n\n\n\n<figure class=\"wp-block-gallery has-nested-images columns-default is-cropped wp-block-gallery-2 is-layout-flex wp-block-gallery-is-layout-flex\">\n<figure class=\"wp-block-image size-large\"><img decoding=\"async\" width=\"768\" height=\"1024\" data-id=\"2092\" src=\"https:\/\/dev.klimapaktfirbetriber.lu\/wp-content\/uploads\/2023\/10\/IMG_1110-768x1024.jpeg\" alt=\"\" class=\"wp-image-2092\" srcset=\"https:\/\/dev.klimapaktfirbetriber.lu\/wp-content\/uploads\/2023\/10\/IMG_1110-768x1024.jpeg 768w, https:\/\/dev.klimapaktfirbetriber.lu\/wp-content\/uploads\/2023\/10\/IMG_1110-225x300.jpeg 225w, https:\/\/dev.klimapaktfirbetriber.lu\/wp-content\/uploads\/2023\/10\/IMG_1110-1152x1536.jpeg 1152w, https:\/\/dev.klimapaktfirbetriber.lu\/wp-content\/uploads\/2023\/10\/IMG_1110.jpeg 1536w\" sizes=\"(max-width: 768px) 100vw, 768px\" \/><\/figure>\n\n\n\n<figure class=\"wp-block-image size-large\"><img decoding=\"async\" width=\"1024\" height=\"768\" data-id=\"2095\" src=\"https:\/\/dev.klimapaktfirbetriber.lu\/wp-content\/uploads\/2023\/10\/IMG_1115-1024x768.jpeg\" alt=\"\" class=\"wp-image-2095\" srcset=\"https:\/\/dev.klimapaktfirbetriber.lu\/wp-content\/uploads\/2023\/10\/IMG_1115-1024x768.jpeg 1024w, https:\/\/dev.klimapaktfirbetriber.lu\/wp-content\/uploads\/2023\/10\/IMG_1115-300x225.jpeg 300w, https:\/\/dev.klimapaktfirbetriber.lu\/wp-content\/uploads\/2023\/10\/IMG_1115-768x576.jpeg 768w, https:\/\/dev.klimapaktfirbetriber.lu\/wp-content\/uploads\/2023\/10\/IMG_1115-1536x1152.jpeg 1536w, https:\/\/dev.klimapaktfirbetriber.lu\/wp-content\/uploads\/2023\/10\/IMG_1115.jpeg 2048w\" sizes=\"(max-width: 1024px) 100vw, 1024px\" \/><\/figure>\n<\/figure>\n<\/div><\/div>\n\n\n\n<p><\/p>\n","protected":false},"featured_media":2094,"template":"","thematique":[91],"class_list":["post-2107","cas-pratiques","type-cas-pratiques","status-publish","has-post-thumbnail","hentry","thematique-energie-de"],"acf":[],"_links":{"self":[{"href":"https:\/\/dev.klimapaktfirbetriber.lu\/de\/wp-json\/wp\/v2\/cas-pratiques\/2107","targetHints":{"allow":["GET"]}}],"collection":[{"href":"https:\/\/dev.klimapaktfirbetriber.lu\/de\/wp-json\/wp\/v2\/cas-pratiques"}],"about":[{"href":"https:\/\/dev.klimapaktfirbetriber.lu\/de\/wp-json\/wp\/v2\/types\/cas-pratiques"}],"version-history":[{"count":3,"href":"https:\/\/dev.klimapaktfirbetriber.lu\/de\/wp-json\/wp\/v2\/cas-pratiques\/2107\/revisions"}],"predecessor-version":[{"id":3134,"href":"https:\/\/dev.klimapaktfirbetriber.lu\/de\/wp-json\/wp\/v2\/cas-pratiques\/2107\/revisions\/3134"}],"wp:featuredmedia":[{"embeddable":true,"href":"https:\/\/dev.klimapaktfirbetriber.lu\/de\/wp-json\/wp\/v2\/media\/2094"}],"wp:attachment":[{"href":"https:\/\/dev.klimapaktfirbetriber.lu\/de\/wp-json\/wp\/v2\/media?parent=2107"}],"wp:term":[{"taxonomy":"thematique","embeddable":true,"href":"https:\/\/dev.klimapaktfirbetriber.lu\/de\/wp-json\/wp\/v2\/thematique?post=2107"}],"curies":[{"name":"wp","href":"https:\/\/api.w.org\/{rel}","templated":true}]}}

Intelligente Gebäude: Hohe Energieeffizienz in den Gebäuden des Campus Contern durch genaue Überwachung

<h2 class="wp-block-heading">Profil des Unternehmens</h2>



<p>Campus Contern ist ein Unternehmen, das 16.000 m² Bürofläche zur Miete anbietet. Es handelt sich um fünf Gebäude, in denen etwa 450 Personen aus 34 verschiedenen Unternehmen arbeiten. Das Ziel von Campus Contern ist es, innovative Coworking-Spaces im Hinblick auf Nachhaltigkeit und das Wohlbefinden der Nutzer anzubieten. Dafür haben sie das BREEAM Excellent Label das CO2-Neutral-Zertifikat (das erste für ein Bürogebäude in Luxemburg) und die RSE-Zertifizierung erhalten.</p>



<div class="wp-block-group etape"><div class="wp-block-group__inner-container is-layout-flow wp-block-group-is-layout-flow">
<h2 class="wp-block-heading special" id="idee">Idee</h2>



<h3 class="wp-block-heading">Optimierung des Gebäudes für eine bessere Energieeffizienz.</h3>



<p>Ein smartes System für die Regulierung zu verwenden, könnte es ermöglichen, den täglichen/monatlichen Verbrauch zu vergleichen und die Nutzung der Anlagen zu optimieren, um Kosten zu senken (und natürliche Ressourcen zu schützen).</p>



<p>Verbrauchsoptimierungen auf Gebäudeebene:</p>



<ul class="wp-block-list">
<li>Die natürliche Wärme durch Sonneneinstrahlung und die Abwärme der Computerräume im gesamten Gebäude können genutzt werden, um den Einsatz von Heizung und Klimaanlage zu reduzieren.</li>



<li>Die LED-Beleuchtung wurde mit Systemen angepasst, die Präsenzmelder und intelligente Zähler integrieren, um den Verbrauch zu messen und eine vorbeugende Wartung aus der Ferne zu ermöglichen.</li>
</ul>
</div></div>



<div class="wp-block-group etape"><div class="wp-block-group__inner-container is-layout-flow wp-block-group-is-layout-flow">
<h2 class="wp-block-heading special" id="conception">Design</h2>



<h3 class="wp-block-heading">Utilisation de chaleur intelligente</h3>



<p>Während der Entwicklungsphase des Geländes führte Campus Contern eine clevere Technologie ein: Sie nutzen die warme Luft aus den südlichen Bereichen und den IT-Räumen wieder, um die nördlichen Bereiche zu heizen und vermeiden so eine übermäßige Nutzung von Klimaanlagen und Heizungen. Damals wurde geplant, dass die Nutzer Flexibilität haben und das Ganze nach ihren Wünschen mit einem Spielraum von +/- 2°C gegenüber dem Referenzwert anpassen können. Wenn die Fenster geöffnet werden, schaltet sich die Klimaanlage oder die Heizung automatisch in den Standby-Modus.</p>



<p>In Bezug auf die Beleuchtung haben sie LED-Leuchten eingeführt und die Gemeinschaftsräume und Parkplätze mit Präsenzmeldern ausgestattet. Die Beleuchtung des Außenparkplatzes wiederum wird über einen Dämmerungssensor und eine intelligente Zeitplanung gesteuert.</p>



<p>Der Vorteil von intelligenten Zählern besteht darin, dass sie ein Maximum an Informationen sammeln, die für eine detaillierte Analyse des Energieverbrauchs nützlich sind. Außerdem ist es möglich, effiziente Ferninterventionen durchzuführen, potenzielle Anomalien schneller zu erkennen, die Anlage zu optimieren und die Wartung zu vereinfachen.</p>



<figure class="wp-block-gallery has-nested-images columns-default is-cropped wp-block-gallery-1 is-layout-flex wp-block-gallery-is-layout-flex">
<figure class="wp-block-image size-large"><img decoding="async" width="1024" height="768" data-id="2089" src="https://dev.klimapaktfirbetriber.lu/wp-content/uploads/2023/10/IMG_1108-1024x768.jpeg" alt="" class="wp-image-2089" srcset="https://dev.klimapaktfirbetriber.lu/wp-content/uploads/2023/10/IMG_1108-1024x768.jpeg 1024w, https://dev.klimapaktfirbetriber.lu/wp-content/uploads/2023/10/IMG_1108-300x225.jpeg 300w, https://dev.klimapaktfirbetriber.lu/wp-content/uploads/2023/10/IMG_1108-768x576.jpeg 768w, https://dev.klimapaktfirbetriber.lu/wp-content/uploads/2023/10/IMG_1108-1536x1152.jpeg 1536w, https://dev.klimapaktfirbetriber.lu/wp-content/uploads/2023/10/IMG_1108.jpeg 2048w" sizes="(max-width: 1024px) 100vw, 1024px" /></figure>
</figure>
</div></div>



<div class="wp-block-group etape"><div class="wp-block-group__inner-container is-layout-flow wp-block-group-is-layout-flow">
<h2 class="wp-block-heading special" id="mise-oeuvre">Umsetzung</h2>



<h3 class="wp-block-heading">Sorgfältige Planung zur Minimierung von Unannehmlichkeiten</h3>



<p>Jedes Projekt erforderte eine sorgfältige Planung, insbesondere in Bezug auf die Reihenfolge der Maßnahmen und die erforderlichen Kontrollen.</p>



<p>Der Verwalter übernahm die Koordination der Einsätze der verschiedenen Dienstleister und die Kommunikation mit den Mietern. Eine gute Planung und eine effiziente Koordination waren erforderlich. Wenn Zugang zu privaten Räumen benötigt wurde, war es von entscheidender Bedeutung, die Störung so gering wie möglich zu halten, z. B. beim Austausch von Leuchten oder der Installation von Zählern.</p>



<p>Campus Contern plante den Großteil der Einsätze über das Wochenende, um die Arbeitsbedingungen und die Privatsphäre aller Beteiligten so wenig wie möglich zu beeinträchtigen. Dennoch kam es zu unvorhergesehenen Ereignissen wie der Anpassung von Leuchten, der Anpassung der Nachlaufzeit oder der Feststellung von Ausfällen nach der Installation von Sensoren/Zählern (da die Abnahme nicht Zone für Zone am Wochenende erfolgen konnte).</p>
</div></div>



<div class="wp-block-group etape"><div class="wp-block-group__inner-container is-layout-flow wp-block-group-is-layout-flow">
<h2 class="wp-block-heading special" id="resultat">Resultat</h2>



<h3 class="wp-block-heading">Kontrollieren heißt besser verwalten</h3>



<p>Gebäudeintelligenz ermöglicht es, den Energieverbrauch transparent zu machen und genau zu verfolgen, was die Möglichkeit eröffnet, die Parameter der gesamten HLK-Technik und der Leuchten anzupassen und zu optimieren. Neben der Energieeffizienz wird dadurch auch ein optimaler Komfort für die Nutzer des Gebäudes gewährleistet.</p>



<figure class="wp-block-gallery has-nested-images columns-default is-cropped wp-block-gallery-2 is-layout-flex wp-block-gallery-is-layout-flex">
<figure class="wp-block-image size-large"><img decoding="async" width="768" height="1024" data-id="2092" src="https://dev.klimapaktfirbetriber.lu/wp-content/uploads/2023/10/IMG_1110-768x1024.jpeg" alt="" class="wp-image-2092" srcset="https://dev.klimapaktfirbetriber.lu/wp-content/uploads/2023/10/IMG_1110-768x1024.jpeg 768w, https://dev.klimapaktfirbetriber.lu/wp-content/uploads/2023/10/IMG_1110-225x300.jpeg 225w, https://dev.klimapaktfirbetriber.lu/wp-content/uploads/2023/10/IMG_1110-1152x1536.jpeg 1152w, https://dev.klimapaktfirbetriber.lu/wp-content/uploads/2023/10/IMG_1110.jpeg 1536w" sizes="(max-width: 768px) 100vw, 768px" /></figure>



<figure class="wp-block-image size-large"><img decoding="async" width="1024" height="768" data-id="2095" src="https://dev.klimapaktfirbetriber.lu/wp-content/uploads/2023/10/IMG_1115-1024x768.jpeg" alt="" class="wp-image-2095" srcset="https://dev.klimapaktfirbetriber.lu/wp-content/uploads/2023/10/IMG_1115-1024x768.jpeg 1024w, https://dev.klimapaktfirbetriber.lu/wp-content/uploads/2023/10/IMG_1115-300x225.jpeg 300w, https://dev.klimapaktfirbetriber.lu/wp-content/uploads/2023/10/IMG_1115-768x576.jpeg 768w, https://dev.klimapaktfirbetriber.lu/wp-content/uploads/2023/10/IMG_1115-1536x1152.jpeg 1536w, https://dev.klimapaktfirbetriber.lu/wp-content/uploads/2023/10/IMG_1115.jpeg 2048w" sizes="(max-width: 1024px) 100vw, 1024px" /></figure>
</figure>
</div></div>



<p></p>
