{"id":2039,"date":"2023-10-05T13:20:42","date_gmt":"2023-10-05T11:20:42","guid":{"rendered":"https:\/\/dev.klimapaktfirbetriber.lu\/cas-pratiques\/mise-en-oeuvre-effective-de-lelectrification-de-la-flotte-pour-dhl-express\/"},"modified":"2024-04-12T16:09:48","modified_gmt":"2024-04-12T14:09:48","slug":"mise-en-oeuvre-effective-de-lelectrification-de-la-flotte-pour-dhl-express","status":"publish","type":"cas-pratiques","link":"https:\/\/dev.klimapaktfirbetriber.lu\/de\/praxisbeispiele\/mise-en-oeuvre-effective-de-lelectrification-de-la-flotte-pour-dhl-express\/","title":{"rendered":"Erfolgreiche Elektrifizierung der Flotte f\u00fcr DHL Express"},"content":{"rendered":"\n<div class=\"wp-block-group\"><div class=\"wp-block-group__inner-container is-layout-constrained wp-block-group-is-layout-constrained\">\n<h2 class=\"wp-block-heading\">Profil des Unternehmens<\/h2>\n\n\n\n<p>DHL Express ist einer der gr\u00f6\u00dften Akteure im Bereich des Versandhandels in Luxemburg. Das Kerngesch\u00e4ft ist die Zustellung von Paketen in den unterschiedlichsten Bereichen.<\/p>\n\n\n\n<p>Das Unternehmen besch\u00e4ftigt derzeit 110 Mitarbeiter im Gewerbegebiet von Contern. Die t\u00e4glichen Liefertouren von 40 bis 250 km durch das ganze Land werden intern organisiert. Das Hauptgeb\u00e4ude beherbergt den Verwaltungsbereich und die Logistikhalle f\u00fcr das Be- und Entladen der Fahrzeuge.<\/p>\n<\/div><\/div>\n\n\n\n<figure class=\"wp-block-gallery has-nested-images columns-default is-cropped wp-block-gallery-1 is-layout-flex wp-block-gallery-is-layout-flex\">\n<figure class=\"wp-block-image size-large\"><img decoding=\"async\" width=\"1024\" height=\"767\" data-id=\"3280\" src=\"https:\/\/dev.klimapaktfirbetriber.lu\/wp-content\/uploads\/2024\/04\/batiment-DHL-2-1024x767.jpg\" alt=\"\" class=\"wp-image-3280\" srcset=\"https:\/\/dev.klimapaktfirbetriber.lu\/wp-content\/uploads\/2024\/04\/batiment-DHL-2-1024x767.jpg 1024w, https:\/\/dev.klimapaktfirbetriber.lu\/wp-content\/uploads\/2024\/04\/batiment-DHL-2-300x225.jpg 300w, https:\/\/dev.klimapaktfirbetriber.lu\/wp-content\/uploads\/2024\/04\/batiment-DHL-2-768x575.jpg 768w, https:\/\/dev.klimapaktfirbetriber.lu\/wp-content\/uploads\/2024\/04\/batiment-DHL-2-1536x1150.jpg 1536w, https:\/\/dev.klimapaktfirbetriber.lu\/wp-content\/uploads\/2024\/04\/batiment-DHL-2.jpg 2048w\" sizes=\"(max-width: 1024px) 100vw, 1024px\" \/><\/figure>\n<\/figure>\n\n\n\n<div style=\"height:21px\" aria-hidden=\"true\" class=\"wp-block-spacer\"><\/div>\n\n\n\n<div class=\"wp-block-group etape\"><div class=\"wp-block-group__inner-container is-layout-flow wp-block-group-is-layout-flow\">\n<h2 class=\"wp-block-heading special\" id=\"idee\">Idee<\/h2>\n\n\n\n<h3 class=\"wp-block-heading\">Dekarbonisierung der Fahrzeugflotte<\/h3>\n\n\n\n<p>Auf internationaler Ebene verfolgt der DHL-Konzern sehr ehrgeizige Ziele um das gesamte Unternehmen zu dekarbonisieren und sich f\u00fcr die Zukunft zu positionieren. Im Rahmen der Initiative \u201eGoGreen Plus\u201c arbeitet der Konzern an der Umsetzung dieser Ziele. Der gro\u00dfe Fuhrpark und die vielen Kilometer, die f\u00fcr Lieferungen zur\u00fcckgelegt werden, stellen ein erhebliches Optimierungspotenzial dar.<\/p>\n<\/div><\/div>\n\n\n\n<div class=\"wp-block-group etape\"><div class=\"wp-block-group__inner-container is-layout-flow wp-block-group-is-layout-flow\">\n<h2 class=\"wp-block-heading special\" id=\"conception\">Design<\/h2>\n\n\n\n<h3 class=\"wp-block-heading\">Zusammenarbeit mit einer Leasinggesellschaft und Autoherstellern<\/h3>\n\n\n\n<p>F\u00fcr die Bereitstellung von Kleintransportern arbeitet DHL mit einer Leasinggesellschaft und den Autoherstellern Ford und Mercedes zusammen. Die ben\u00f6tigten Fahrzeuge wurden durch die oben genannten Hersteller speziell auf die Bed\u00fcrfnisse des Unternehmens umgebaut.<\/p>\n\n\n\n<p>Durch den Einsatz eines Lastmanagementsystems konnte eine L\u00f6sung gefunden werden, um die begrenzt verf\u00fcgbare elektrische Anschlussleistung zu nutzen. Die 23 Fahrzeuge m\u00fcssen abends und nachts geladen werden, damit die Lieferungen tags\u00fcber ohne zus\u00e4tzliche Ladezeiten erfolgen k\u00f6nnen.<\/p>\n\n\n\n<figure class=\"wp-block-gallery has-nested-images columns-default is-cropped wp-block-gallery-2 is-layout-flex wp-block-gallery-is-layout-flex\">\n<figure class=\"wp-block-image size-large\"><img decoding=\"async\" width=\"1024\" height=\"683\" data-id=\"3283\" src=\"https:\/\/dev.klimapaktfirbetriber.lu\/wp-content\/uploads\/2024\/04\/camionettes-DHL-4-1024x683.jpg\" alt=\"\" class=\"wp-image-3283\" srcset=\"https:\/\/dev.klimapaktfirbetriber.lu\/wp-content\/uploads\/2024\/04\/camionettes-DHL-4-1024x683.jpg 1024w, https:\/\/dev.klimapaktfirbetriber.lu\/wp-content\/uploads\/2024\/04\/camionettes-DHL-4-300x200.jpg 300w, https:\/\/dev.klimapaktfirbetriber.lu\/wp-content\/uploads\/2024\/04\/camionettes-DHL-4-768x512.jpg 768w, https:\/\/dev.klimapaktfirbetriber.lu\/wp-content\/uploads\/2024\/04\/camionettes-DHL-4-1536x1024.jpg 1536w, https:\/\/dev.klimapaktfirbetriber.lu\/wp-content\/uploads\/2024\/04\/camionettes-DHL-4.jpg 2048w\" sizes=\"(max-width: 1024px) 100vw, 1024px\" \/><\/figure>\n<\/figure>\n<\/div><\/div>\n\n\n\n<div style=\"height:25px\" aria-hidden=\"true\" class=\"wp-block-spacer\"><\/div>\n\n\n\n<div class=\"wp-block-group etape\"><div class=\"wp-block-group__inner-container is-layout-flow wp-block-group-is-layout-flow\">\n<h2 class=\"wp-block-heading special\" id=\"mise-oeuvre\">Umsetzung<\/h2>\n\n\n\n<h3 class=\"wp-block-heading\">Einbindung Elektromobilit\u00e4t und Anpassung der Logistikprozesse<\/h3>\n\n\n\n<p>Zur Vorbereitung auf die Einf\u00fchrung neuer Elektrofahrzeuge im Jahr 2021 wurden in den Depots des Unternehmens Ladestationen installiert. \u00dcber einen Zeitraum von etwa neun Monaten wurden alle Kleintransporter mit Verbrennungsmotor durch elektrisch betriebene Kleintransporter ersetzt. In der Endphase wurden die Mitarbeiter im Umgang mit den neuen Fahrzeugen geschult.<\/p>\n\n\n\n<p>Die Herausforderungen des Projekts bestanden zum einen in den teilweise sehr langen Lieferzeiten der neuen Fahrzeuge (die urspr\u00fcnglich geplante schnelle Umsetzung des Projekts war daher nicht m\u00f6glich) und zum anderen darin, die maximale elektrische Anschlussleistung so zu steuern, dass die Beladung der Fahrzeuge tagt\u00e4glich zu gew\u00e4hrleisten.<\/p>\n\n\n\n<figure class=\"wp-block-gallery has-nested-images columns-default is-cropped wp-block-gallery-3 is-layout-flex wp-block-gallery-is-layout-flex\">\n<figure class=\"wp-block-image size-large\"><img decoding=\"async\" width=\"1024\" height=\"683\" data-id=\"3278\" src=\"https:\/\/dev.klimapaktfirbetriber.lu\/wp-content\/uploads\/2024\/04\/DHL-en-charge-3-1024x683.jpg\" alt=\"\" class=\"wp-image-3278\" srcset=\"https:\/\/dev.klimapaktfirbetriber.lu\/wp-content\/uploads\/2024\/04\/DHL-en-charge-3-1024x683.jpg 1024w, https:\/\/dev.klimapaktfirbetriber.lu\/wp-content\/uploads\/2024\/04\/DHL-en-charge-3-300x200.jpg 300w, https:\/\/dev.klimapaktfirbetriber.lu\/wp-content\/uploads\/2024\/04\/DHL-en-charge-3-768x512.jpg 768w, https:\/\/dev.klimapaktfirbetriber.lu\/wp-content\/uploads\/2024\/04\/DHL-en-charge-3-1536x1024.jpg 1536w, https:\/\/dev.klimapaktfirbetriber.lu\/wp-content\/uploads\/2024\/04\/DHL-en-charge-3.jpg 2048w\" sizes=\"(max-width: 1024px) 100vw, 1024px\" \/><\/figure>\n<\/figure>\n\n\n\n<div style=\"height:20px\" aria-hidden=\"true\" class=\"wp-block-spacer\"><\/div>\n\n\n\n<div class=\"wp-block-buttons is-content-justification-center is-layout-flex wp-container-core-buttons-is-layout-16018d1d wp-block-buttons-is-layout-flex\">\n<div class=\"wp-block-button\"><a class=\"wp-block-button__link wp-element-button\" href=\"https:\/\/www.youtube.com\/watch?v=OQSEaiB16vE\" target=\"_blank\" rel=\"noreferrer noopener\">Die DHL-Fahrzeugflotte<\/a><\/div>\n<\/div>\n<\/div><\/div>\n\n\n\n<div class=\"wp-block-group etape\"><div class=\"wp-block-group__inner-container is-layout-flow wp-block-group-is-layout-flow\">\n<h2 class=\"wp-block-heading special\" id=\"resultat\">Ergebnisse<\/h2>\n\n\n\n<h3 class=\"wp-block-heading\">Eine Photovoltaikanlage zum Aufladen der Fahrzeuge<\/h3>\n\n\n\n<p>Das Unternehmen ist zufrieden mit dem Abschluss des Projekts zur Dekarbonisierung ihrer Lieferflotte. Das Projekt wird dar\u00fcber hinaus durch Weitere erg\u00e4nzt:<\/p>\n\n\n\n<ul class=\"wp-block-list\">\n<li>Einrichtung einer Photovoltaikanlage am Standort Contern zur Kompensierung des Verbrauchs der elektrischen Fahrzeugflotte,<\/li>\n\n\n\n<li>Elektrifizierung der Management-Fahrzeugflotte,<\/li>\n\n\n\n<li>Start einer internen Kommunikationskampagne, um die Mitarbeiter zur Nutzung von Elektroautos zu ermutigen.<\/li>\n<\/ul>\n\n\n\n<figure class=\"wp-block-image size-large\"><img decoding=\"async\" width=\"1024\" height=\"768\" src=\"https:\/\/dev.klimapaktfirbetriber.lu\/wp-content\/uploads\/2023\/10\/20221123_093840203_iOS-1024x768.jpg\" alt=\"\" class=\"wp-image-2024\" srcset=\"https:\/\/dev.klimapaktfirbetriber.lu\/wp-content\/uploads\/2023\/10\/20221123_093840203_iOS-1024x768.jpg 1024w, https:\/\/dev.klimapaktfirbetriber.lu\/wp-content\/uploads\/2023\/10\/20221123_093840203_iOS-300x225.jpg 300w, https:\/\/dev.klimapaktfirbetriber.lu\/wp-content\/uploads\/2023\/10\/20221123_093840203_iOS-768x576.jpg 768w, https:\/\/dev.klimapaktfirbetriber.lu\/wp-content\/uploads\/2023\/10\/20221123_093840203_iOS-1536x1152.jpg 1536w, https:\/\/dev.klimapaktfirbetriber.lu\/wp-content\/uploads\/2023\/10\/20221123_093840203_iOS.jpg 2048w\" sizes=\"(max-width: 1024px) 100vw, 1024px\" \/><\/figure>\n\n\n\n<p><\/p>\n<\/div><\/div>\n","protected":false},"featured_media":2032,"template":"","thematique":[96],"class_list":["post-2039","cas-pratiques","type-cas-pratiques","status-publish","has-post-thumbnail","hentry","thematique-mobilitaet-und-transport"],"acf":[],"_links":{"self":[{"href":"https:\/\/dev.klimapaktfirbetriber.lu\/de\/wp-json\/wp\/v2\/cas-pratiques\/2039","targetHints":{"allow":["GET"]}}],"collection":[{"href":"https:\/\/dev.klimapaktfirbetriber.lu\/de\/wp-json\/wp\/v2\/cas-pratiques"}],"about":[{"href":"https:\/\/dev.klimapaktfirbetriber.lu\/de\/wp-json\/wp\/v2\/types\/cas-pratiques"}],"version-history":[{"count":5,"href":"https:\/\/dev.klimapaktfirbetriber.lu\/de\/wp-json\/wp\/v2\/cas-pratiques\/2039\/revisions"}],"predecessor-version":[{"id":3354,"href":"https:\/\/dev.klimapaktfirbetriber.lu\/de\/wp-json\/wp\/v2\/cas-pratiques\/2039\/revisions\/3354"}],"wp:featuredmedia":[{"embeddable":true,"href":"https:\/\/dev.klimapaktfirbetriber.lu\/de\/wp-json\/wp\/v2\/media\/2032"}],"wp:attachment":[{"href":"https:\/\/dev.klimapaktfirbetriber.lu\/de\/wp-json\/wp\/v2\/media?parent=2039"}],"wp:term":[{"taxonomy":"thematique","embeddable":true,"href":"https:\/\/dev.klimapaktfirbetriber.lu\/de\/wp-json\/wp\/v2\/thematique?post=2039"}],"curies":[{"name":"wp","href":"https:\/\/api.w.org\/{rel}","templated":true}]}}

Erfolgreiche Elektrifizierung der Flotte für DHL Express

<div class="wp-block-group"><div class="wp-block-group__inner-container is-layout-constrained wp-block-group-is-layout-constrained">
<h2 class="wp-block-heading">Profil des Unternehmens</h2>



<p>DHL Express ist einer der größten Akteure im Bereich des Versandhandels in Luxemburg. Das Kerngeschäft ist die Zustellung von Paketen in den unterschiedlichsten Bereichen.</p>



<p>Das Unternehmen beschäftigt derzeit 110 Mitarbeiter im Gewerbegebiet von Contern. Die täglichen Liefertouren von 40 bis 250 km durch das ganze Land werden intern organisiert. Das Hauptgebäude beherbergt den Verwaltungsbereich und die Logistikhalle für das Be- und Entladen der Fahrzeuge.</p>
</div></div>



<figure class="wp-block-gallery has-nested-images columns-default is-cropped wp-block-gallery-1 is-layout-flex wp-block-gallery-is-layout-flex">
<figure class="wp-block-image size-large"><img decoding="async" width="1024" height="767" data-id="3280" src="https://dev.klimapaktfirbetriber.lu/wp-content/uploads/2024/04/batiment-DHL-2-1024x767.jpg" alt="" class="wp-image-3280" srcset="https://dev.klimapaktfirbetriber.lu/wp-content/uploads/2024/04/batiment-DHL-2-1024x767.jpg 1024w, https://dev.klimapaktfirbetriber.lu/wp-content/uploads/2024/04/batiment-DHL-2-300x225.jpg 300w, https://dev.klimapaktfirbetriber.lu/wp-content/uploads/2024/04/batiment-DHL-2-768x575.jpg 768w, https://dev.klimapaktfirbetriber.lu/wp-content/uploads/2024/04/batiment-DHL-2-1536x1150.jpg 1536w, https://dev.klimapaktfirbetriber.lu/wp-content/uploads/2024/04/batiment-DHL-2.jpg 2048w" sizes="(max-width: 1024px) 100vw, 1024px" /></figure>
</figure>



<div style="height:21px" aria-hidden="true" class="wp-block-spacer"></div>



<div class="wp-block-group etape"><div class="wp-block-group__inner-container is-layout-flow wp-block-group-is-layout-flow">
<h2 class="wp-block-heading special" id="idee">Idee</h2>



<h3 class="wp-block-heading">Dekarbonisierung der Fahrzeugflotte</h3>



<p>Auf internationaler Ebene verfolgt der DHL-Konzern sehr ehrgeizige Ziele um das gesamte Unternehmen zu dekarbonisieren und sich für die Zukunft zu positionieren. Im Rahmen der Initiative „GoGreen Plus“ arbeitet der Konzern an der Umsetzung dieser Ziele. Der große Fuhrpark und die vielen Kilometer, die für Lieferungen zurückgelegt werden, stellen ein erhebliches Optimierungspotenzial dar.</p>
</div></div>



<div class="wp-block-group etape"><div class="wp-block-group__inner-container is-layout-flow wp-block-group-is-layout-flow">
<h2 class="wp-block-heading special" id="conception">Design</h2>



<h3 class="wp-block-heading">Zusammenarbeit mit einer Leasinggesellschaft und Autoherstellern</h3>



<p>Für die Bereitstellung von Kleintransportern arbeitet DHL mit einer Leasinggesellschaft und den Autoherstellern Ford und Mercedes zusammen. Die benötigten Fahrzeuge wurden durch die oben genannten Hersteller speziell auf die Bedürfnisse des Unternehmens umgebaut.</p>



<p>Durch den Einsatz eines Lastmanagementsystems konnte eine Lösung gefunden werden, um die begrenzt verfügbare elektrische Anschlussleistung zu nutzen. Die 23 Fahrzeuge müssen abends und nachts geladen werden, damit die Lieferungen tagsüber ohne zusätzliche Ladezeiten erfolgen können.</p>



<figure class="wp-block-gallery has-nested-images columns-default is-cropped wp-block-gallery-2 is-layout-flex wp-block-gallery-is-layout-flex">
<figure class="wp-block-image size-large"><img decoding="async" width="1024" height="683" data-id="3283" src="https://dev.klimapaktfirbetriber.lu/wp-content/uploads/2024/04/camionettes-DHL-4-1024x683.jpg" alt="" class="wp-image-3283" srcset="https://dev.klimapaktfirbetriber.lu/wp-content/uploads/2024/04/camionettes-DHL-4-1024x683.jpg 1024w, https://dev.klimapaktfirbetriber.lu/wp-content/uploads/2024/04/camionettes-DHL-4-300x200.jpg 300w, https://dev.klimapaktfirbetriber.lu/wp-content/uploads/2024/04/camionettes-DHL-4-768x512.jpg 768w, https://dev.klimapaktfirbetriber.lu/wp-content/uploads/2024/04/camionettes-DHL-4-1536x1024.jpg 1536w, https://dev.klimapaktfirbetriber.lu/wp-content/uploads/2024/04/camionettes-DHL-4.jpg 2048w" sizes="(max-width: 1024px) 100vw, 1024px" /></figure>
</figure>
</div></div>



<div style="height:25px" aria-hidden="true" class="wp-block-spacer"></div>



<div class="wp-block-group etape"><div class="wp-block-group__inner-container is-layout-flow wp-block-group-is-layout-flow">
<h2 class="wp-block-heading special" id="mise-oeuvre">Umsetzung</h2>



<h3 class="wp-block-heading">Einbindung Elektromobilität und Anpassung der Logistikprozesse</h3>



<p>Zur Vorbereitung auf die Einführung neuer Elektrofahrzeuge im Jahr 2021 wurden in den Depots des Unternehmens Ladestationen installiert. Über einen Zeitraum von etwa neun Monaten wurden alle Kleintransporter mit Verbrennungsmotor durch elektrisch betriebene Kleintransporter ersetzt. In der Endphase wurden die Mitarbeiter im Umgang mit den neuen Fahrzeugen geschult.</p>



<p>Die Herausforderungen des Projekts bestanden zum einen in den teilweise sehr langen Lieferzeiten der neuen Fahrzeuge (die ursprünglich geplante schnelle Umsetzung des Projekts war daher nicht möglich) und zum anderen darin, die maximale elektrische Anschlussleistung so zu steuern, dass die Beladung der Fahrzeuge tagtäglich zu gewährleisten.</p>



<figure class="wp-block-gallery has-nested-images columns-default is-cropped wp-block-gallery-3 is-layout-flex wp-block-gallery-is-layout-flex">
<figure class="wp-block-image size-large"><img decoding="async" width="1024" height="683" data-id="3278" src="https://dev.klimapaktfirbetriber.lu/wp-content/uploads/2024/04/DHL-en-charge-3-1024x683.jpg" alt="" class="wp-image-3278" srcset="https://dev.klimapaktfirbetriber.lu/wp-content/uploads/2024/04/DHL-en-charge-3-1024x683.jpg 1024w, https://dev.klimapaktfirbetriber.lu/wp-content/uploads/2024/04/DHL-en-charge-3-300x200.jpg 300w, https://dev.klimapaktfirbetriber.lu/wp-content/uploads/2024/04/DHL-en-charge-3-768x512.jpg 768w, https://dev.klimapaktfirbetriber.lu/wp-content/uploads/2024/04/DHL-en-charge-3-1536x1024.jpg 1536w, https://dev.klimapaktfirbetriber.lu/wp-content/uploads/2024/04/DHL-en-charge-3.jpg 2048w" sizes="(max-width: 1024px) 100vw, 1024px" /></figure>
</figure>



<div style="height:20px" aria-hidden="true" class="wp-block-spacer"></div>



<div class="wp-block-buttons is-content-justification-center is-layout-flex wp-container-core-buttons-is-layout-16018d1d wp-block-buttons-is-layout-flex">
<div class="wp-block-button"><a class="wp-block-button__link wp-element-button" href="https://www.youtube.com/watch?v=OQSEaiB16vE" target="_blank" rel="noreferrer noopener">Die DHL-Fahrzeugflotte</a></div>
</div>
</div></div>



<div class="wp-block-group etape"><div class="wp-block-group__inner-container is-layout-flow wp-block-group-is-layout-flow">
<h2 class="wp-block-heading special" id="resultat">Ergebnisse</h2>



<h3 class="wp-block-heading">Eine Photovoltaikanlage zum Aufladen der Fahrzeuge</h3>



<p>Das Unternehmen ist zufrieden mit dem Abschluss des Projekts zur Dekarbonisierung ihrer Lieferflotte. Das Projekt wird darüber hinaus durch Weitere ergänzt:</p>



<ul class="wp-block-list">
<li>Einrichtung einer Photovoltaikanlage am Standort Contern zur Kompensierung des Verbrauchs der elektrischen Fahrzeugflotte,</li>



<li>Elektrifizierung der Management-Fahrzeugflotte,</li>



<li>Start einer internen Kommunikationskampagne, um die Mitarbeiter zur Nutzung von Elektroautos zu ermutigen.</li>
</ul>



<figure class="wp-block-image size-large"><img decoding="async" width="1024" height="768" src="https://dev.klimapaktfirbetriber.lu/wp-content/uploads/2023/10/20221123_093840203_iOS-1024x768.jpg" alt="" class="wp-image-2024" srcset="https://dev.klimapaktfirbetriber.lu/wp-content/uploads/2023/10/20221123_093840203_iOS-1024x768.jpg 1024w, https://dev.klimapaktfirbetriber.lu/wp-content/uploads/2023/10/20221123_093840203_iOS-300x225.jpg 300w, https://dev.klimapaktfirbetriber.lu/wp-content/uploads/2023/10/20221123_093840203_iOS-768x576.jpg 768w, https://dev.klimapaktfirbetriber.lu/wp-content/uploads/2023/10/20221123_093840203_iOS-1536x1152.jpg 1536w, https://dev.klimapaktfirbetriber.lu/wp-content/uploads/2023/10/20221123_093840203_iOS.jpg 2048w" sizes="(max-width: 1024px) 100vw, 1024px" /></figure>



<p></p>
</div></div>
