{"id":1765441,"date":"2025-09-04T09:48:22","date_gmt":"2025-09-04T07:48:22","guid":{"rendered":"https:\/\/dev.klimapaktfirbetriber.lu\/?post_type=cas-pratiques&#038;p=1765441"},"modified":"2025-09-10T09:45:15","modified_gmt":"2025-09-10T07:45:15","slug":"metro-s-a-nachhaltigkeit-im-herzen-der-biodiversitaet","status":"publish","type":"cas-pratiques","link":"https:\/\/dev.klimapaktfirbetriber.lu\/de\/praxisbeispiele\/metro-s-a-nachhaltigkeit-im-herzen-der-biodiversitaet\/","title":{"rendered":"Metro S.A. : Nachhaltigkeit im Herzen der Biodiversit\u00e4t"},"content":{"rendered":"\n<p>Ein Unternehmensprojekt, gepr\u00e4gt von Nachhaltigkeit und famili\u00e4rer Tradition<\/p>\n\n\n\n<figure class=\"wp-block-embed is-type-video is-provider-youtube wp-block-embed-youtube wp-embed-aspect-16-9 wp-has-aspect-ratio\"><div class=\"wp-block-embed__wrapper\">\n<iframe title=\"Biodiversit\u00e9 en entreprise : Metro S.A.\" width=\"640\" height=\"360\" src=\"https:\/\/www.youtube.com\/embed\/X5z7IPgouXo?feature=oembed\" frameborder=\"0\" allow=\"accelerometer; autoplay; clipboard-write; encrypted-media; gyroscope; picture-in-picture; web-share\" referrerpolicy=\"strict-origin-when-cross-origin\" allowfullscreen><\/iframe>\n<\/div><\/figure>\n\n\n\n<p><\/p>\n\n\n\n<div class=\"wp-block-group etape\"><div class=\"wp-block-group__inner-container is-layout-flow wp-block-group-is-layout-flow\">\n<h2 class=\"wp-block-heading special\" id=\"idee\">Idee<\/h2>\n\n\n\n<p>Im Rahmen der Errichtung des Metro-Standorts in der neuen Gewerbezone Fridhaff standen Nachhaltigkeit und \u00f6kologische Verantwortung von der Planungsphase an im Mittelpunkt.<\/p>\n\n\n\n<p>Olivier Jacob, Direktor und Vertreter der dritten Familiengeneration, betont mit \u00dcberzeugung: <strong>\u201eEs ist unerl\u00e4sslich, der Natur das zur\u00fcckzugeben, was unsere Gesellschaft ihr nimmt.\u201c<\/strong> Treu den Werten seiner Vorfahren folgend, m\u00f6chte er den Standort in eine nachhaltige, harmonische und zukunftsf\u00e4hige Entwicklung einbetten. Bei Metro ist das Ziel, die Mitarbeiter um ein gemeinsames Unternehmensprojekt zu vereinen, das sowohl die Lebensqualit\u00e4t am Arbeitsplatz als auch den Respekt vor der nat\u00fcrlichen Umwelt in den Fokus stellt.<\/p>\n\n\n<div class=\"wp-block-image\">\n<figure class=\"aligncenter size-full\"><img decoding=\"async\" width=\"2000\" height=\"1414\" src=\"https:\/\/dev.klimapaktfirbetriber.lu\/wp-content\/uploads\/2025\/09\/Design-ohne-Titel-1-3.png\" alt=\"\" class=\"wp-image-1771474\" style=\"aspect-ratio:4\/3;object-fit:cover\" srcset=\"https:\/\/dev.klimapaktfirbetriber.lu\/wp-content\/uploads\/2025\/09\/Design-ohne-Titel-1-3.png 2000w, https:\/\/dev.klimapaktfirbetriber.lu\/wp-content\/uploads\/2025\/09\/Design-ohne-Titel-1-3-300x212.png 300w, https:\/\/dev.klimapaktfirbetriber.lu\/wp-content\/uploads\/2025\/09\/Design-ohne-Titel-1-3-1024x724.png 1024w, https:\/\/dev.klimapaktfirbetriber.lu\/wp-content\/uploads\/2025\/09\/Design-ohne-Titel-1-3-768x543.png 768w, https:\/\/dev.klimapaktfirbetriber.lu\/wp-content\/uploads\/2025\/09\/Design-ohne-Titel-1-3-1536x1086.png 1536w\" sizes=\"(max-width: 2000px) 100vw, 2000px\" \/><\/figure>\n<\/div>\n\n\n<p><br>Dieser Anspruch spiegelt sich auch konkret in der Architektur des Geb\u00e4udes wider. Bereits beim Betreten ehrt eine Wand alle Mitwirkenden am Unternehmenserfolg und unterstreicht die Kontinuit\u00e4t der Gr\u00fcnderfamilie sowie den Teamgeist bei Metro.<\/p>\n\n\n<div class=\"wp-block-image\">\n<figure class=\"aligncenter size-full\"><img decoding=\"async\" width=\"1023\" height=\"700\" src=\"https:\/\/dev.klimapaktfirbetriber.lu\/wp-content\/uploads\/2025\/09\/mauer-5.png\" alt=\"\" class=\"wp-image-1771429\" style=\"aspect-ratio:4\/3;object-fit:cover\" srcset=\"https:\/\/dev.klimapaktfirbetriber.lu\/wp-content\/uploads\/2025\/09\/mauer-5.png 1023w, https:\/\/dev.klimapaktfirbetriber.lu\/wp-content\/uploads\/2025\/09\/mauer-5-300x205.png 300w, https:\/\/dev.klimapaktfirbetriber.lu\/wp-content\/uploads\/2025\/09\/mauer-5-768x526.png 768w\" sizes=\"(max-width: 1023px) 100vw, 1023px\" \/><\/figure>\n<\/div><\/div><\/div>\n\n\n\n<div class=\"wp-block-group\"><div class=\"wp-block-group__inner-container is-layout-constrained wp-block-group-is-layout-constrained\">\n<h2 class=\"wp-block-heading special\" id=\"conception\">Desgin<\/h2>\n\n\n\n<h3 class=\"wp-block-heading\"><strong>Eine landschaftliche Gestaltung im Dienste der Natur<\/strong><\/h3>\n\n\n\n<p>Neben Infrastrukturen zur F\u00f6rderung erneuerbarer Energien und zuk\u00fcnftigen Projekten zur Elektromobilit\u00e4t f\u00fcr Mitarbeiter setzte sich schnell die Idee durch, Gr\u00fcnfl\u00e4chen zu nutzen, um ein aktives \u00f6kologisches \u00d6kosystem zu schaffen. Die unmittelbare N\u00e4he zu W\u00e4ldern und Wiesen bot eine einzigartige Gelegenheit, ein Projekt zur F\u00f6rderung der lokalen Biodiversit\u00e4t zu entwickeln.<\/p>\n\n\n\n<h3 class=\"wp-block-heading\"><strong>Kollaborative Planung mit Imkern und Landschaftsgestaltern<\/strong><\/h3>\n\n\n\n<p>Das Konzept wurde in enger Zusammenarbeit mit einem Landschaftsgestalter und einem lokalen Imkerverein entwickelt. Zahlreiche \u00f6kologische Elemente wurden integriert: die Pflanzung typischer Obstb\u00e4ume der Region, die Anlage bl\u00fctenreicher Wiesen mit hoher Pflanzenvielfalt, Schutzr\u00e4ume f\u00fcr best\u00e4ubende Insekten sowie die Aufstellung von Bienenst\u00f6cken \u2013 alles im Einklang mit der nat\u00fcrlichen Umgebung.<\/p>\n\n\n\n<figure class=\"wp-block-gallery has-nested-images columns-2 is-cropped wp-block-gallery-1 is-layout-flex wp-block-gallery-is-layout-flex\">\n<figure class=\"wp-block-image size-large\"><img decoding=\"async\" width=\"1024\" height=\"576\" data-id=\"1764315\" src=\"https:\/\/dev.klimapaktfirbetriber.lu\/wp-content\/uploads\/2025\/09\/IMG_3613-4-1024x576.jpg\" alt=\"Bilder der Bienenst\u00f6cke auf dem Metro-Gel\u00e4nde\n\n\" class=\"wp-image-1764315\" srcset=\"https:\/\/dev.klimapaktfirbetriber.lu\/wp-content\/uploads\/2025\/09\/IMG_3613-4-1024x576.jpg 1024w, https:\/\/dev.klimapaktfirbetriber.lu\/wp-content\/uploads\/2025\/09\/IMG_3613-4-300x169.jpg 300w, https:\/\/dev.klimapaktfirbetriber.lu\/wp-content\/uploads\/2025\/09\/IMG_3613-4-768x432.jpg 768w, https:\/\/dev.klimapaktfirbetriber.lu\/wp-content\/uploads\/2025\/09\/IMG_3613-4-1536x864.jpg 1536w, https:\/\/dev.klimapaktfirbetriber.lu\/wp-content\/uploads\/2025\/09\/IMG_3613-4-2048x1152.jpg 2048w\" sizes=\"(max-width: 1024px) 100vw, 1024px\" \/><\/figure>\n\n\n\n<figure class=\"wp-block-image size-large\"><img decoding=\"async\" width=\"576\" height=\"1024\" data-id=\"1764596\" src=\"https:\/\/dev.klimapaktfirbetriber.lu\/wp-content\/uploads\/2025\/09\/IMG_3617-6-576x1024.jpeg\" alt=\"\" class=\"wp-image-1764596\" srcset=\"https:\/\/dev.klimapaktfirbetriber.lu\/wp-content\/uploads\/2025\/09\/IMG_3617-6-576x1024.jpeg 576w, https:\/\/dev.klimapaktfirbetriber.lu\/wp-content\/uploads\/2025\/09\/IMG_3617-6-169x300.jpeg 169w, https:\/\/dev.klimapaktfirbetriber.lu\/wp-content\/uploads\/2025\/09\/IMG_3617-6-768x1365.jpeg 768w, https:\/\/dev.klimapaktfirbetriber.lu\/wp-content\/uploads\/2025\/09\/IMG_3617-6-864x1536.jpeg 864w, https:\/\/dev.klimapaktfirbetriber.lu\/wp-content\/uploads\/2025\/09\/IMG_3617-6-1152x2048.jpeg 1152w, https:\/\/dev.klimapaktfirbetriber.lu\/wp-content\/uploads\/2025\/09\/IMG_3617-6-scaled.jpeg 1440w\" sizes=\"(max-width: 576px) 100vw, 576px\" \/><\/figure>\n<\/figure>\n\n\n\n<p>Besondere Aufmerksamkeit wurde auf die harmonische Einbindung des Projekts in das bestehende \u00d6kosystem gelegt, um einen echten Mehrwert f\u00fcr Flora und Fauna zu schaffen. Die Kooperationsvereinbarung mit dem Imkerverein regelt die nachhaltige Pflege der Bienenst\u00f6cke und die Honigernte.<\/p>\n<\/div><\/div>\n\n\n\n<div class=\"wp-block-group etape\"><div class=\"wp-block-group__inner-container is-layout-flow wp-block-group-is-layout-flow\">\n<h2 class=\"wp-block-heading special\" id=\"mise-oeuvre\">Umsetzung<\/h2>\n\n\n\n<h3 class=\"wp-block-heading\"><strong>Wenn \u00d6kologie sich mit Einfachheit vereint<\/strong><\/h3>\n\n\n\n<p>Bereits im Fr\u00fchling wurden die Obstb\u00e4ume gepflanzt und die Saat f\u00fcr bl\u00fctenreiche Wiesen ausgebracht. Die Bienenst\u00f6cke wurden in Absprache mit den Imkern aufgestellt, um den Bienen optimale Entwicklungsbedingungen zu bieten.<\/p>\n\n\n\n<p>Olivier Jacob hebt einen weiteren Vorteil hervor: <strong>\u201eDiese Anlagen ben\u00f6tigen nahezu keine Pflege, im Gegensatz zu traditionellen Gr\u00fcnfl\u00e4chen. Die Natur reguliert sich selbst und erh\u00e4lt ihr eigenes Gleichgewicht.\u201c<\/strong><\/p>\n\n\n\n<figure class=\"wp-block-gallery has-nested-images columns-default is-cropped wp-block-gallery-2 is-layout-flex wp-block-gallery-is-layout-flex\">\n<figure class=\"wp-block-image size-large\"><img decoding=\"async\" width=\"576\" height=\"1024\" data-id=\"1764629\" src=\"https:\/\/dev.klimapaktfirbetriber.lu\/wp-content\/uploads\/2025\/09\/IMG_3635-576x1024.jpg\" alt=\"Bilder der nat\u00fcrlichen Gr\u00fcnfl\u00e4chen auf dem Metro-Gel\u00e4nde\n\n\" class=\"wp-image-1764629\" srcset=\"https:\/\/dev.klimapaktfirbetriber.lu\/wp-content\/uploads\/2025\/09\/IMG_3635-576x1024.jpg 576w, https:\/\/dev.klimapaktfirbetriber.lu\/wp-content\/uploads\/2025\/09\/IMG_3635-169x300.jpg 169w, https:\/\/dev.klimapaktfirbetriber.lu\/wp-content\/uploads\/2025\/09\/IMG_3635-768x1365.jpg 768w, https:\/\/dev.klimapaktfirbetriber.lu\/wp-content\/uploads\/2025\/09\/IMG_3635-864x1536.jpg 864w, https:\/\/dev.klimapaktfirbetriber.lu\/wp-content\/uploads\/2025\/09\/IMG_3635-1152x2048.jpg 1152w, https:\/\/dev.klimapaktfirbetriber.lu\/wp-content\/uploads\/2025\/09\/IMG_3635-scaled.jpg 1440w\" sizes=\"(max-width: 576px) 100vw, 576px\" \/><\/figure>\n\n\n\n<figure class=\"wp-block-image size-large\"><img decoding=\"async\" width=\"768\" height=\"1024\" data-id=\"1764646\" src=\"https:\/\/dev.klimapaktfirbetriber.lu\/wp-content\/uploads\/2025\/09\/IMG_3628-768x1024.jpeg\" alt=\"Bilder der nat\u00fcrlichen Gr\u00fcnfl\u00e4chen auf dem Metro-Gel\u00e4nde\n\n\" class=\"wp-image-1764646\" srcset=\"https:\/\/dev.klimapaktfirbetriber.lu\/wp-content\/uploads\/2025\/09\/IMG_3628-768x1024.jpeg 768w, https:\/\/dev.klimapaktfirbetriber.lu\/wp-content\/uploads\/2025\/09\/IMG_3628-225x300.jpeg 225w, https:\/\/dev.klimapaktfirbetriber.lu\/wp-content\/uploads\/2025\/09\/IMG_3628-1152x1536.jpeg 1152w, https:\/\/dev.klimapaktfirbetriber.lu\/wp-content\/uploads\/2025\/09\/IMG_3628-1536x2048.jpeg 1536w, https:\/\/dev.klimapaktfirbetriber.lu\/wp-content\/uploads\/2025\/09\/IMG_3628-scaled.jpeg 1920w\" sizes=\"(max-width: 768px) 100vw, 768px\" \/><\/figure>\n<\/figure>\n<\/div><\/div>\n\n\n\n<div class=\"wp-block-group etape\"><div class=\"wp-block-group__inner-container is-layout-flow wp-block-group-is-layout-flow\">\n<h2 class=\"wp-block-heading special\" id=\"resultat\">Resultat<\/h2>\n\n\n\n<p>Heute ist der Metro-Standort in Fridhaff weit mehr als nur ein moderner Arbeitsort: Er verk\u00f6rpert ein Vorbild f\u00fcr eine respektvolle Integration in eine gesch\u00fctzte nat\u00fcrliche Umgebung. Die bl\u00fctenreichen Wiesen, das Summen der Bienen und die weitgehend selbstst\u00e4ndige Pflege des \u00d6kosystems zeugen von einem gelungenen Zusammenspiel zwischen wirtschaftlicher Aktivit\u00e4t und dem Schutz der nat\u00fcrlichen Lebensr\u00e4ume.<\/p>\n<\/div><\/div>\n\n\n\n<p><\/p>\n\n\n\n<p><\/p>\n","protected":false},"featured_media":1770998,"template":"","thematique":[95],"class_list":["post-1765441","cas-pratiques","type-cas-pratiques","status-publish","has-post-thumbnail","hentry","thematique-kommunikation-und-kooperation"],"acf":[],"_links":{"self":[{"href":"https:\/\/dev.klimapaktfirbetriber.lu\/de\/wp-json\/wp\/v2\/cas-pratiques\/1765441","targetHints":{"allow":["GET"]}}],"collection":[{"href":"https:\/\/dev.klimapaktfirbetriber.lu\/de\/wp-json\/wp\/v2\/cas-pratiques"}],"about":[{"href":"https:\/\/dev.klimapaktfirbetriber.lu\/de\/wp-json\/wp\/v2\/types\/cas-pratiques"}],"version-history":[{"count":11,"href":"https:\/\/dev.klimapaktfirbetriber.lu\/de\/wp-json\/wp\/v2\/cas-pratiques\/1765441\/revisions"}],"predecessor-version":[{"id":1807486,"href":"https:\/\/dev.klimapaktfirbetriber.lu\/de\/wp-json\/wp\/v2\/cas-pratiques\/1765441\/revisions\/1807486"}],"wp:featuredmedia":[{"embeddable":true,"href":"https:\/\/dev.klimapaktfirbetriber.lu\/de\/wp-json\/wp\/v2\/media\/1770998"}],"wp:attachment":[{"href":"https:\/\/dev.klimapaktfirbetriber.lu\/de\/wp-json\/wp\/v2\/media?parent=1765441"}],"wp:term":[{"taxonomy":"thematique","embeddable":true,"href":"https:\/\/dev.klimapaktfirbetriber.lu\/de\/wp-json\/wp\/v2\/thematique?post=1765441"}],"curies":[{"name":"wp","href":"https:\/\/api.w.org\/{rel}","templated":true}]}}

Metro S.A. : Nachhaltigkeit im Herzen der Biodiversität

<p>Ein Unternehmensprojekt, geprägt von Nachhaltigkeit und familiärer Tradition</p>



<figure class="wp-block-embed is-type-video is-provider-youtube wp-block-embed-youtube wp-embed-aspect-16-9 wp-has-aspect-ratio"><div class="wp-block-embed__wrapper">
<iframe title="Biodiversité en entreprise : Metro S.A." width="640" height="360" src="https://www.youtube.com/embed/X5z7IPgouXo?feature=oembed" frameborder="0" allow="accelerometer; autoplay; clipboard-write; encrypted-media; gyroscope; picture-in-picture; web-share" referrerpolicy="strict-origin-when-cross-origin" allowfullscreen></iframe>
</div></figure>



<p></p>



<div class="wp-block-group etape"><div class="wp-block-group__inner-container is-layout-flow wp-block-group-is-layout-flow">
<h2 class="wp-block-heading special" id="idee">Idee</h2>



<p>Im Rahmen der Errichtung des Metro-Standorts in der neuen Gewerbezone Fridhaff standen Nachhaltigkeit und ökologische Verantwortung von der Planungsphase an im Mittelpunkt.</p>



<p>Olivier Jacob, Direktor und Vertreter der dritten Familiengeneration, betont mit Überzeugung: <strong>„Es ist unerlässlich, der Natur das zurückzugeben, was unsere Gesellschaft ihr nimmt.“</strong> Treu den Werten seiner Vorfahren folgend, möchte er den Standort in eine nachhaltige, harmonische und zukunftsfähige Entwicklung einbetten. Bei Metro ist das Ziel, die Mitarbeiter um ein gemeinsames Unternehmensprojekt zu vereinen, das sowohl die Lebensqualität am Arbeitsplatz als auch den Respekt vor der natürlichen Umwelt in den Fokus stellt.</p>


<div class="wp-block-image">
<figure class="aligncenter size-full"><img decoding="async" width="2000" height="1414" src="https://dev.klimapaktfirbetriber.lu/wp-content/uploads/2025/09/Design-ohne-Titel-1-3.png" alt="" class="wp-image-1771474" style="aspect-ratio:4/3;object-fit:cover" srcset="https://dev.klimapaktfirbetriber.lu/wp-content/uploads/2025/09/Design-ohne-Titel-1-3.png 2000w, https://dev.klimapaktfirbetriber.lu/wp-content/uploads/2025/09/Design-ohne-Titel-1-3-300x212.png 300w, https://dev.klimapaktfirbetriber.lu/wp-content/uploads/2025/09/Design-ohne-Titel-1-3-1024x724.png 1024w, https://dev.klimapaktfirbetriber.lu/wp-content/uploads/2025/09/Design-ohne-Titel-1-3-768x543.png 768w, https://dev.klimapaktfirbetriber.lu/wp-content/uploads/2025/09/Design-ohne-Titel-1-3-1536x1086.png 1536w" sizes="(max-width: 2000px) 100vw, 2000px" /></figure>
</div>


<p><br>Dieser Anspruch spiegelt sich auch konkret in der Architektur des Gebäudes wider. Bereits beim Betreten ehrt eine Wand alle Mitwirkenden am Unternehmenserfolg und unterstreicht die Kontinuität der Gründerfamilie sowie den Teamgeist bei Metro.</p>


<div class="wp-block-image">
<figure class="aligncenter size-full"><img decoding="async" width="1023" height="700" src="https://dev.klimapaktfirbetriber.lu/wp-content/uploads/2025/09/mauer-5.png" alt="" class="wp-image-1771429" style="aspect-ratio:4/3;object-fit:cover" srcset="https://dev.klimapaktfirbetriber.lu/wp-content/uploads/2025/09/mauer-5.png 1023w, https://dev.klimapaktfirbetriber.lu/wp-content/uploads/2025/09/mauer-5-300x205.png 300w, https://dev.klimapaktfirbetriber.lu/wp-content/uploads/2025/09/mauer-5-768x526.png 768w" sizes="(max-width: 1023px) 100vw, 1023px" /></figure>
</div></div></div>



<div class="wp-block-group"><div class="wp-block-group__inner-container is-layout-constrained wp-block-group-is-layout-constrained">
<h2 class="wp-block-heading special" id="conception">Desgin</h2>



<h3 class="wp-block-heading"><strong>Eine landschaftliche Gestaltung im Dienste der Natur</strong></h3>



<p>Neben Infrastrukturen zur Förderung erneuerbarer Energien und zukünftigen Projekten zur Elektromobilität für Mitarbeiter setzte sich schnell die Idee durch, Grünflächen zu nutzen, um ein aktives ökologisches Ökosystem zu schaffen. Die unmittelbare Nähe zu Wäldern und Wiesen bot eine einzigartige Gelegenheit, ein Projekt zur Förderung der lokalen Biodiversität zu entwickeln.</p>



<h3 class="wp-block-heading"><strong>Kollaborative Planung mit Imkern und Landschaftsgestaltern</strong></h3>



<p>Das Konzept wurde in enger Zusammenarbeit mit einem Landschaftsgestalter und einem lokalen Imkerverein entwickelt. Zahlreiche ökologische Elemente wurden integriert: die Pflanzung typischer Obstbäume der Region, die Anlage blütenreicher Wiesen mit hoher Pflanzenvielfalt, Schutzräume für bestäubende Insekten sowie die Aufstellung von Bienenstöcken – alles im Einklang mit der natürlichen Umgebung.</p>



<figure class="wp-block-gallery has-nested-images columns-2 is-cropped wp-block-gallery-1 is-layout-flex wp-block-gallery-is-layout-flex">
<figure class="wp-block-image size-large"><img decoding="async" width="1024" height="576" data-id="1764315" src="https://dev.klimapaktfirbetriber.lu/wp-content/uploads/2025/09/IMG_3613-4-1024x576.jpg" alt="Bilder der Bienenstöcke auf dem Metro-Gelände

" class="wp-image-1764315" srcset="https://dev.klimapaktfirbetriber.lu/wp-content/uploads/2025/09/IMG_3613-4-1024x576.jpg 1024w, https://dev.klimapaktfirbetriber.lu/wp-content/uploads/2025/09/IMG_3613-4-300x169.jpg 300w, https://dev.klimapaktfirbetriber.lu/wp-content/uploads/2025/09/IMG_3613-4-768x432.jpg 768w, https://dev.klimapaktfirbetriber.lu/wp-content/uploads/2025/09/IMG_3613-4-1536x864.jpg 1536w, https://dev.klimapaktfirbetriber.lu/wp-content/uploads/2025/09/IMG_3613-4-2048x1152.jpg 2048w" sizes="(max-width: 1024px) 100vw, 1024px" /></figure>



<figure class="wp-block-image size-large"><img decoding="async" width="576" height="1024" data-id="1764596" src="https://dev.klimapaktfirbetriber.lu/wp-content/uploads/2025/09/IMG_3617-6-576x1024.jpeg" alt="" class="wp-image-1764596" srcset="https://dev.klimapaktfirbetriber.lu/wp-content/uploads/2025/09/IMG_3617-6-576x1024.jpeg 576w, https://dev.klimapaktfirbetriber.lu/wp-content/uploads/2025/09/IMG_3617-6-169x300.jpeg 169w, https://dev.klimapaktfirbetriber.lu/wp-content/uploads/2025/09/IMG_3617-6-768x1365.jpeg 768w, https://dev.klimapaktfirbetriber.lu/wp-content/uploads/2025/09/IMG_3617-6-864x1536.jpeg 864w, https://dev.klimapaktfirbetriber.lu/wp-content/uploads/2025/09/IMG_3617-6-1152x2048.jpeg 1152w, https://dev.klimapaktfirbetriber.lu/wp-content/uploads/2025/09/IMG_3617-6-scaled.jpeg 1440w" sizes="(max-width: 576px) 100vw, 576px" /></figure>
</figure>



<p>Besondere Aufmerksamkeit wurde auf die harmonische Einbindung des Projekts in das bestehende Ökosystem gelegt, um einen echten Mehrwert für Flora und Fauna zu schaffen. Die Kooperationsvereinbarung mit dem Imkerverein regelt die nachhaltige Pflege der Bienenstöcke und die Honigernte.</p>
</div></div>



<div class="wp-block-group etape"><div class="wp-block-group__inner-container is-layout-flow wp-block-group-is-layout-flow">
<h2 class="wp-block-heading special" id="mise-oeuvre">Umsetzung</h2>



<h3 class="wp-block-heading"><strong>Wenn Ökologie sich mit Einfachheit vereint</strong></h3>



<p>Bereits im Frühling wurden die Obstbäume gepflanzt und die Saat für blütenreiche Wiesen ausgebracht. Die Bienenstöcke wurden in Absprache mit den Imkern aufgestellt, um den Bienen optimale Entwicklungsbedingungen zu bieten.</p>



<p>Olivier Jacob hebt einen weiteren Vorteil hervor: <strong>„Diese Anlagen benötigen nahezu keine Pflege, im Gegensatz zu traditionellen Grünflächen. Die Natur reguliert sich selbst und erhält ihr eigenes Gleichgewicht.“</strong></p>



<figure class="wp-block-gallery has-nested-images columns-default is-cropped wp-block-gallery-2 is-layout-flex wp-block-gallery-is-layout-flex">
<figure class="wp-block-image size-large"><img decoding="async" width="576" height="1024" data-id="1764629" src="https://dev.klimapaktfirbetriber.lu/wp-content/uploads/2025/09/IMG_3635-576x1024.jpg" alt="Bilder der natürlichen Grünflächen auf dem Metro-Gelände

" class="wp-image-1764629" srcset="https://dev.klimapaktfirbetriber.lu/wp-content/uploads/2025/09/IMG_3635-576x1024.jpg 576w, https://dev.klimapaktfirbetriber.lu/wp-content/uploads/2025/09/IMG_3635-169x300.jpg 169w, https://dev.klimapaktfirbetriber.lu/wp-content/uploads/2025/09/IMG_3635-768x1365.jpg 768w, https://dev.klimapaktfirbetriber.lu/wp-content/uploads/2025/09/IMG_3635-864x1536.jpg 864w, https://dev.klimapaktfirbetriber.lu/wp-content/uploads/2025/09/IMG_3635-1152x2048.jpg 1152w, https://dev.klimapaktfirbetriber.lu/wp-content/uploads/2025/09/IMG_3635-scaled.jpg 1440w" sizes="(max-width: 576px) 100vw, 576px" /></figure>



<figure class="wp-block-image size-large"><img decoding="async" width="768" height="1024" data-id="1764646" src="https://dev.klimapaktfirbetriber.lu/wp-content/uploads/2025/09/IMG_3628-768x1024.jpeg" alt="Bilder der natürlichen Grünflächen auf dem Metro-Gelände

" class="wp-image-1764646" srcset="https://dev.klimapaktfirbetriber.lu/wp-content/uploads/2025/09/IMG_3628-768x1024.jpeg 768w, https://dev.klimapaktfirbetriber.lu/wp-content/uploads/2025/09/IMG_3628-225x300.jpeg 225w, https://dev.klimapaktfirbetriber.lu/wp-content/uploads/2025/09/IMG_3628-1152x1536.jpeg 1152w, https://dev.klimapaktfirbetriber.lu/wp-content/uploads/2025/09/IMG_3628-1536x2048.jpeg 1536w, https://dev.klimapaktfirbetriber.lu/wp-content/uploads/2025/09/IMG_3628-scaled.jpeg 1920w" sizes="(max-width: 768px) 100vw, 768px" /></figure>
</figure>
</div></div>



<div class="wp-block-group etape"><div class="wp-block-group__inner-container is-layout-flow wp-block-group-is-layout-flow">
<h2 class="wp-block-heading special" id="resultat">Resultat</h2>



<p>Heute ist der Metro-Standort in Fridhaff weit mehr als nur ein moderner Arbeitsort: Er verkörpert ein Vorbild für eine respektvolle Integration in eine geschützte natürliche Umgebung. Die blütenreichen Wiesen, das Summen der Bienen und die weitgehend selbstständige Pflege des Ökosystems zeugen von einem gelungenen Zusammenspiel zwischen wirtschaftlicher Aktivität und dem Schutz der natürlichen Lebensräume.</p>
</div></div>



<p></p>



<p></p>
