{"id":1689129,"date":"2025-08-21T16:37:05","date_gmt":"2025-08-21T14:37:05","guid":{"rendered":"https:\/\/dev.klimapaktfirbetriber.lu\/?post_type=cas-pratiques&#038;p=1689129"},"modified":"2025-08-21T17:02:48","modified_gmt":"2025-08-21T15:02:48","slug":"energiegemeinschaft","status":"publish","type":"cas-pratiques","link":"https:\/\/dev.klimapaktfirbetriber.lu\/de\/praxisbeispiele\/energiegemeinschaft\/","title":{"rendered":"Eine Energiegemeinschaft zwischen Unternehmen: Das inspirierende Beispiel von Nicolas Gloden"},"content":{"rendered":"\n<p>Das Weingut der Familie Gloden liegt im traditionsreichen Weindorf Schengen und wird bereits seit dem 18. Jahrhundert bewirtschaftet. Heute f\u00fchrt Nicolas Gloden den Betrieb. Entlang der Mosel baut die Familie die gesamte Bandbreite der klassischen luxemburgischen Rebsorten an \u2013 von Elbling und Rivaner bis hin zu Pinot Noir.<\/p>\n\n\n<div class=\"wp-block-image\">\n<figure class=\"aligncenter size-large is-resized\"><a href=\"https:\/\/play.rtl.lu\/shows\/lb\/energietipps\/episodes\/r\/3411597\" target=\"_blank\" rel=\"noopener\"><img decoding=\"async\" width=\"1024\" height=\"544\" src=\"https:\/\/dev.klimapaktfirbetriber.lu\/wp-content\/uploads\/2025\/07\/Screenshot-2025-07-17-091253-min-1024x544.png\" alt=\"\" class=\"wp-image-1486073\" style=\"width:664px;height:auto\" srcset=\"https:\/\/dev.klimapaktfirbetriber.lu\/wp-content\/uploads\/2025\/07\/Screenshot-2025-07-17-091253-min-1024x544.png 1024w, https:\/\/dev.klimapaktfirbetriber.lu\/wp-content\/uploads\/2025\/07\/Screenshot-2025-07-17-091253-min-300x159.png 300w, https:\/\/dev.klimapaktfirbetriber.lu\/wp-content\/uploads\/2025\/07\/Screenshot-2025-07-17-091253-min-768x408.png 768w, https:\/\/dev.klimapaktfirbetriber.lu\/wp-content\/uploads\/2025\/07\/Screenshot-2025-07-17-091253-min-1536x816.png 1536w, https:\/\/dev.klimapaktfirbetriber.lu\/wp-content\/uploads\/2025\/07\/Screenshot-2025-07-17-091253-min.png 1870w\" sizes=\"(max-width: 1024px) 100vw, 1024px\" \/><\/a><\/figure>\n<\/div>\n\n\n<div class=\"wp-block-group etape\"><div class=\"wp-block-group__inner-container is-layout-flow wp-block-group-is-layout-flow\">\n<p><\/p>\n\n\n\n<h2 class=\"wp-block-heading special\" id=\"idee\">Idee<\/h2>\n\n\n\n<h3 class=\"wp-block-heading\">Ein ungew\u00f6hnliches Kooperationsmodell: Wenn Solarenergie Unternehmen zusammenbringt<\/h3>\n\n\n\n<p>Pionier der Energiewende in Luxemburg: Winzer Nicolas Gloden hat den Schritt gewagt und seine eigene Energiegemeinschaft gegr\u00fcndet.<\/p>\n\n\n\n<p>Durch die Installation mehrerer Photovoltaikanlagen und die Gr\u00fcndung eines Vereins (ASBL) schafft er ein nachhaltiges Netzwerk. Dieses erm\u00f6glicht den direkten Austausch von lokal erzeugtem Strom mit unterschiedlichen Nutzern in anderen Regionen des Landes zu nutzen, zum Beispiel mit dem Hotel Belle Vue in Vianden, das \u00fcbersch\u00fcssige Energie abnimmt. So werden Ressourcen optimal genutzt, Kosten gesenkt und die regionale Wertsch\u00f6pfung gest\u00e4rkt.<\/p>\n\n\n\n<p><\/p>\n<\/div><\/div>\n\n\n\n<div class=\"wp-block-group etape\"><div class=\"wp-block-group__inner-container is-layout-flow wp-block-group-is-layout-flow\">\n<h2 class=\"wp-block-heading special\" id=\"conception\">Design<\/h2>\n\n\n\n<h3 class=\"wp-block-heading\">Planung, Partnerschaft und Produktion: Die Schl\u00fcssel zum Projekt<\/h3>\n\n\n\n<ul class=\"wp-block-list\">\n<li><strong>Recherche und Begleitung:<\/strong> Nicolas Gloden nahm an Informationsveranstaltungen von Klima-Agence teil und informierte sich weiter \u00fcber deren Informationsplattform, wie die Umsetzung ablaufen soll.<\/li>\n\n\n\n<li><strong>Vernetzung:<\/strong> Partnerschaft mit dem Hotel Belle Vue in Vianden zum Verkauf \u00fcbersch\u00fcssigen Stroms, wodurch Ressourcen zwischen den Partnerunternehmen verteilt werden k\u00f6nnen.<\/li>\n\n\n\n<li><strong>Infrastruktur:<\/strong> Die erste Photovoltaikanlage wurde im Juli 2024 an nur einem Tag installiert.<\/li>\n<\/ul>\n\n\n\n<p><\/p>\n<\/div><\/div>\n\n\n\n<div class=\"wp-block-group etape\"><div class=\"wp-block-group__inner-container is-layout-flow wp-block-group-is-layout-flow\">\n<h2 class=\"wp-block-heading special\" id=\"mise-oeuvre\">Umsetzung<\/h2>\n\n\n\n<h3 class=\"wp-block-heading\">Formalisierung und Regulierung: Die Gemeinschaft wird Realit\u00e4t<\/h3>\n\n\n\n<ul class=\"wp-block-list\">\n<li><strong>Gr\u00fcndung eines Vereins (ASBL) <\/strong>zur offiziellen Anerkennung der Energiegemeinschaft.<\/li>\n\n\n\n<li><strong>Schnelle Projektgenehmigung <\/strong>durch das ILR (Institut Luxembourgeois de R\u00e9gulation).<\/li>\n\n\n\n<li><strong>Einrichtung einer nationalen Stromtauschgruppe,<\/strong> die den direkten Austausch von Strom zwischen den Mitgliedern erm\u00f6glicht.<\/li>\n<\/ul>\n\n\n\n<p><\/p>\n<\/div><\/div>\n\n\n\n<div class=\"wp-block-group etape\"><div class=\"wp-block-group__inner-container is-layout-flow wp-block-group-is-layout-flow\">\n<h2 class=\"wp-block-heading special\" id=\"resultat\">Resultat<\/h2>\n\n\n\n<h3 class=\"wp-block-heading\">Ein inspirierendes Beispiel f\u00fcr die Energiewende<\/h3>\n\n\n\n<p>Der Weg von Nicolas Gloden zeigt: Mit der richtigen Unterst\u00fctzung k\u00f6nnen auch Landwirte und Winzer aktiv an der Energiewende teilnehmen. Jede lokal produzierte Kilowattstunde tr\u00e4gt sinnvoll zur Energiezukunft Luxemburgs bei.<\/p>\n\n\n\n<p><\/p>\n<\/div><\/div>\n\n\n\n<p><\/p>\n","protected":false},"featured_media":1486723,"template":"","thematique":[91],"class_list":["post-1689129","cas-pratiques","type-cas-pratiques","status-publish","has-post-thumbnail","hentry","thematique-energie-de"],"acf":[],"_links":{"self":[{"href":"https:\/\/dev.klimapaktfirbetriber.lu\/de\/wp-json\/wp\/v2\/cas-pratiques\/1689129","targetHints":{"allow":["GET"]}}],"collection":[{"href":"https:\/\/dev.klimapaktfirbetriber.lu\/de\/wp-json\/wp\/v2\/cas-pratiques"}],"about":[{"href":"https:\/\/dev.klimapaktfirbetriber.lu\/de\/wp-json\/wp\/v2\/types\/cas-pratiques"}],"version-history":[{"count":1,"href":"https:\/\/dev.klimapaktfirbetriber.lu\/de\/wp-json\/wp\/v2\/cas-pratiques\/1689129\/revisions"}],"predecessor-version":[{"id":1689193,"href":"https:\/\/dev.klimapaktfirbetriber.lu\/de\/wp-json\/wp\/v2\/cas-pratiques\/1689129\/revisions\/1689193"}],"wp:featuredmedia":[{"embeddable":true,"href":"https:\/\/dev.klimapaktfirbetriber.lu\/de\/wp-json\/wp\/v2\/media\/1486723"}],"wp:attachment":[{"href":"https:\/\/dev.klimapaktfirbetriber.lu\/de\/wp-json\/wp\/v2\/media?parent=1689129"}],"wp:term":[{"taxonomy":"thematique","embeddable":true,"href":"https:\/\/dev.klimapaktfirbetriber.lu\/de\/wp-json\/wp\/v2\/thematique?post=1689129"}],"curies":[{"name":"wp","href":"https:\/\/api.w.org\/{rel}","templated":true}]}}

<p>Das Weingut der Familie Gloden liegt im traditionsreichen Weindorf Schengen und wird bereits seit dem 18. Jahrhundert bewirtschaftet. Heute führt Nicolas Gloden den Betrieb. Entlang der Mosel baut die Familie die gesamte Bandbreite der klassischen luxemburgischen Rebsorten an – von Elbling und Rivaner bis hin zu Pinot Noir.</p>


<div class="wp-block-image">
<figure class="aligncenter size-large is-resized"><a href="https://play.rtl.lu/shows/lb/energietipps/episodes/r/3411597" target="_blank" rel="noopener"><img decoding="async" width="1024" height="544" src="https://dev.klimapaktfirbetriber.lu/wp-content/uploads/2025/07/Screenshot-2025-07-17-091253-min-1024x544.png" alt="" class="wp-image-1486073" style="width:664px;height:auto" srcset="https://dev.klimapaktfirbetriber.lu/wp-content/uploads/2025/07/Screenshot-2025-07-17-091253-min-1024x544.png 1024w, https://dev.klimapaktfirbetriber.lu/wp-content/uploads/2025/07/Screenshot-2025-07-17-091253-min-300x159.png 300w, https://dev.klimapaktfirbetriber.lu/wp-content/uploads/2025/07/Screenshot-2025-07-17-091253-min-768x408.png 768w, https://dev.klimapaktfirbetriber.lu/wp-content/uploads/2025/07/Screenshot-2025-07-17-091253-min-1536x816.png 1536w, https://dev.klimapaktfirbetriber.lu/wp-content/uploads/2025/07/Screenshot-2025-07-17-091253-min.png 1870w" sizes="(max-width: 1024px) 100vw, 1024px" /></a></figure>
</div>


<div class="wp-block-group etape"><div class="wp-block-group__inner-container is-layout-flow wp-block-group-is-layout-flow">
<p></p>



<h2 class="wp-block-heading special" id="idee">Idee</h2>



<h3 class="wp-block-heading">Ein ungewöhnliches Kooperationsmodell: Wenn Solarenergie Unternehmen zusammenbringt</h3>



<p>Pionier der Energiewende in Luxemburg: Winzer Nicolas Gloden hat den Schritt gewagt und seine eigene Energiegemeinschaft gegründet.</p>



<p>Durch die Installation mehrerer Photovoltaikanlagen und die Gründung eines Vereins (ASBL) schafft er ein nachhaltiges Netzwerk. Dieses ermöglicht den direkten Austausch von lokal erzeugtem Strom mit unterschiedlichen Nutzern in anderen Regionen des Landes zu nutzen, zum Beispiel mit dem Hotel Belle Vue in Vianden, das überschüssige Energie abnimmt. So werden Ressourcen optimal genutzt, Kosten gesenkt und die regionale Wertschöpfung gestärkt.</p>



<p></p>
</div></div>



<div class="wp-block-group etape"><div class="wp-block-group__inner-container is-layout-flow wp-block-group-is-layout-flow">
<h2 class="wp-block-heading special" id="conception">Design</h2>



<h3 class="wp-block-heading">Planung, Partnerschaft und Produktion: Die Schlüssel zum Projekt</h3>



<ul class="wp-block-list">
<li><strong>Recherche und Begleitung:</strong> Nicolas Gloden nahm an Informationsveranstaltungen von Klima-Agence teil und informierte sich weiter über deren Informationsplattform, wie die Umsetzung ablaufen soll.</li>



<li><strong>Vernetzung:</strong> Partnerschaft mit dem Hotel Belle Vue in Vianden zum Verkauf überschüssigen Stroms, wodurch Ressourcen zwischen den Partnerunternehmen verteilt werden können.</li>



<li><strong>Infrastruktur:</strong> Die erste Photovoltaikanlage wurde im Juli 2024 an nur einem Tag installiert.</li>
</ul>



<p></p>
</div></div>



<div class="wp-block-group etape"><div class="wp-block-group__inner-container is-layout-flow wp-block-group-is-layout-flow">
<h2 class="wp-block-heading special" id="mise-oeuvre">Umsetzung</h2>



<h3 class="wp-block-heading">Formalisierung und Regulierung: Die Gemeinschaft wird Realität</h3>



<ul class="wp-block-list">
<li><strong>Gründung eines Vereins (ASBL) </strong>zur offiziellen Anerkennung der Energiegemeinschaft.</li>



<li><strong>Schnelle Projektgenehmigung </strong>durch das ILR (Institut Luxembourgeois de Régulation).</li>



<li><strong>Einrichtung einer nationalen Stromtauschgruppe,</strong> die den direkten Austausch von Strom zwischen den Mitgliedern ermöglicht.</li>
</ul>



<p></p>
</div></div>



<div class="wp-block-group etape"><div class="wp-block-group__inner-container is-layout-flow wp-block-group-is-layout-flow">
<h2 class="wp-block-heading special" id="resultat">Resultat</h2>



<h3 class="wp-block-heading">Ein inspirierendes Beispiel für die Energiewende</h3>



<p>Der Weg von Nicolas Gloden zeigt: Mit der richtigen Unterstützung können auch Landwirte und Winzer aktiv an der Energiewende teilnehmen. Jede lokal produzierte Kilowattstunde trägt sinnvoll zur Energiezukunft Luxemburgs bei.</p>



<p></p>
</div></div>



<p></p>
