{"id":1477,"date":"2023-07-17T16:12:34","date_gmt":"2023-07-17T14:12:34","guid":{"rendered":"https:\/\/dev.klimapaktfirbetriber.lu\/cas-pratiques\/optimisation-de-leclairage-a-la-menuiserie-becker\/"},"modified":"2024-02-26T15:22:37","modified_gmt":"2024-02-26T14:22:37","slug":"relamping-bei-der-schreinerei-becker","status":"publish","type":"cas-pratiques","link":"https:\/\/dev.klimapaktfirbetriber.lu\/de\/praxisbeispiele\/relamping-bei-der-schreinerei-becker\/","title":{"rendered":"\u201eRelamping\u201c bei der Schreinerei Becker"},"content":{"rendered":"\n<div class=\"wp-block-group has-light-green-background-color has-background\"><div class=\"wp-block-group__inner-container is-layout-constrained wp-block-group-is-layout-constrained\">\n<h2 class=\"wp-block-heading\">Profil des Unternehmens<\/h2>\n\n\n\n<p>Die Schreinerei Arnold Becker S.\u00e0.r.l. mit ihren rund 22 Mitarbeitern befindet sich im Industriegebiet von Echternach. Das Unternehmen plant, produziert und montiert Fenster, T\u00fcren, Treppen, M\u00f6bel und K\u00fcchen aus eigener Herstellung.<\/p>\n\n\n\n<p>Die Schreinerei ist st\u00e4ndig bem\u00fcht den CO2-Fu\u00dfabdruck zu senken und aus betriebswirtschaftlicher Sicht die nicht unerheblichen Energiekosten zu verringern und somit weiterhin konkurrenzf\u00e4hig zu produzieren.<\/p>\n<\/div><\/div>\n\n\n\n<div class=\"wp-block-group etape\"><div class=\"wp-block-group__inner-container is-layout-flow wp-block-group-is-layout-flow\">\n<h2 class=\"wp-block-heading special\" id=\"idee\">Idee<\/h2>\n\n\n\n<h3 class=\"wp-block-heading\">Austausch der Beleuchtung<\/h3>\n\n\n\n<p>Die Gesch\u00e4ftsleitung der Schreinerei hat den Entschluss getroffen, ein \u201eRelamping\u201c, am gesamten Unternehmensstandort durchzuf\u00fchren, bestehend aus den Produktionshallen, dem Showroom und dem Verwaltungsbereich. Dabei wird die gesamte Beleuchtung, die haupts\u00e4chlich aus Leuchtstoffr\u00f6hren bestand, durch LED-Leuchtmittel ersetzt, ohne die Leuchteinheiten an sich zu ersetzen.<\/p>\n<\/div><\/div>\n\n\n\n<div class=\"wp-block-group etape\"><div class=\"wp-block-group__inner-container is-layout-flow wp-block-group-is-layout-flow\">\n<h2 class=\"wp-block-heading special\" id=\"conception\">Design<\/h2>\n\n\n\n<h3 class=\"wp-block-heading\"><strong>Austausch mit der Chambre des M\u00e9tiers<\/strong><\/h3>\n\n\n\n<p>\u201eDurch die Newsletter der Chambre des M\u00e9tiers, wurden wir auf das finanzielle Hilfsprogramm <strong>SME-Package Sustainability<\/strong> aufmerksam. Nach R\u00fccksprache mit den Verantwortlichen der Chambre des M\u00e9tiers wurde im Austausch mit uns ein Antrag auf F\u00f6rderung erstellt\u201c, erkl\u00e4rt Simon Becker von Arnold Becker S.\u00e0.r.l.. Darauf folgte recht schnell die Empfangsbescheinigung des Pauschalzuschusses und der Schreinerbetrieb konnte anschlie\u00dfend den Auftrag zur Umsetzung vergeben.<\/p>\n<\/div><\/div>\n\n\n\n<div class=\"wp-block-group etape\"><div class=\"wp-block-group__inner-container is-layout-flow wp-block-group-is-layout-flow\">\n<h2 class=\"wp-block-heading special\" id=\"mise-oeuvre\">Umsetzung<\/h2>\n\n\n\n<h3 class=\"wp-block-heading\">Umr\u00fcstung der Beleuchtung auf LED-Leuchtmittel<\/h3>\n\n\n\n<p>F\u00fcr die Umsetzung des \u201eRelamping\u201c nutzte die Schreinerei die unternehmenseigene Hebeb\u00fchne, dadurch konnte die Umr\u00fcstung der Beleuchtung auf LED-Leuchtmittel innerhalb von zwei Wochen stattfinden und konnte ohne nennenswerte Probleme durchgef\u00fchrt werden. Laut Angaben von Herrn Becker, dauerte das gesamte Projekt von der Idee \u00fcber die Ausf\u00fchrung rund drei Monate.<\/p>\n<\/div><\/div>\n\n\n\n<div class=\"wp-block-group etape\"><div class=\"wp-block-group__inner-container is-layout-flow wp-block-group-is-layout-flow\">\n<h2 class=\"wp-block-heading special\" id=\"resultat\">Ergebnisse<\/h2>\n\n\n\n<h3 class=\"wp-block-heading\"><strong>Einsparungen in der Stromabrechnung<\/strong><\/h3>\n\n\n\n<p>Die Einsparungen spiegeln sich noch nicht in der Stromabrechnung wider, jedoch wurde vom beauftragten Unternehmen eine j\u00e4hrliche Einsparung von rund 27.000 kWh vorgerechnet. R\u00fcckblickend ist die Umsetzung einer solchen Ma\u00dfnahme sehr zu empfehlen, da sie kosteng\u00fcnstig ist und mit der erl\u00e4uterten finanziellen Unterst\u00fctzung eine geringe Amortisationszeit aufweist. Weitere Vorteile des Relampings sind zum einen die lange Lebensdauer der Lichtquelle, wodurch die Austauschfrequenz und der damit verbundene Aufwand reduziert werden k\u00f6nnen. <\/p>\n\n\n\n<p>Andererseits erm\u00f6glicht die LED-Technik im Gegensatz zu Leuchtstoffr\u00f6hren, dass die Lichtintensit\u00e4t in den Produktionshallen bei niedrigeren Temperaturen nicht verringert wird und somit die Arbeitsvoraussetzungen verbessert werden.<\/p>\n<\/div><\/div>\n\n\n\n<figure class=\"wp-block-gallery has-nested-images columns-default is-cropped wp-block-gallery-1 is-layout-flex wp-block-gallery-is-layout-flex\">\n<figure class=\"wp-block-image size-large\"><img decoding=\"async\" width=\"1024\" height=\"576\" data-id=\"1061\" src=\"https:\/\/dev.klimapaktfirbetriber.lu\/wp-content\/uploads\/2023\/07\/VideoCapture_20230524-132605-1024x576.jpg\" alt=\"\" class=\"wp-image-1061\" srcset=\"https:\/\/dev.klimapaktfirbetriber.lu\/wp-content\/uploads\/2023\/07\/VideoCapture_20230524-132605-1024x576.jpg 1024w, https:\/\/dev.klimapaktfirbetriber.lu\/wp-content\/uploads\/2023\/07\/VideoCapture_20230524-132605-300x169.jpg 300w, https:\/\/dev.klimapaktfirbetriber.lu\/wp-content\/uploads\/2023\/07\/VideoCapture_20230524-132605-768x432.jpg 768w, https:\/\/dev.klimapaktfirbetriber.lu\/wp-content\/uploads\/2023\/07\/VideoCapture_20230524-132605-1536x864.jpg 1536w, https:\/\/dev.klimapaktfirbetriber.lu\/wp-content\/uploads\/2023\/07\/VideoCapture_20230524-132605.jpg 1920w\" sizes=\"(max-width: 1024px) 100vw, 1024px\" \/><figcaption class=\"wp-element-caption\">Schreinerei Becker<\/figcaption><\/figure>\n\n\n\n<figure class=\"wp-block-image size-large\"><img decoding=\"async\" width=\"1024\" height=\"768\" data-id=\"1058\" src=\"https:\/\/dev.klimapaktfirbetriber.lu\/wp-content\/uploads\/2023\/07\/IMG_0678-1024x768.jpeg\" alt=\"\" class=\"wp-image-1058\" srcset=\"https:\/\/dev.klimapaktfirbetriber.lu\/wp-content\/uploads\/2023\/07\/IMG_0678-1024x768.jpeg 1024w, https:\/\/dev.klimapaktfirbetriber.lu\/wp-content\/uploads\/2023\/07\/IMG_0678-300x225.jpeg 300w, https:\/\/dev.klimapaktfirbetriber.lu\/wp-content\/uploads\/2023\/07\/IMG_0678-768x576.jpeg 768w, https:\/\/dev.klimapaktfirbetriber.lu\/wp-content\/uploads\/2023\/07\/IMG_0678-1536x1152.jpeg 1536w, https:\/\/dev.klimapaktfirbetriber.lu\/wp-content\/uploads\/2023\/07\/IMG_0678.jpeg 2048w\" sizes=\"(max-width: 1024px) 100vw, 1024px\" \/><figcaption class=\"wp-element-caption\">Showroom<\/figcaption><\/figure>\n\n\n\n<figure class=\"wp-block-image size-large\"><img decoding=\"async\" width=\"768\" height=\"1024\" data-id=\"1055\" src=\"https:\/\/dev.klimapaktfirbetriber.lu\/wp-content\/uploads\/2023\/07\/IMG_0676-768x1024.jpeg\" alt=\"\" class=\"wp-image-1055\" srcset=\"https:\/\/dev.klimapaktfirbetriber.lu\/wp-content\/uploads\/2023\/07\/IMG_0676-768x1024.jpeg 768w, https:\/\/dev.klimapaktfirbetriber.lu\/wp-content\/uploads\/2023\/07\/IMG_0676-225x300.jpeg 225w, https:\/\/dev.klimapaktfirbetriber.lu\/wp-content\/uploads\/2023\/07\/IMG_0676-1152x1536.jpeg 1152w, https:\/\/dev.klimapaktfirbetriber.lu\/wp-content\/uploads\/2023\/07\/IMG_0676.jpeg 1536w\" sizes=\"(max-width: 768px) 100vw, 768px\" \/><figcaption class=\"wp-element-caption\">Showroom<\/figcaption><\/figure>\n\n\n\n<figure class=\"wp-block-image size-large\"><img decoding=\"async\" width=\"1024\" height=\"768\" data-id=\"1049\" src=\"https:\/\/dev.klimapaktfirbetriber.lu\/wp-content\/uploads\/2023\/07\/IMG_0674-1024x768.jpeg\" alt=\"\" class=\"wp-image-1049\" srcset=\"https:\/\/dev.klimapaktfirbetriber.lu\/wp-content\/uploads\/2023\/07\/IMG_0674-1024x768.jpeg 1024w, https:\/\/dev.klimapaktfirbetriber.lu\/wp-content\/uploads\/2023\/07\/IMG_0674-300x225.jpeg 300w, https:\/\/dev.klimapaktfirbetriber.lu\/wp-content\/uploads\/2023\/07\/IMG_0674-768x576.jpeg 768w, https:\/\/dev.klimapaktfirbetriber.lu\/wp-content\/uploads\/2023\/07\/IMG_0674-1536x1152.jpeg 1536w, https:\/\/dev.klimapaktfirbetriber.lu\/wp-content\/uploads\/2023\/07\/IMG_0674.jpeg 2048w\" sizes=\"(max-width: 1024px) 100vw, 1024px\" \/><figcaption class=\"wp-element-caption\">Halles de production<\/figcaption><\/figure>\n<\/figure>\n\n\n\n<p><\/p>\n","protected":false},"featured_media":1544,"template":"","thematique":[91],"class_list":["post-1477","cas-pratiques","type-cas-pratiques","status-publish","has-post-thumbnail","hentry","thematique-energie-de"],"acf":[],"_links":{"self":[{"href":"https:\/\/dev.klimapaktfirbetriber.lu\/de\/wp-json\/wp\/v2\/cas-pratiques\/1477","targetHints":{"allow":["GET"]}}],"collection":[{"href":"https:\/\/dev.klimapaktfirbetriber.lu\/de\/wp-json\/wp\/v2\/cas-pratiques"}],"about":[{"href":"https:\/\/dev.klimapaktfirbetriber.lu\/de\/wp-json\/wp\/v2\/types\/cas-pratiques"}],"version-history":[{"count":2,"href":"https:\/\/dev.klimapaktfirbetriber.lu\/de\/wp-json\/wp\/v2\/cas-pratiques\/1477\/revisions"}],"predecessor-version":[{"id":3153,"href":"https:\/\/dev.klimapaktfirbetriber.lu\/de\/wp-json\/wp\/v2\/cas-pratiques\/1477\/revisions\/3153"}],"wp:featuredmedia":[{"embeddable":true,"href":"https:\/\/dev.klimapaktfirbetriber.lu\/de\/wp-json\/wp\/v2\/media\/1544"}],"wp:attachment":[{"href":"https:\/\/dev.klimapaktfirbetriber.lu\/de\/wp-json\/wp\/v2\/media?parent=1477"}],"wp:term":[{"taxonomy":"thematique","embeddable":true,"href":"https:\/\/dev.klimapaktfirbetriber.lu\/de\/wp-json\/wp\/v2\/thematique?post=1477"}],"curies":[{"name":"wp","href":"https:\/\/api.w.org\/{rel}","templated":true}]}}

<div class="wp-block-group has-light-green-background-color has-background"><div class="wp-block-group__inner-container is-layout-constrained wp-block-group-is-layout-constrained">
<h2 class="wp-block-heading">Profil des Unternehmens</h2>



<p>Die Schreinerei Arnold Becker S.à.r.l. mit ihren rund 22 Mitarbeitern befindet sich im Industriegebiet von Echternach. Das Unternehmen plant, produziert und montiert Fenster, Türen, Treppen, Möbel und Küchen aus eigener Herstellung.</p>



<p>Die Schreinerei ist ständig bemüht den CO2-Fußabdruck zu senken und aus betriebswirtschaftlicher Sicht die nicht unerheblichen Energiekosten zu verringern und somit weiterhin konkurrenzfähig zu produzieren.</p>
</div></div>



<div class="wp-block-group etape"><div class="wp-block-group__inner-container is-layout-flow wp-block-group-is-layout-flow">
<h2 class="wp-block-heading special" id="idee">Idee</h2>



<h3 class="wp-block-heading">Austausch der Beleuchtung</h3>



<p>Die Geschäftsleitung der Schreinerei hat den Entschluss getroffen, ein „Relamping“, am gesamten Unternehmensstandort durchzuführen, bestehend aus den Produktionshallen, dem Showroom und dem Verwaltungsbereich. Dabei wird die gesamte Beleuchtung, die hauptsächlich aus Leuchtstoffröhren bestand, durch LED-Leuchtmittel ersetzt, ohne die Leuchteinheiten an sich zu ersetzen.</p>
</div></div>



<div class="wp-block-group etape"><div class="wp-block-group__inner-container is-layout-flow wp-block-group-is-layout-flow">
<h2 class="wp-block-heading special" id="conception">Design</h2>



<h3 class="wp-block-heading"><strong>Austausch mit der Chambre des Métiers</strong></h3>



<p>„Durch die Newsletter der Chambre des Métiers, wurden wir auf das finanzielle Hilfsprogramm <strong>SME-Package Sustainability</strong> aufmerksam. Nach Rücksprache mit den Verantwortlichen der Chambre des Métiers wurde im Austausch mit uns ein Antrag auf Förderung erstellt“, erklärt Simon Becker von Arnold Becker S.à.r.l.. Darauf folgte recht schnell die Empfangsbescheinigung des Pauschalzuschusses und der Schreinerbetrieb konnte anschließend den Auftrag zur Umsetzung vergeben.</p>
</div></div>



<div class="wp-block-group etape"><div class="wp-block-group__inner-container is-layout-flow wp-block-group-is-layout-flow">
<h2 class="wp-block-heading special" id="mise-oeuvre">Umsetzung</h2>



<h3 class="wp-block-heading">Umrüstung der Beleuchtung auf LED-Leuchtmittel</h3>



<p>Für die Umsetzung des „Relamping“ nutzte die Schreinerei die unternehmenseigene Hebebühne, dadurch konnte die Umrüstung der Beleuchtung auf LED-Leuchtmittel innerhalb von zwei Wochen stattfinden und konnte ohne nennenswerte Probleme durchgeführt werden. Laut Angaben von Herrn Becker, dauerte das gesamte Projekt von der Idee über die Ausführung rund drei Monate.</p>
</div></div>



<div class="wp-block-group etape"><div class="wp-block-group__inner-container is-layout-flow wp-block-group-is-layout-flow">
<h2 class="wp-block-heading special" id="resultat">Ergebnisse</h2>



<h3 class="wp-block-heading"><strong>Einsparungen in der Stromabrechnung</strong></h3>



<p>Die Einsparungen spiegeln sich noch nicht in der Stromabrechnung wider, jedoch wurde vom beauftragten Unternehmen eine jährliche Einsparung von rund 27.000 kWh vorgerechnet. Rückblickend ist die Umsetzung einer solchen Maßnahme sehr zu empfehlen, da sie kostengünstig ist und mit der erläuterten finanziellen Unterstützung eine geringe Amortisationszeit aufweist. Weitere Vorteile des Relampings sind zum einen die lange Lebensdauer der Lichtquelle, wodurch die Austauschfrequenz und der damit verbundene Aufwand reduziert werden können. </p>



<p>Andererseits ermöglicht die LED-Technik im Gegensatz zu Leuchtstoffröhren, dass die Lichtintensität in den Produktionshallen bei niedrigeren Temperaturen nicht verringert wird und somit die Arbeitsvoraussetzungen verbessert werden.</p>
</div></div>



<figure class="wp-block-gallery has-nested-images columns-default is-cropped wp-block-gallery-1 is-layout-flex wp-block-gallery-is-layout-flex">
<figure class="wp-block-image size-large"><img decoding="async" width="1024" height="576" data-id="1061" src="https://dev.klimapaktfirbetriber.lu/wp-content/uploads/2023/07/VideoCapture_20230524-132605-1024x576.jpg" alt="" class="wp-image-1061" srcset="https://dev.klimapaktfirbetriber.lu/wp-content/uploads/2023/07/VideoCapture_20230524-132605-1024x576.jpg 1024w, https://dev.klimapaktfirbetriber.lu/wp-content/uploads/2023/07/VideoCapture_20230524-132605-300x169.jpg 300w, https://dev.klimapaktfirbetriber.lu/wp-content/uploads/2023/07/VideoCapture_20230524-132605-768x432.jpg 768w, https://dev.klimapaktfirbetriber.lu/wp-content/uploads/2023/07/VideoCapture_20230524-132605-1536x864.jpg 1536w, https://dev.klimapaktfirbetriber.lu/wp-content/uploads/2023/07/VideoCapture_20230524-132605.jpg 1920w" sizes="(max-width: 1024px) 100vw, 1024px" /><figcaption class="wp-element-caption">Schreinerei Becker</figcaption></figure>



<figure class="wp-block-image size-large"><img decoding="async" width="1024" height="768" data-id="1058" src="https://dev.klimapaktfirbetriber.lu/wp-content/uploads/2023/07/IMG_0678-1024x768.jpeg" alt="" class="wp-image-1058" srcset="https://dev.klimapaktfirbetriber.lu/wp-content/uploads/2023/07/IMG_0678-1024x768.jpeg 1024w, https://dev.klimapaktfirbetriber.lu/wp-content/uploads/2023/07/IMG_0678-300x225.jpeg 300w, https://dev.klimapaktfirbetriber.lu/wp-content/uploads/2023/07/IMG_0678-768x576.jpeg 768w, https://dev.klimapaktfirbetriber.lu/wp-content/uploads/2023/07/IMG_0678-1536x1152.jpeg 1536w, https://dev.klimapaktfirbetriber.lu/wp-content/uploads/2023/07/IMG_0678.jpeg 2048w" sizes="(max-width: 1024px) 100vw, 1024px" /><figcaption class="wp-element-caption">Showroom</figcaption></figure>



<figure class="wp-block-image size-large"><img decoding="async" width="768" height="1024" data-id="1055" src="https://dev.klimapaktfirbetriber.lu/wp-content/uploads/2023/07/IMG_0676-768x1024.jpeg" alt="" class="wp-image-1055" srcset="https://dev.klimapaktfirbetriber.lu/wp-content/uploads/2023/07/IMG_0676-768x1024.jpeg 768w, https://dev.klimapaktfirbetriber.lu/wp-content/uploads/2023/07/IMG_0676-225x300.jpeg 225w, https://dev.klimapaktfirbetriber.lu/wp-content/uploads/2023/07/IMG_0676-1152x1536.jpeg 1152w, https://dev.klimapaktfirbetriber.lu/wp-content/uploads/2023/07/IMG_0676.jpeg 1536w" sizes="(max-width: 768px) 100vw, 768px" /><figcaption class="wp-element-caption">Showroom</figcaption></figure>



<figure class="wp-block-image size-large"><img decoding="async" width="1024" height="768" data-id="1049" src="https://dev.klimapaktfirbetriber.lu/wp-content/uploads/2023/07/IMG_0674-1024x768.jpeg" alt="" class="wp-image-1049" srcset="https://dev.klimapaktfirbetriber.lu/wp-content/uploads/2023/07/IMG_0674-1024x768.jpeg 1024w, https://dev.klimapaktfirbetriber.lu/wp-content/uploads/2023/07/IMG_0674-300x225.jpeg 300w, https://dev.klimapaktfirbetriber.lu/wp-content/uploads/2023/07/IMG_0674-768x576.jpeg 768w, https://dev.klimapaktfirbetriber.lu/wp-content/uploads/2023/07/IMG_0674-1536x1152.jpeg 1536w, https://dev.klimapaktfirbetriber.lu/wp-content/uploads/2023/07/IMG_0674.jpeg 2048w" sizes="(max-width: 1024px) 100vw, 1024px" /><figcaption class="wp-element-caption">Halles de production</figcaption></figure>
</figure>



<p></p>
